{"id":1154,"date":"2022-04-22T00:36:36","date_gmt":"2022-04-21T22:36:36","guid":{"rendered":"https:\/\/patrimoine.lamayenne.fr\/jublains\/?post_type=evenements&#038;p=1154"},"modified":"2022-08-05T15:20:30","modified_gmt":"2022-08-05T13:20:30","slug":"journees-romaines","status":"publish","type":"evenements","link":"https:\/\/patrimoine.lamayenne.fr\/jublains\/evenements\/journees-romaines\/","title":{"rendered":"Journ\u00e9es romaines"},"content":{"rendered":"\n<p><em>Avec la troupe LUGDUNUM ANTICA<\/em><\/p>\n\n\n\n<p><strong>Lugdunum Antica est une association d\u2019arch\u00e9ologie vivante implant\u00e9e \u00e0 Lyon. La troupe, d\u00e9j\u00e0 venue \u00e0 Jublains en 2019 lors des Romains dans la Ville, installe ses quartiers dans la forteresse antique.<\/strong><\/p>\n\n\n\n<p>Dans ce campement du 1er si\u00e8cle de notre \u00e8re, d\u00e9couvrez la caupona, une taverne romaine enti\u00e8rement meubl\u00e9e et d\u00e9cor\u00e9e. D\u00e9gustez des vins romains (vins miell\u00e9s aux \u00e9pices), des mets antiques et exercez-vous aux jeux de plateaux que pratiquaient les l\u00e9gionnaires. Explorez le jardin d\u2019agr\u00e9ment pourvu de bassins et de statues en bronze, allongez-vous sur le triclinium, cette fameuse banquette en forme de U o\u00f9 les Romains prenaient leur repas.<\/p>\n\n\n\n<p><em><mark style=\"background-color:rgba(0, 0, 0, 0)\" class=\"has-inline-color has-rouge-color\">Samedi 13 et dimanche 14 ao\u00fbt<br>Tout public<\/mark><\/em><\/p>\n\n\n\n<figure class=\"wp-block-image size-full\"><img decoding=\"async\" data-src=\"https:\/\/patrimoine.lamayenne.fr\/jublains\/wp-content\/uploads\/2022\/04\/Lugdunum-Antica-4.jpg\" alt=\"\" class=\"wp-image-1689 lazyload\" src=\"data:image\/svg+xml;base64,PHN2ZyB3aWR0aD0iMSIgaGVpZ2h0PSIxIiB4bWxucz0iaHR0cDovL3d3dy53My5vcmcvMjAwMC9zdmciPjwvc3ZnPg==\" \/><\/figure>\n\n\n\n<p><strong>\u2022 Visite du campement install\u00e9 dans la forteresse antique<\/strong><br><em><mark style=\"background-color:rgba(0, 0, 0, 0)\" class=\"has-inline-color has-rouge-color\">Aux horaires du mus\u00e9e<\/mark><\/em><\/p>\n\n\n\n<p><strong>\u2022 C\u00e9r\u00e9monie des Auspices<\/strong><br><em>Sayn\u00e8te interactive<\/em><br>L\u2019Augure pratique cette c\u00e9r\u00e9monie qui remonte aux origines de Rome, avec une interpr\u00e9tation des signes divins, en concertation avec le public.<\/p>\n\n\n\n<p><em><mark style=\"background-color:rgba(0, 0, 0, 0)\" class=\"has-inline-color has-rouge-color\">Samedi \u00e0 14h30<br>Dimanche \u00e0 11h et 16h<br>Dur\u00e9e 30 minutes<\/mark><\/em><\/p>\n\n\n\n<p><strong>\u2022 D\u00e9fil\u00e9 de mode gallo-romain<\/strong><br>Pr\u00e9sentation p\u00e9dagogique des costumes des diff\u00e9rentes classes sociales de l\u2019\u00e9poque, de l\u2019esclave au s\u00e9nateur.<\/p>\n\n\n\n<p><em><mark style=\"background-color:rgba(0, 0, 0, 0)\" class=\"has-inline-color has-rouge-color\">Samedi \u00e0 15h30<br>Dimanche \u00e0 14h30 et 17h<br>Dur\u00e9e 40 minutes<\/mark><\/em><\/p>\n","protected":false},"featured_media":0,"template":"","meta":{"_acf_changed":false,"footnotes":""},"evt_type":[12,6,7],"class_list":["post-1154","evenements","type-evenements","status-publish","hentry","evt_type-animations","evt_type-spectacles","evt_type-visites"],"acf":{"titre":"JOURN\u00c9ES ROMAINES","sous_titre":"","mention":"","date_debut":"20220813","date_fin":"20220814","heure_debut":"","minutes_debut":"","heure_fin":"","minutes_fin":"","tarifs":"Entr\u00e9e du mus\u00e9e","public":"all","lieu":"Mus\u00e9e de Jublains","handicap":"none"},"yoast_head":"<!-- This site is optimized with the Yoast SEO plugin v25.8 - https:\/\/yoast.com\/wordpress\/plugins\/seo\/ -->\n<title>Journ\u00e9es romaines - Jublains<\/title>\n<meta name=\"robots\" content=\"index, follow, max-snippet:-1, max-image-preview:large, max-video-preview:-1\" \/>\n<link rel=\"canonical\" href=\"https:\/\/patrimoine.lamayenne.fr\/jublains\/evenements\/journees-romaines\/\" \/>\n<meta name=\"twitter:card\" content=\"summary_large_image\" \/>\n<meta name=\"twitter:title\" content=\"Journ\u00e9es romaines - Jublains\" \/>\n<meta name=\"twitter:description\" content=\"Avec la troupe LUGDUNUM ANTICA Lugdunum Antica est une association d\u2019arch\u00e9ologie vivante implant\u00e9e \u00e0 Lyon. La troupe, d\u00e9j\u00e0 venue \u00e0 Jublains en 2019 lors des Romains dans la Ville, installe ses quartiers dans la forteresse antique. Dans ce campement du 1er si\u00e8cle de notre \u00e8re, d\u00e9couvrez la caupona, une taverne romaine enti\u00e8rement meubl\u00e9e et d\u00e9cor\u00e9e. [&hellip;]\" \/>\n<meta name=\"twitter:site\" content=\"@lamayenne\" \/>\n<meta name=\"twitter:label1\" content=\"Dur\u00e9e de lecture estim\u00e9e\" \/>\n\t<meta name=\"twitter:data1\" content=\"2 minutes\" \/>\n<script type=\"application\/ld+json\" class=\"yoast-schema-graph\">{\"@context\":\"https:\/\/schema.org\",\"@graph\":[{\"@type\":\"WebPage\",\"@id\":\"https:\/\/patrimoine.lamayenne.fr\/jublains\/evenements\/journees-romaines\/\",\"url\":\"https:\/\/patrimoine.lamayenne.fr\/jublains\/evenements\/journees-romaines\/\",\"name\":\"Journ\u00e9es romaines - Jublains\",\"isPartOf\":{\"@id\":\"https:\/\/patrimoine.lamayenne.fr\/jublains\/#website\"},\"primaryImageOfPage\":{\"@id\":\"https:\/\/patrimoine.lamayenne.fr\/jublains\/evenements\/journees-romaines\/#primaryimage\"},\"image\":{\"@id\":\"https:\/\/patrimoine.lamayenne.fr\/jublains\/evenements\/journees-romaines\/#primaryimage\"},\"thumbnailUrl\":\"https:\/\/patrimoine.lamayenne.fr\/jublains\/wp-content\/uploads\/2022\/04\/Lugdunum-Antica-4.jpg\",\"datePublished\":\"2022-04-21T22:36:36+00:00\",\"dateModified\":\"2022-08-05T13:20:30+00:00\",\"breadcrumb\":{\"@id\":\"https:\/\/patrimoine.lamayenne.fr\/jublains\/evenements\/journees-romaines\/#breadcrumb\"},\"inLanguage\":\"fr-FR\",\"potentialAction\":[{\"@type\":\"ReadAction\",\"target\":[\"https:\/\/patrimoine.lamayenne.fr\/jublains\/evenements\/journees-romaines\/\"]}]},{\"@type\":\"ImageObject\",\"inLanguage\":\"fr-FR\",\"@id\":\"https:\/\/patrimoine.lamayenne.fr\/jublains\/evenements\/journees-romaines\/#primaryimage\",\"url\":\"\",\"contentUrl\":\"\"},{\"@type\":\"BreadcrumbList\",\"@id\":\"https:\/\/patrimoine.lamayenne.fr\/jublains\/evenements\/journees-romaines\/#breadcrumb\",\"itemListElement\":[{\"@type\":\"ListItem\",\"position\":1,\"name\":\"Accueil\",\"item\":\"https:\/\/patrimoine.lamayenne.fr\/jublains\/\"},{\"@type\":\"ListItem\",\"position\":2,\"name\":\"Journ\u00e9es romaines\"}]},{\"@type\":\"WebSite\",\"@id\":\"https:\/\/patrimoine.lamayenne.fr\/jublains\/#website\",\"url\":\"https:\/\/patrimoine.lamayenne.fr\/jublains\/\",\"name\":\"Jublains\",\"description\":\"\",\"publisher\":{\"@id\":\"https:\/\/patrimoine.lamayenne.fr\/jublains\/#organization\"},\"potentialAction\":[{\"@type\":\"SearchAction\",\"target\":{\"@type\":\"EntryPoint\",\"urlTemplate\":\"https:\/\/patrimoine.lamayenne.fr\/jublains\/?s={search_term_string}\"},\"query-input\":{\"@type\":\"PropertyValueSpecification\",\"valueRequired\":true,\"valueName\":\"search_term_string\"}}],\"inLanguage\":\"fr-FR\"},{\"@type\":\"Organization\",\"@id\":\"https:\/\/patrimoine.lamayenne.fr\/jublains\/#organization\",\"name\":\"Jublains\",\"url\":\"https:\/\/patrimoine.lamayenne.fr\/jublains\/\",\"logo\":{\"@type\":\"ImageObject\",\"inLanguage\":\"fr-FR\",\"@id\":\"https:\/\/patrimoine.lamayenne.fr\/jublains\/#\/schema\/logo\/image\/\",\"url\":\"https:\/\/patrimoine.lamayenne.fr\/jublains\/wp-content\/uploads\/2022\/04\/logos_jublains_quadri.svg\",\"contentUrl\":\"https:\/\/patrimoine.lamayenne.fr\/jublains\/wp-content\/uploads\/2022\/04\/logos_jublains_quadri.svg\",\"width\":1,\"height\":1,\"caption\":\"Jublains\"},\"image\":{\"@id\":\"https:\/\/patrimoine.lamayenne.fr\/jublains\/#\/schema\/logo\/image\/\"},\"sameAs\":[\"https:\/\/www.facebook.com\/departement.lamayenne\",\"https:\/\/x.com\/lamayenne\",\"https:\/\/www.instagram.com\/la.mayenne\/\",\"https:\/\/www.youtube.com\/user\/LaMayenneTV\"]}]}<\/script>\n<!-- \/ Yoast SEO plugin. -->","yoast_head_json":{"title":"Journ\u00e9es romaines - Jublains","robots":{"index":"index","follow":"follow","max-snippet":"max-snippet:-1","max-image-preview":"max-image-preview:large","max-video-preview":"max-video-preview:-1"},"canonical":"https:\/\/patrimoine.lamayenne.fr\/jublains\/evenements\/journees-romaines\/","twitter_card":"summary_large_image","twitter_title":"Journ\u00e9es romaines - Jublains","twitter_description":"Avec la troupe LUGDUNUM ANTICA Lugdunum Antica est une association d\u2019arch\u00e9ologie vivante implant\u00e9e \u00e0 Lyon. La troupe, d\u00e9j\u00e0 venue \u00e0 Jublains en 2019 lors des Romains dans la Ville, installe ses quartiers dans la forteresse antique. Dans ce campement du 1er si\u00e8cle de notre \u00e8re, d\u00e9couvrez la caupona, une taverne romaine enti\u00e8rement meubl\u00e9e et d\u00e9cor\u00e9e. [&hellip;]","twitter_site":"@lamayenne","twitter_misc":{"Dur\u00e9e de lecture estim\u00e9e":"2 minutes"},"schema":{"@context":"https:\/\/schema.org","@graph":[{"@type":"WebPage","@id":"https:\/\/patrimoine.lamayenne.fr\/jublains\/evenements\/journees-romaines\/","url":"https:\/\/patrimoine.lamayenne.fr\/jublains\/evenements\/journees-romaines\/","name":"Journ\u00e9es romaines - Jublains","isPartOf":{"@id":"https:\/\/patrimoine.lamayenne.fr\/jublains\/#website"},"primaryImageOfPage":{"@id":"https:\/\/patrimoine.lamayenne.fr\/jublains\/evenements\/journees-romaines\/#primaryimage"},"image":{"@id":"https:\/\/patrimoine.lamayenne.fr\/jublains\/evenements\/journees-romaines\/#primaryimage"},"thumbnailUrl":"https:\/\/patrimoine.lamayenne.fr\/jublains\/wp-content\/uploads\/2022\/04\/Lugdunum-Antica-4.jpg","datePublished":"2022-04-21T22:36:36+00:00","dateModified":"2022-08-05T13:20:30+00:00","breadcrumb":{"@id":"https:\/\/patrimoine.lamayenne.fr\/jublains\/evenements\/journees-romaines\/#breadcrumb"},"inLanguage":"fr-FR","potentialAction":[{"@type":"ReadAction","target":["https:\/\/patrimoine.lamayenne.fr\/jublains\/evenements\/journees-romaines\/"]}]},{"@type":"ImageObject","inLanguage":"fr-FR","@id":"https:\/\/patrimoine.lamayenne.fr\/jublains\/evenements\/journees-romaines\/#primaryimage","url":"","contentUrl":""},{"@type":"BreadcrumbList","@id":"https:\/\/patrimoine.lamayenne.fr\/jublains\/evenements\/journees-romaines\/#breadcrumb","itemListElement":[{"@type":"ListItem","position":1,"name":"Accueil","item":"https:\/\/patrimoine.lamayenne.fr\/jublains\/"},{"@type":"ListItem","position":2,"name":"Journ\u00e9es romaines"}]},{"@type":"WebSite","@id":"https:\/\/patrimoine.lamayenne.fr\/jublains\/#website","url":"https:\/\/patrimoine.lamayenne.fr\/jublains\/","name":"Jublains","description":"","publisher":{"@id":"https:\/\/patrimoine.lamayenne.fr\/jublains\/#organization"},"potentialAction":[{"@type":"SearchAction","target":{"@type":"EntryPoint","urlTemplate":"https:\/\/patrimoine.lamayenne.fr\/jublains\/?s={search_term_string}"},"query-input":{"@type":"PropertyValueSpecification","valueRequired":true,"valueName":"search_term_string"}}],"inLanguage":"fr-FR"},{"@type":"Organization","@id":"https:\/\/patrimoine.lamayenne.fr\/jublains\/#organization","name":"Jublains","url":"https:\/\/patrimoine.lamayenne.fr\/jublains\/","logo":{"@type":"ImageObject","inLanguage":"fr-FR","@id":"https:\/\/patrimoine.lamayenne.fr\/jublains\/#\/schema\/logo\/image\/","url":"https:\/\/patrimoine.lamayenne.fr\/jublains\/wp-content\/uploads\/2022\/04\/logos_jublains_quadri.svg","contentUrl":"https:\/\/patrimoine.lamayenne.fr\/jublains\/wp-content\/uploads\/2022\/04\/logos_jublains_quadri.svg","width":1,"height":1,"caption":"Jublains"},"image":{"@id":"https:\/\/patrimoine.lamayenne.fr\/jublains\/#\/schema\/logo\/image\/"},"sameAs":["https:\/\/www.facebook.com\/departement.lamayenne","https:\/\/x.com\/lamayenne","https:\/\/www.instagram.com\/la.mayenne\/","https:\/\/www.youtube.com\/user\/LaMayenneTV"]}]}},"_links":{"self":[{"href":"https:\/\/patrimoine.lamayenne.fr\/jublains\/wp-json\/wp\/v2\/evenements\/1154","targetHints":{"allow":["GET"]}}],"collection":[{"href":"https:\/\/patrimoine.lamayenne.fr\/jublains\/wp-json\/wp\/v2\/evenements"}],"about":[{"href":"https:\/\/patrimoine.lamayenne.fr\/jublains\/wp-json\/wp\/v2\/types\/evenements"}],"version-history":[{"count":4,"href":"https:\/\/patrimoine.lamayenne.fr\/jublains\/wp-json\/wp\/v2\/evenements\/1154\/revisions"}],"predecessor-version":[{"id":1750,"href":"https:\/\/patrimoine.lamayenne.fr\/jublains\/wp-json\/wp\/v2\/evenements\/1154\/revisions\/1750"}],"wp:attachment":[{"href":"https:\/\/patrimoine.lamayenne.fr\/jublains\/wp-json\/wp\/v2\/media?parent=1154"}],"wp:term":[{"taxonomy":"evt_type","embeddable":true,"href":"https:\/\/patrimoine.lamayenne.fr\/jublains\/wp-json\/wp\/v2\/evt_type?post=1154"}],"curies":[{"name":"wp","href":"https:\/\/api.w.org\/{rel}","templated":true}]}}

Journées romaines

<p><em>Avec la troupe LUGDUNUM ANTICA</em></p>



<p><strong>Lugdunum Antica est une association d’archéologie vivante implantée à Lyon. La troupe, déjà venue à Jublains en 2019 lors des Romains dans la Ville, installe ses quartiers dans la forteresse antique.</strong></p>



<p>Dans ce campement du 1er siècle de notre ère, découvrez la caupona, une taverne romaine entièrement meublée et décorée. Dégustez des vins romains (vins miellés aux épices), des mets antiques et exercez-vous aux jeux de plateaux que pratiquaient les légionnaires. Explorez le jardin d’agrément pourvu de bassins et de statues en bronze, allongez-vous sur le triclinium, cette fameuse banquette en forme de U où les Romains prenaient leur repas.</p>



<p><em><mark style="background-color:rgba(0, 0, 0, 0)" class="has-inline-color has-rouge-color">Samedi 13 et dimanche 14 août<br>Tout public</mark></em></p>



<figure class="wp-block-image size-full"><img decoding="async" data-src="https://patrimoine.lamayenne.fr/jublains/wp-content/uploads/2022/04/Lugdunum-Antica-4.jpg" alt="" class="wp-image-1689 lazyload" src="data:image/svg+xml;base64,PHN2ZyB3aWR0aD0iMSIgaGVpZ2h0PSIxIiB4bWxucz0iaHR0cDovL3d3dy53My5vcmcvMjAwMC9zdmciPjwvc3ZnPg==" /></figure>



<p><strong>• Visite du campement installé dans la forteresse antique</strong><br><em><mark style="background-color:rgba(0, 0, 0, 0)" class="has-inline-color has-rouge-color">Aux horaires du musée</mark></em></p>



<p><strong>• Cérémonie des Auspices</strong><br><em>Saynète interactive</em><br>L’Augure pratique cette cérémonie qui remonte aux origines de Rome, avec une interprétation des signes divins, en concertation avec le public.</p>



<p><em><mark style="background-color:rgba(0, 0, 0, 0)" class="has-inline-color has-rouge-color">Samedi à 14h30<br>Dimanche à 11h et 16h<br>Durée 30 minutes</mark></em></p>



<p><strong>• Défilé de mode gallo-romain</strong><br>Présentation pédagogique des costumes des différentes classes sociales de l’époque, de l’esclave au sénateur.</p>



<p><em><mark style="background-color:rgba(0, 0, 0, 0)" class="has-inline-color has-rouge-color">Samedi à 15h30<br>Dimanche à 14h30 et 17h<br>Durée 40 minutes</mark></em></p>

JOURNÉES ROMAINES

Entrée du musée

Musée de Jublains

<!-- This site is optimized with the Yoast SEO plugin v25.8 - https://yoast.com/wordpress/plugins/seo/ -->
<title>Journées romaines - Jublains</title>
<meta name="robots" content="index, follow, max-snippet:-1, max-image-preview:large, max-video-preview:-1" />
<link rel="canonical" href="https://patrimoine.lamayenne.fr/jublains/evenements/journees-romaines/" />
<meta name="twitter:card" content="summary_large_image" />
<meta name="twitter:title" content="Journées romaines - Jublains" />
<meta name="twitter:description" content="Avec la troupe LUGDUNUM ANTICA Lugdunum Antica est une association d’archéologie vivante implantée à Lyon. La troupe, déjà venue à Jublains en 2019 lors des Romains dans la Ville, installe ses quartiers dans la forteresse antique. Dans ce campement du 1er siècle de notre ère, découvrez la caupona, une taverne romaine entièrement meublée et décorée. [&hellip;]" />
<meta name="twitter:site" content="@lamayenne" />
<meta name="twitter:label1" content="Durée de lecture estimée" />
	<meta name="twitter:data1" content="2 minutes" />
<script type="application/ld+json" class="yoast-schema-graph">{"@context":"https://schema.org","@graph":[{"@type":"WebPage","@id":"https://patrimoine.lamayenne.fr/jublains/evenements/journees-romaines/","url":"https://patrimoine.lamayenne.fr/jublains/evenements/journees-romaines/","name":"Journées romaines - Jublains","isPartOf":{"@id":"https://patrimoine.lamayenne.fr/jublains/#website"},"primaryImageOfPage":{"@id":"https://patrimoine.lamayenne.fr/jublains/evenements/journees-romaines/#primaryimage"},"image":{"@id":"https://patrimoine.lamayenne.fr/jublains/evenements/journees-romaines/#primaryimage"},"thumbnailUrl":"https://patrimoine.lamayenne.fr/jublains/wp-content/uploads/2022/04/Lugdunum-Antica-4.jpg","datePublished":"2022-04-21T22:36:36+00:00","dateModified":"2022-08-05T13:20:30+00:00","breadcrumb":{"@id":"https://patrimoine.lamayenne.fr/jublains/evenements/journees-romaines/#breadcrumb"},"inLanguage":"fr-FR","potentialAction":[{"@type":"ReadAction","target":["https://patrimoine.lamayenne.fr/jublains/evenements/journees-romaines/"]}]},{"@type":"ImageObject","inLanguage":"fr-FR","@id":"https://patrimoine.lamayenne.fr/jublains/evenements/journees-romaines/#primaryimage","url":"","contentUrl":""},{"@type":"BreadcrumbList","@id":"https://patrimoine.lamayenne.fr/jublains/evenements/journees-romaines/#breadcrumb","itemListElement":[{"@type":"ListItem","position":1,"name":"Accueil","item":"https://patrimoine.lamayenne.fr/jublains/"},{"@type":"ListItem","position":2,"name":"Journées romaines"}]},{"@type":"WebSite","@id":"https://patrimoine.lamayenne.fr/jublains/#website","url":"https://patrimoine.lamayenne.fr/jublains/","name":"Jublains","description":"","publisher":{"@id":"https://patrimoine.lamayenne.fr/jublains/#organization"},"potentialAction":[{"@type":"SearchAction","target":{"@type":"EntryPoint","urlTemplate":"https://patrimoine.lamayenne.fr/jublains/?s={search_term_string}"},"query-input":{"@type":"PropertyValueSpecification","valueRequired":true,"valueName":"search_term_string"}}],"inLanguage":"fr-FR"},{"@type":"Organization","@id":"https://patrimoine.lamayenne.fr/jublains/#organization","name":"Jublains","url":"https://patrimoine.lamayenne.fr/jublains/","logo":{"@type":"ImageObject","inLanguage":"fr-FR","@id":"https://patrimoine.lamayenne.fr/jublains/#/schema/logo/image/","url":"https://patrimoine.lamayenne.fr/jublains/wp-content/uploads/2022/04/logos_jublains_quadri.svg","contentUrl":"https://patrimoine.lamayenne.fr/jublains/wp-content/uploads/2022/04/logos_jublains_quadri.svg","width":1,"height":1,"caption":"Jublains"},"image":{"@id":"https://patrimoine.lamayenne.fr/jublains/#/schema/logo/image/"},"sameAs":["https://www.facebook.com/departement.lamayenne","https://x.com/lamayenne","https://www.instagram.com/la.mayenne/","https://www.youtube.com/user/LaMayenneTV"]}]}</script>
<!-- / Yoast SEO plugin. -->

Journées romaines - Jublains

Avec la troupe LUGDUNUM ANTICA Lugdunum Antica est une association d’archéologie vivante implantée à Lyon. La troupe, déjà venue à Jublains en 2019 lors des Romains dans la Ville, installe ses quartiers dans la forteresse antique. Dans ce campement du 1er siècle de notre ère, découvrez la caupona, une taverne romaine entièrement meublée et décorée. [&hellip;]
