{"id":3247,"date":"2024-09-09T17:21:56","date_gmt":"2024-09-09T15:21:56","guid":{"rendered":"https:\/\/patrimoine.lamayenne.fr\/jublains\/?post_type=evenements&#038;p=3247"},"modified":"2025-06-14T16:50:55","modified_gmt":"2025-06-14T14:50:55","slug":"il-etait-une-fois-la-forteresse","status":"publish","type":"evenements","link":"https:\/\/patrimoine.lamayenne.fr\/jublains\/evenements\/il-etait-une-fois-la-forteresse\/","title":{"rendered":"Il \u00e9tait une fois la forteresse"},"content":{"rendered":"\n<p>Animation des vacances, encadr\u00e9e par une des m\u00e9diatrices du mus\u00e9e.<\/p>\n\n\n\n<p>Forteresse, entrep\u00f4t, un tas de cailloux, toutes les interpr\u00e9tations sont les bienvenues. Faire d\u00e9couvrir aux plus petits ce qu&rsquo;ils appellent un labyrinthe et tout ce qui s&rsquo;y trouvait \u00e0 l&rsquo;\u00e9poque romaine.<\/p>\n\n\n\n<p><\/p>\n","protected":false},"featured_media":1020,"template":"","meta":{"_acf_changed":false,"footnotes":""},"evt_type":[12],"class_list":["post-3247","evenements","type-evenements","status-publish","has-post-thumbnail","hentry","evt_type-animations"],"acf":{"titre":"Il \u00e9tait une fois la forteresse","sous_titre":"Animation du vendredi matin","mention":"","date_debut":"20250711","date_fin":"20250822","heure_debut":10,"minutes_debut":0,"heure_fin":11,"minutes_fin":0,"tarifs":"3\u20ac\r\nVendredis 11, 18 et 25 juillet, 1er, 8, 15 et 22 ao\u00fbt\r\nPour les enfants de 3 \u00e0 5 ans\r\nsur r\u00e9servation, places limit\u00e9es","public":"enfants","lieu":"Mus\u00e9e arch\u00e9ologique d\u00e9partemental","handicap":"none"},"yoast_head":"<!-- This site is optimized with the Yoast SEO plugin v25.8 - https:\/\/yoast.com\/wordpress\/plugins\/seo\/ -->\n<title>Il \u00e9tait une fois la forteresse - Jublains<\/title>\n<meta name=\"description\" content=\"Une animation pour les tous petits pour d\u00e9couvrir le c\u00e9l\u00e8bre monument de Jublains, la grande forteresse antique!\" \/>\n<meta name=\"robots\" content=\"index, follow, max-snippet:-1, max-image-preview:large, max-video-preview:-1\" \/>\n<link rel=\"canonical\" href=\"https:\/\/patrimoine.lamayenne.fr\/jublains\/evenements\/il-etait-une-fois-la-forteresse\/\" \/>\n<meta name=\"twitter:card\" content=\"summary_large_image\" \/>\n<meta name=\"twitter:title\" content=\"Il \u00e9tait une fois la forteresse - Jublains\" \/>\n<meta name=\"twitter:description\" content=\"Une animation pour les tous petits pour d\u00e9couvrir le c\u00e9l\u00e8bre monument de Jublains, la grande forteresse antique!\" \/>\n<meta name=\"twitter:image\" content=\"https:\/\/patrimoine.lamayenne.fr\/jublains\/wp-content\/uploads\/2022\/04\/nuit-des-musees.jpg\" \/>\n<meta name=\"twitter:site\" content=\"@lamayenne\" \/>\n<meta name=\"twitter:label1\" content=\"Dur\u00e9e de lecture estim\u00e9e\" \/>\n\t<meta name=\"twitter:data1\" content=\"1 minute\" \/>\n<script type=\"application\/ld+json\" class=\"yoast-schema-graph\">{\"@context\":\"https:\/\/schema.org\",\"@graph\":[{\"@type\":\"WebPage\",\"@id\":\"https:\/\/patrimoine.lamayenne.fr\/jublains\/evenements\/il-etait-une-fois-la-forteresse\/\",\"url\":\"https:\/\/patrimoine.lamayenne.fr\/jublains\/evenements\/il-etait-une-fois-la-forteresse\/\",\"name\":\"Il \u00e9tait une fois la forteresse - Jublains\",\"isPartOf\":{\"@id\":\"https:\/\/patrimoine.lamayenne.fr\/jublains\/#website\"},\"primaryImageOfPage\":{\"@id\":\"https:\/\/patrimoine.lamayenne.fr\/jublains\/evenements\/il-etait-une-fois-la-forteresse\/#primaryimage\"},\"image\":{\"@id\":\"https:\/\/patrimoine.lamayenne.fr\/jublains\/evenements\/il-etait-une-fois-la-forteresse\/#primaryimage\"},\"thumbnailUrl\":\"https:\/\/patrimoine.lamayenne.fr\/jublains\/wp-content\/uploads\/2022\/04\/nuit-des-musees.jpg\",\"datePublished\":\"2024-09-09T15:21:56+00:00\",\"dateModified\":\"2025-06-14T14:50:55+00:00\",\"description\":\"Une animation pour les tous petits pour d\u00e9couvrir le c\u00e9l\u00e8bre monument de Jublains, la grande forteresse antique!\",\"breadcrumb\":{\"@id\":\"https:\/\/patrimoine.lamayenne.fr\/jublains\/evenements\/il-etait-une-fois-la-forteresse\/#breadcrumb\"},\"inLanguage\":\"fr-FR\",\"potentialAction\":[{\"@type\":\"ReadAction\",\"target\":[\"https:\/\/patrimoine.lamayenne.fr\/jublains\/evenements\/il-etait-une-fois-la-forteresse\/\"]}]},{\"@type\":\"ImageObject\",\"inLanguage\":\"fr-FR\",\"@id\":\"https:\/\/patrimoine.lamayenne.fr\/jublains\/evenements\/il-etait-une-fois-la-forteresse\/#primaryimage\",\"url\":\"https:\/\/patrimoine.lamayenne.fr\/jublains\/wp-content\/uploads\/2022\/04\/nuit-des-musees.jpg\",\"contentUrl\":\"https:\/\/patrimoine.lamayenne.fr\/jublains\/wp-content\/uploads\/2022\/04\/nuit-des-musees.jpg\",\"width\":727,\"height\":464},{\"@type\":\"BreadcrumbList\",\"@id\":\"https:\/\/patrimoine.lamayenne.fr\/jublains\/evenements\/il-etait-une-fois-la-forteresse\/#breadcrumb\",\"itemListElement\":[{\"@type\":\"ListItem\",\"position\":1,\"name\":\"Accueil\",\"item\":\"https:\/\/patrimoine.lamayenne.fr\/jublains\/\"},{\"@type\":\"ListItem\",\"position\":2,\"name\":\"Il \u00e9tait une fois la forteresse\"}]},{\"@type\":\"WebSite\",\"@id\":\"https:\/\/patrimoine.lamayenne.fr\/jublains\/#website\",\"url\":\"https:\/\/patrimoine.lamayenne.fr\/jublains\/\",\"name\":\"Jublains\",\"description\":\"\",\"publisher\":{\"@id\":\"https:\/\/patrimoine.lamayenne.fr\/jublains\/#organization\"},\"potentialAction\":[{\"@type\":\"SearchAction\",\"target\":{\"@type\":\"EntryPoint\",\"urlTemplate\":\"https:\/\/patrimoine.lamayenne.fr\/jublains\/?s={search_term_string}\"},\"query-input\":{\"@type\":\"PropertyValueSpecification\",\"valueRequired\":true,\"valueName\":\"search_term_string\"}}],\"inLanguage\":\"fr-FR\"},{\"@type\":\"Organization\",\"@id\":\"https:\/\/patrimoine.lamayenne.fr\/jublains\/#organization\",\"name\":\"Jublains\",\"url\":\"https:\/\/patrimoine.lamayenne.fr\/jublains\/\",\"logo\":{\"@type\":\"ImageObject\",\"inLanguage\":\"fr-FR\",\"@id\":\"https:\/\/patrimoine.lamayenne.fr\/jublains\/#\/schema\/logo\/image\/\",\"url\":\"https:\/\/patrimoine.lamayenne.fr\/jublains\/wp-content\/uploads\/2022\/04\/logos_jublains_quadri.svg\",\"contentUrl\":\"https:\/\/patrimoine.lamayenne.fr\/jublains\/wp-content\/uploads\/2022\/04\/logos_jublains_quadri.svg\",\"width\":1,\"height\":1,\"caption\":\"Jublains\"},\"image\":{\"@id\":\"https:\/\/patrimoine.lamayenne.fr\/jublains\/#\/schema\/logo\/image\/\"},\"sameAs\":[\"https:\/\/www.facebook.com\/departement.lamayenne\",\"https:\/\/x.com\/lamayenne\",\"https:\/\/www.instagram.com\/la.mayenne\/\",\"https:\/\/www.youtube.com\/user\/LaMayenneTV\"]}]}<\/script>\n<!-- \/ Yoast SEO plugin. -->","yoast_head_json":{"title":"Il \u00e9tait une fois la forteresse - Jublains","description":"Une animation pour les tous petits pour d\u00e9couvrir le c\u00e9l\u00e8bre monument de Jublains, la grande forteresse antique!","robots":{"index":"index","follow":"follow","max-snippet":"max-snippet:-1","max-image-preview":"max-image-preview:large","max-video-preview":"max-video-preview:-1"},"canonical":"https:\/\/patrimoine.lamayenne.fr\/jublains\/evenements\/il-etait-une-fois-la-forteresse\/","twitter_card":"summary_large_image","twitter_title":"Il \u00e9tait une fois la forteresse - Jublains","twitter_description":"Une animation pour les tous petits pour d\u00e9couvrir le c\u00e9l\u00e8bre monument de Jublains, la grande forteresse antique!","twitter_image":"https:\/\/patrimoine.lamayenne.fr\/jublains\/wp-content\/uploads\/2022\/04\/nuit-des-musees.jpg","twitter_site":"@lamayenne","twitter_misc":{"Dur\u00e9e de lecture estim\u00e9e":"1 minute"},"schema":{"@context":"https:\/\/schema.org","@graph":[{"@type":"WebPage","@id":"https:\/\/patrimoine.lamayenne.fr\/jublains\/evenements\/il-etait-une-fois-la-forteresse\/","url":"https:\/\/patrimoine.lamayenne.fr\/jublains\/evenements\/il-etait-une-fois-la-forteresse\/","name":"Il \u00e9tait une fois la forteresse - Jublains","isPartOf":{"@id":"https:\/\/patrimoine.lamayenne.fr\/jublains\/#website"},"primaryImageOfPage":{"@id":"https:\/\/patrimoine.lamayenne.fr\/jublains\/evenements\/il-etait-une-fois-la-forteresse\/#primaryimage"},"image":{"@id":"https:\/\/patrimoine.lamayenne.fr\/jublains\/evenements\/il-etait-une-fois-la-forteresse\/#primaryimage"},"thumbnailUrl":"https:\/\/patrimoine.lamayenne.fr\/jublains\/wp-content\/uploads\/2022\/04\/nuit-des-musees.jpg","datePublished":"2024-09-09T15:21:56+00:00","dateModified":"2025-06-14T14:50:55+00:00","description":"Une animation pour les tous petits pour d\u00e9couvrir le c\u00e9l\u00e8bre monument de Jublains, la grande forteresse antique!","breadcrumb":{"@id":"https:\/\/patrimoine.lamayenne.fr\/jublains\/evenements\/il-etait-une-fois-la-forteresse\/#breadcrumb"},"inLanguage":"fr-FR","potentialAction":[{"@type":"ReadAction","target":["https:\/\/patrimoine.lamayenne.fr\/jublains\/evenements\/il-etait-une-fois-la-forteresse\/"]}]},{"@type":"ImageObject","inLanguage":"fr-FR","@id":"https:\/\/patrimoine.lamayenne.fr\/jublains\/evenements\/il-etait-une-fois-la-forteresse\/#primaryimage","url":"https:\/\/patrimoine.lamayenne.fr\/jublains\/wp-content\/uploads\/2022\/04\/nuit-des-musees.jpg","contentUrl":"https:\/\/patrimoine.lamayenne.fr\/jublains\/wp-content\/uploads\/2022\/04\/nuit-des-musees.jpg","width":727,"height":464},{"@type":"BreadcrumbList","@id":"https:\/\/patrimoine.lamayenne.fr\/jublains\/evenements\/il-etait-une-fois-la-forteresse\/#breadcrumb","itemListElement":[{"@type":"ListItem","position":1,"name":"Accueil","item":"https:\/\/patrimoine.lamayenne.fr\/jublains\/"},{"@type":"ListItem","position":2,"name":"Il \u00e9tait une fois la forteresse"}]},{"@type":"WebSite","@id":"https:\/\/patrimoine.lamayenne.fr\/jublains\/#website","url":"https:\/\/patrimoine.lamayenne.fr\/jublains\/","name":"Jublains","description":"","publisher":{"@id":"https:\/\/patrimoine.lamayenne.fr\/jublains\/#organization"},"potentialAction":[{"@type":"SearchAction","target":{"@type":"EntryPoint","urlTemplate":"https:\/\/patrimoine.lamayenne.fr\/jublains\/?s={search_term_string}"},"query-input":{"@type":"PropertyValueSpecification","valueRequired":true,"valueName":"search_term_string"}}],"inLanguage":"fr-FR"},{"@type":"Organization","@id":"https:\/\/patrimoine.lamayenne.fr\/jublains\/#organization","name":"Jublains","url":"https:\/\/patrimoine.lamayenne.fr\/jublains\/","logo":{"@type":"ImageObject","inLanguage":"fr-FR","@id":"https:\/\/patrimoine.lamayenne.fr\/jublains\/#\/schema\/logo\/image\/","url":"https:\/\/patrimoine.lamayenne.fr\/jublains\/wp-content\/uploads\/2022\/04\/logos_jublains_quadri.svg","contentUrl":"https:\/\/patrimoine.lamayenne.fr\/jublains\/wp-content\/uploads\/2022\/04\/logos_jublains_quadri.svg","width":1,"height":1,"caption":"Jublains"},"image":{"@id":"https:\/\/patrimoine.lamayenne.fr\/jublains\/#\/schema\/logo\/image\/"},"sameAs":["https:\/\/www.facebook.com\/departement.lamayenne","https:\/\/x.com\/lamayenne","https:\/\/www.instagram.com\/la.mayenne\/","https:\/\/www.youtube.com\/user\/LaMayenneTV"]}]}},"_links":{"self":[{"href":"https:\/\/patrimoine.lamayenne.fr\/jublains\/wp-json\/wp\/v2\/evenements\/3247","targetHints":{"allow":["GET"]}}],"collection":[{"href":"https:\/\/patrimoine.lamayenne.fr\/jublains\/wp-json\/wp\/v2\/evenements"}],"about":[{"href":"https:\/\/patrimoine.lamayenne.fr\/jublains\/wp-json\/wp\/v2\/types\/evenements"}],"version-history":[{"count":3,"href":"https:\/\/patrimoine.lamayenne.fr\/jublains\/wp-json\/wp\/v2\/evenements\/3247\/revisions"}],"predecessor-version":[{"id":3671,"href":"https:\/\/patrimoine.lamayenne.fr\/jublains\/wp-json\/wp\/v2\/evenements\/3247\/revisions\/3671"}],"wp:featuredmedia":[{"embeddable":true,"href":"https:\/\/patrimoine.lamayenne.fr\/jublains\/wp-json\/wp\/v2\/media\/1020"}],"wp:attachment":[{"href":"https:\/\/patrimoine.lamayenne.fr\/jublains\/wp-json\/wp\/v2\/media?parent=3247"}],"wp:term":[{"taxonomy":"evt_type","embeddable":true,"href":"https:\/\/patrimoine.lamayenne.fr\/jublains\/wp-json\/wp\/v2\/evt_type?post=3247"}],"curies":[{"name":"wp","href":"https:\/\/api.w.org\/{rel}","templated":true}]}}

Il était une fois la forteresse

<p>Animation des vacances, encadrée par une des médiatrices du musée.</p>



<p>Forteresse, entrepôt, un tas de cailloux, toutes les interprétations sont les bienvenues. Faire découvrir aux plus petits ce qu&rsquo;ils appellent un labyrinthe et tout ce qui s&rsquo;y trouvait à l&rsquo;époque romaine.</p>



<p></p>

3€
Vendredis 11, 18 et 25 juillet, 1er, 8, 15 et 22 août
Pour les enfants de 3 à 5 ans
sur réservation, places limitées

Musée archéologique départemental

<!-- This site is optimized with the Yoast SEO plugin v25.8 - https://yoast.com/wordpress/plugins/seo/ -->
<title>Il était une fois la forteresse - Jublains</title>
<meta name="description" content="Une animation pour les tous petits pour découvrir le célèbre monument de Jublains, la grande forteresse antique!" />
<meta name="robots" content="index, follow, max-snippet:-1, max-image-preview:large, max-video-preview:-1" />
<link rel="canonical" href="https://patrimoine.lamayenne.fr/jublains/evenements/il-etait-une-fois-la-forteresse/" />
<meta name="twitter:card" content="summary_large_image" />
<meta name="twitter:title" content="Il était une fois la forteresse - Jublains" />
<meta name="twitter:description" content="Une animation pour les tous petits pour découvrir le célèbre monument de Jublains, la grande forteresse antique!" />
<meta name="twitter:image" content="https://patrimoine.lamayenne.fr/jublains/wp-content/uploads/2022/04/nuit-des-musees.jpg" />
<meta name="twitter:site" content="@lamayenne" />
<meta name="twitter:label1" content="Durée de lecture estimée" />
	<meta name="twitter:data1" content="1 minute" />
<script type="application/ld+json" class="yoast-schema-graph">{"@context":"https://schema.org","@graph":[{"@type":"WebPage","@id":"https://patrimoine.lamayenne.fr/jublains/evenements/il-etait-une-fois-la-forteresse/","url":"https://patrimoine.lamayenne.fr/jublains/evenements/il-etait-une-fois-la-forteresse/","name":"Il était une fois la forteresse - Jublains","isPartOf":{"@id":"https://patrimoine.lamayenne.fr/jublains/#website"},"primaryImageOfPage":{"@id":"https://patrimoine.lamayenne.fr/jublains/evenements/il-etait-une-fois-la-forteresse/#primaryimage"},"image":{"@id":"https://patrimoine.lamayenne.fr/jublains/evenements/il-etait-une-fois-la-forteresse/#primaryimage"},"thumbnailUrl":"https://patrimoine.lamayenne.fr/jublains/wp-content/uploads/2022/04/nuit-des-musees.jpg","datePublished":"2024-09-09T15:21:56+00:00","dateModified":"2025-06-14T14:50:55+00:00","description":"Une animation pour les tous petits pour découvrir le célèbre monument de Jublains, la grande forteresse antique!","breadcrumb":{"@id":"https://patrimoine.lamayenne.fr/jublains/evenements/il-etait-une-fois-la-forteresse/#breadcrumb"},"inLanguage":"fr-FR","potentialAction":[{"@type":"ReadAction","target":["https://patrimoine.lamayenne.fr/jublains/evenements/il-etait-une-fois-la-forteresse/"]}]},{"@type":"ImageObject","inLanguage":"fr-FR","@id":"https://patrimoine.lamayenne.fr/jublains/evenements/il-etait-une-fois-la-forteresse/#primaryimage","url":"https://patrimoine.lamayenne.fr/jublains/wp-content/uploads/2022/04/nuit-des-musees.jpg","contentUrl":"https://patrimoine.lamayenne.fr/jublains/wp-content/uploads/2022/04/nuit-des-musees.jpg","width":727,"height":464},{"@type":"BreadcrumbList","@id":"https://patrimoine.lamayenne.fr/jublains/evenements/il-etait-une-fois-la-forteresse/#breadcrumb","itemListElement":[{"@type":"ListItem","position":1,"name":"Accueil","item":"https://patrimoine.lamayenne.fr/jublains/"},{"@type":"ListItem","position":2,"name":"Il était une fois la forteresse"}]},{"@type":"WebSite","@id":"https://patrimoine.lamayenne.fr/jublains/#website","url":"https://patrimoine.lamayenne.fr/jublains/","name":"Jublains","description":"","publisher":{"@id":"https://patrimoine.lamayenne.fr/jublains/#organization"},"potentialAction":[{"@type":"SearchAction","target":{"@type":"EntryPoint","urlTemplate":"https://patrimoine.lamayenne.fr/jublains/?s={search_term_string}"},"query-input":{"@type":"PropertyValueSpecification","valueRequired":true,"valueName":"search_term_string"}}],"inLanguage":"fr-FR"},{"@type":"Organization","@id":"https://patrimoine.lamayenne.fr/jublains/#organization","name":"Jublains","url":"https://patrimoine.lamayenne.fr/jublains/","logo":{"@type":"ImageObject","inLanguage":"fr-FR","@id":"https://patrimoine.lamayenne.fr/jublains/#/schema/logo/image/","url":"https://patrimoine.lamayenne.fr/jublains/wp-content/uploads/2022/04/logos_jublains_quadri.svg","contentUrl":"https://patrimoine.lamayenne.fr/jublains/wp-content/uploads/2022/04/logos_jublains_quadri.svg","width":1,"height":1,"caption":"Jublains"},"image":{"@id":"https://patrimoine.lamayenne.fr/jublains/#/schema/logo/image/"},"sameAs":["https://www.facebook.com/departement.lamayenne","https://x.com/lamayenne","https://www.instagram.com/la.mayenne/","https://www.youtube.com/user/LaMayenneTV"]}]}</script>
<!-- / Yoast SEO plugin. -->

Il était une fois la forteresse - Jublains

Une animation pour les tous petits pour découvrir le célèbre monument de Jublains, la grande forteresse antique!
