{"id":3445,"date":"2025-02-08T16:02:12","date_gmt":"2025-02-08T15:02:12","guid":{"rendered":"https:\/\/patrimoine.lamayenne.fr\/jublains\/?post_type=evenements&#038;p=3445"},"modified":"2025-02-10T14:12:53","modified_gmt":"2025-02-10T13:12:53","slug":"jublains-visite-a-trois-voix","status":"publish","type":"evenements","link":"https:\/\/patrimoine.lamayenne.fr\/jublains\/evenements\/jublains-visite-a-trois-voix\/","title":{"rendered":"JUBLAINS : VISITE A TROIS VOIX"},"content":{"rendered":"\n<p>En compagnie d\u2019une m\u00e9diatrice du mus\u00e9e arch\u00e9ologique d\u00e9partemental de Jublains, d\u2019une arch\u00e9ologue d\u00e9partementale et d\u2019un guide-conf\u00e9rencier du Pays d\u2019art et d\u2019histoire Co\u00ebvrons-Mayenne, partez \u00e0 la d\u00e9couverte des richesses patrimoniales de Jublains. De la p\u00e9riode gauloise \u00e0 nos jours, la commune a \u00e9norm\u00e9ment \u00e9volu\u00e9 et s\u2019offre aujourd\u2019hui aux regards des visiteurs amoureux de la p\u00e9riode gallo-romaine. Jublains poss\u00e8de des traces du pass\u00e9 qui vous seront r\u00e9v\u00e9l\u00e9es pas \u00e0 pas.<\/p>\n\n\n\n<p><\/p>\n","protected":false},"featured_media":3454,"template":"","meta":{"_acf_changed":false,"footnotes":""},"evt_type":[],"class_list":["post-3445","evenements","type-evenements","status-publish","has-post-thumbnail","hentry"],"acf":{"titre":"JUBLAINS: UNE VISITE A TROIS VOIX","sous_titre":"","mention":"","date_debut":"20250316","date_fin":"20250316","heure_debut":15,"minutes_debut":0,"heure_fin":16,"minutes_fin":30,"tarifs":"Plein tarif : 5\u20ac, r\u00e9duit : 3.50\u20ac","public":"all","lieu":"Rendez vous au temple, route de Mayenne","handicap":"handicap"},"yoast_head":"<!-- This site is optimized with the Yoast SEO plugin v25.8 - https:\/\/yoast.com\/wordpress\/plugins\/seo\/ -->\n<title>JUBLAINS : VISITE A TROIS VOIX - Jublains<\/title>\n<meta name=\"description\" content=\"une visite men\u00e9e par une arch\u00e9ologue, un guide-conf\u00e9rencier du Pays d&#039;art et d&#039;histoire Co\u00ebvrons-Mayenne et une m\u00e9diatrice du mus\u00e9e.\" \/>\n<meta name=\"robots\" content=\"index, follow, max-snippet:-1, max-image-preview:large, max-video-preview:-1\" \/>\n<link rel=\"canonical\" href=\"https:\/\/patrimoine.lamayenne.fr\/jublains\/evenements\/jublains-visite-a-trois-voix\/\" \/>\n<meta name=\"twitter:card\" content=\"summary_large_image\" \/>\n<meta name=\"twitter:title\" content=\"JUBLAINS : VISITE A TROIS VOIX - Jublains\" \/>\n<meta name=\"twitter:description\" content=\"une visite men\u00e9e par une arch\u00e9ologue, un guide-conf\u00e9rencier du Pays d&#039;art et d&#039;histoire Co\u00ebvrons-Mayenne et une m\u00e9diatrice du mus\u00e9e.\" \/>\n<meta name=\"twitter:image\" content=\"https:\/\/patrimoine.lamayenne.fr\/jublains\/wp-content\/uploads\/2025\/02\/006_part.jpg\" \/>\n<meta name=\"twitter:site\" content=\"@lamayenne\" \/>\n<meta name=\"twitter:label1\" content=\"Dur\u00e9e de lecture estim\u00e9e\" \/>\n\t<meta name=\"twitter:data1\" content=\"1 minute\" \/>\n<script type=\"application\/ld+json\" class=\"yoast-schema-graph\">{\"@context\":\"https:\/\/schema.org\",\"@graph\":[{\"@type\":\"WebPage\",\"@id\":\"https:\/\/patrimoine.lamayenne.fr\/jublains\/evenements\/jublains-visite-a-trois-voix\/\",\"url\":\"https:\/\/patrimoine.lamayenne.fr\/jublains\/evenements\/jublains-visite-a-trois-voix\/\",\"name\":\"JUBLAINS : VISITE A TROIS VOIX - Jublains\",\"isPartOf\":{\"@id\":\"https:\/\/patrimoine.lamayenne.fr\/jublains\/#website\"},\"primaryImageOfPage\":{\"@id\":\"https:\/\/patrimoine.lamayenne.fr\/jublains\/evenements\/jublains-visite-a-trois-voix\/#primaryimage\"},\"image\":{\"@id\":\"https:\/\/patrimoine.lamayenne.fr\/jublains\/evenements\/jublains-visite-a-trois-voix\/#primaryimage\"},\"thumbnailUrl\":\"https:\/\/patrimoine.lamayenne.fr\/jublains\/wp-content\/uploads\/2025\/02\/006_part.jpg\",\"datePublished\":\"2025-02-08T15:02:12+00:00\",\"dateModified\":\"2025-02-10T13:12:53+00:00\",\"description\":\"une visite men\u00e9e par une arch\u00e9ologue, un guide-conf\u00e9rencier du Pays d'art et d'histoire Co\u00ebvrons-Mayenne et une m\u00e9diatrice du mus\u00e9e.\",\"breadcrumb\":{\"@id\":\"https:\/\/patrimoine.lamayenne.fr\/jublains\/evenements\/jublains-visite-a-trois-voix\/#breadcrumb\"},\"inLanguage\":\"fr-FR\",\"potentialAction\":[{\"@type\":\"ReadAction\",\"target\":[\"https:\/\/patrimoine.lamayenne.fr\/jublains\/evenements\/jublains-visite-a-trois-voix\/\"]}]},{\"@type\":\"ImageObject\",\"inLanguage\":\"fr-FR\",\"@id\":\"https:\/\/patrimoine.lamayenne.fr\/jublains\/evenements\/jublains-visite-a-trois-voix\/#primaryimage\",\"url\":\"https:\/\/patrimoine.lamayenne.fr\/jublains\/wp-content\/uploads\/2025\/02\/006_part.jpg\",\"contentUrl\":\"https:\/\/patrimoine.lamayenne.fr\/jublains\/wp-content\/uploads\/2025\/02\/006_part.jpg\",\"width\":425,\"height\":283,\"caption\":\"Cr\u00e9dit Gilles Leroux\"},{\"@type\":\"BreadcrumbList\",\"@id\":\"https:\/\/patrimoine.lamayenne.fr\/jublains\/evenements\/jublains-visite-a-trois-voix\/#breadcrumb\",\"itemListElement\":[{\"@type\":\"ListItem\",\"position\":1,\"name\":\"Accueil\",\"item\":\"https:\/\/patrimoine.lamayenne.fr\/jublains\/\"},{\"@type\":\"ListItem\",\"position\":2,\"name\":\"JUBLAINS : VISITE A TROIS VOIX\"}]},{\"@type\":\"WebSite\",\"@id\":\"https:\/\/patrimoine.lamayenne.fr\/jublains\/#website\",\"url\":\"https:\/\/patrimoine.lamayenne.fr\/jublains\/\",\"name\":\"Jublains\",\"description\":\"\",\"publisher\":{\"@id\":\"https:\/\/patrimoine.lamayenne.fr\/jublains\/#organization\"},\"potentialAction\":[{\"@type\":\"SearchAction\",\"target\":{\"@type\":\"EntryPoint\",\"urlTemplate\":\"https:\/\/patrimoine.lamayenne.fr\/jublains\/?s={search_term_string}\"},\"query-input\":{\"@type\":\"PropertyValueSpecification\",\"valueRequired\":true,\"valueName\":\"search_term_string\"}}],\"inLanguage\":\"fr-FR\"},{\"@type\":\"Organization\",\"@id\":\"https:\/\/patrimoine.lamayenne.fr\/jublains\/#organization\",\"name\":\"Jublains\",\"url\":\"https:\/\/patrimoine.lamayenne.fr\/jublains\/\",\"logo\":{\"@type\":\"ImageObject\",\"inLanguage\":\"fr-FR\",\"@id\":\"https:\/\/patrimoine.lamayenne.fr\/jublains\/#\/schema\/logo\/image\/\",\"url\":\"https:\/\/patrimoine.lamayenne.fr\/jublains\/wp-content\/uploads\/2022\/04\/logos_jublains_quadri.svg\",\"contentUrl\":\"https:\/\/patrimoine.lamayenne.fr\/jublains\/wp-content\/uploads\/2022\/04\/logos_jublains_quadri.svg\",\"width\":1,\"height\":1,\"caption\":\"Jublains\"},\"image\":{\"@id\":\"https:\/\/patrimoine.lamayenne.fr\/jublains\/#\/schema\/logo\/image\/\"},\"sameAs\":[\"https:\/\/www.facebook.com\/departement.lamayenne\",\"https:\/\/x.com\/lamayenne\",\"https:\/\/www.instagram.com\/la.mayenne\/\",\"https:\/\/www.youtube.com\/user\/LaMayenneTV\"]}]}<\/script>\n<!-- \/ Yoast SEO plugin. -->","yoast_head_json":{"title":"JUBLAINS : VISITE A TROIS VOIX - Jublains","description":"une visite men\u00e9e par une arch\u00e9ologue, un guide-conf\u00e9rencier du Pays d'art et d'histoire Co\u00ebvrons-Mayenne et une m\u00e9diatrice du mus\u00e9e.","robots":{"index":"index","follow":"follow","max-snippet":"max-snippet:-1","max-image-preview":"max-image-preview:large","max-video-preview":"max-video-preview:-1"},"canonical":"https:\/\/patrimoine.lamayenne.fr\/jublains\/evenements\/jublains-visite-a-trois-voix\/","twitter_card":"summary_large_image","twitter_title":"JUBLAINS : VISITE A TROIS VOIX - Jublains","twitter_description":"une visite men\u00e9e par une arch\u00e9ologue, un guide-conf\u00e9rencier du Pays d'art et d'histoire Co\u00ebvrons-Mayenne et une m\u00e9diatrice du mus\u00e9e.","twitter_image":"https:\/\/patrimoine.lamayenne.fr\/jublains\/wp-content\/uploads\/2025\/02\/006_part.jpg","twitter_site":"@lamayenne","twitter_misc":{"Dur\u00e9e de lecture estim\u00e9e":"1 minute"},"schema":{"@context":"https:\/\/schema.org","@graph":[{"@type":"WebPage","@id":"https:\/\/patrimoine.lamayenne.fr\/jublains\/evenements\/jublains-visite-a-trois-voix\/","url":"https:\/\/patrimoine.lamayenne.fr\/jublains\/evenements\/jublains-visite-a-trois-voix\/","name":"JUBLAINS : VISITE A TROIS VOIX - Jublains","isPartOf":{"@id":"https:\/\/patrimoine.lamayenne.fr\/jublains\/#website"},"primaryImageOfPage":{"@id":"https:\/\/patrimoine.lamayenne.fr\/jublains\/evenements\/jublains-visite-a-trois-voix\/#primaryimage"},"image":{"@id":"https:\/\/patrimoine.lamayenne.fr\/jublains\/evenements\/jublains-visite-a-trois-voix\/#primaryimage"},"thumbnailUrl":"https:\/\/patrimoine.lamayenne.fr\/jublains\/wp-content\/uploads\/2025\/02\/006_part.jpg","datePublished":"2025-02-08T15:02:12+00:00","dateModified":"2025-02-10T13:12:53+00:00","description":"une visite men\u00e9e par une arch\u00e9ologue, un guide-conf\u00e9rencier du Pays d'art et d'histoire Co\u00ebvrons-Mayenne et une m\u00e9diatrice du mus\u00e9e.","breadcrumb":{"@id":"https:\/\/patrimoine.lamayenne.fr\/jublains\/evenements\/jublains-visite-a-trois-voix\/#breadcrumb"},"inLanguage":"fr-FR","potentialAction":[{"@type":"ReadAction","target":["https:\/\/patrimoine.lamayenne.fr\/jublains\/evenements\/jublains-visite-a-trois-voix\/"]}]},{"@type":"ImageObject","inLanguage":"fr-FR","@id":"https:\/\/patrimoine.lamayenne.fr\/jublains\/evenements\/jublains-visite-a-trois-voix\/#primaryimage","url":"https:\/\/patrimoine.lamayenne.fr\/jublains\/wp-content\/uploads\/2025\/02\/006_part.jpg","contentUrl":"https:\/\/patrimoine.lamayenne.fr\/jublains\/wp-content\/uploads\/2025\/02\/006_part.jpg","width":425,"height":283,"caption":"Cr\u00e9dit Gilles Leroux"},{"@type":"BreadcrumbList","@id":"https:\/\/patrimoine.lamayenne.fr\/jublains\/evenements\/jublains-visite-a-trois-voix\/#breadcrumb","itemListElement":[{"@type":"ListItem","position":1,"name":"Accueil","item":"https:\/\/patrimoine.lamayenne.fr\/jublains\/"},{"@type":"ListItem","position":2,"name":"JUBLAINS : VISITE A TROIS VOIX"}]},{"@type":"WebSite","@id":"https:\/\/patrimoine.lamayenne.fr\/jublains\/#website","url":"https:\/\/patrimoine.lamayenne.fr\/jublains\/","name":"Jublains","description":"","publisher":{"@id":"https:\/\/patrimoine.lamayenne.fr\/jublains\/#organization"},"potentialAction":[{"@type":"SearchAction","target":{"@type":"EntryPoint","urlTemplate":"https:\/\/patrimoine.lamayenne.fr\/jublains\/?s={search_term_string}"},"query-input":{"@type":"PropertyValueSpecification","valueRequired":true,"valueName":"search_term_string"}}],"inLanguage":"fr-FR"},{"@type":"Organization","@id":"https:\/\/patrimoine.lamayenne.fr\/jublains\/#organization","name":"Jublains","url":"https:\/\/patrimoine.lamayenne.fr\/jublains\/","logo":{"@type":"ImageObject","inLanguage":"fr-FR","@id":"https:\/\/patrimoine.lamayenne.fr\/jublains\/#\/schema\/logo\/image\/","url":"https:\/\/patrimoine.lamayenne.fr\/jublains\/wp-content\/uploads\/2022\/04\/logos_jublains_quadri.svg","contentUrl":"https:\/\/patrimoine.lamayenne.fr\/jublains\/wp-content\/uploads\/2022\/04\/logos_jublains_quadri.svg","width":1,"height":1,"caption":"Jublains"},"image":{"@id":"https:\/\/patrimoine.lamayenne.fr\/jublains\/#\/schema\/logo\/image\/"},"sameAs":["https:\/\/www.facebook.com\/departement.lamayenne","https:\/\/x.com\/lamayenne","https:\/\/www.instagram.com\/la.mayenne\/","https:\/\/www.youtube.com\/user\/LaMayenneTV"]}]}},"_links":{"self":[{"href":"https:\/\/patrimoine.lamayenne.fr\/jublains\/wp-json\/wp\/v2\/evenements\/3445","targetHints":{"allow":["GET"]}}],"collection":[{"href":"https:\/\/patrimoine.lamayenne.fr\/jublains\/wp-json\/wp\/v2\/evenements"}],"about":[{"href":"https:\/\/patrimoine.lamayenne.fr\/jublains\/wp-json\/wp\/v2\/types\/evenements"}],"version-history":[{"count":4,"href":"https:\/\/patrimoine.lamayenne.fr\/jublains\/wp-json\/wp\/v2\/evenements\/3445\/revisions"}],"predecessor-version":[{"id":3455,"href":"https:\/\/patrimoine.lamayenne.fr\/jublains\/wp-json\/wp\/v2\/evenements\/3445\/revisions\/3455"}],"wp:featuredmedia":[{"embeddable":true,"href":"https:\/\/patrimoine.lamayenne.fr\/jublains\/wp-json\/wp\/v2\/media\/3454"}],"wp:attachment":[{"href":"https:\/\/patrimoine.lamayenne.fr\/jublains\/wp-json\/wp\/v2\/media?parent=3445"}],"wp:term":[{"taxonomy":"evt_type","embeddable":true,"href":"https:\/\/patrimoine.lamayenne.fr\/jublains\/wp-json\/wp\/v2\/evt_type?post=3445"}],"curies":[{"name":"wp","href":"https:\/\/api.w.org\/{rel}","templated":true}]}}

<p>En compagnie d’une médiatrice du musée archéologique départemental de Jublains, d’une archéologue départementale et d’un guide-conférencier du Pays d’art et d’histoire Coëvrons-Mayenne, partez à la découverte des richesses patrimoniales de Jublains. De la période gauloise à nos jours, la commune a énormément évolué et s’offre aujourd’hui aux regards des visiteurs amoureux de la période gallo-romaine. Jublains possède des traces du passé qui vous seront révélées pas à pas.</p>



<p></p>

Plein tarif : 5€, réduit : 3.50€

<!-- This site is optimized with the Yoast SEO plugin v25.8 - https://yoast.com/wordpress/plugins/seo/ -->
<title>JUBLAINS : VISITE A TROIS VOIX - Jublains</title>
<meta name="description" content="une visite menée par une archéologue, un guide-conférencier du Pays d&#039;art et d&#039;histoire Coëvrons-Mayenne et une médiatrice du musée." />
<meta name="robots" content="index, follow, max-snippet:-1, max-image-preview:large, max-video-preview:-1" />
<link rel="canonical" href="https://patrimoine.lamayenne.fr/jublains/evenements/jublains-visite-a-trois-voix/" />
<meta name="twitter:card" content="summary_large_image" />
<meta name="twitter:title" content="JUBLAINS : VISITE A TROIS VOIX - Jublains" />
<meta name="twitter:description" content="une visite menée par une archéologue, un guide-conférencier du Pays d&#039;art et d&#039;histoire Coëvrons-Mayenne et une médiatrice du musée." />
<meta name="twitter:image" content="https://patrimoine.lamayenne.fr/jublains/wp-content/uploads/2025/02/006_part.jpg" />
<meta name="twitter:site" content="@lamayenne" />
<meta name="twitter:label1" content="Durée de lecture estimée" />
	<meta name="twitter:data1" content="1 minute" />
<script type="application/ld+json" class="yoast-schema-graph">{"@context":"https://schema.org","@graph":[{"@type":"WebPage","@id":"https://patrimoine.lamayenne.fr/jublains/evenements/jublains-visite-a-trois-voix/","url":"https://patrimoine.lamayenne.fr/jublains/evenements/jublains-visite-a-trois-voix/","name":"JUBLAINS : VISITE A TROIS VOIX - Jublains","isPartOf":{"@id":"https://patrimoine.lamayenne.fr/jublains/#website"},"primaryImageOfPage":{"@id":"https://patrimoine.lamayenne.fr/jublains/evenements/jublains-visite-a-trois-voix/#primaryimage"},"image":{"@id":"https://patrimoine.lamayenne.fr/jublains/evenements/jublains-visite-a-trois-voix/#primaryimage"},"thumbnailUrl":"https://patrimoine.lamayenne.fr/jublains/wp-content/uploads/2025/02/006_part.jpg","datePublished":"2025-02-08T15:02:12+00:00","dateModified":"2025-02-10T13:12:53+00:00","description":"une visite menée par une archéologue, un guide-conférencier du Pays d'art et d'histoire Coëvrons-Mayenne et une médiatrice du musée.","breadcrumb":{"@id":"https://patrimoine.lamayenne.fr/jublains/evenements/jublains-visite-a-trois-voix/#breadcrumb"},"inLanguage":"fr-FR","potentialAction":[{"@type":"ReadAction","target":["https://patrimoine.lamayenne.fr/jublains/evenements/jublains-visite-a-trois-voix/"]}]},{"@type":"ImageObject","inLanguage":"fr-FR","@id":"https://patrimoine.lamayenne.fr/jublains/evenements/jublains-visite-a-trois-voix/#primaryimage","url":"https://patrimoine.lamayenne.fr/jublains/wp-content/uploads/2025/02/006_part.jpg","contentUrl":"https://patrimoine.lamayenne.fr/jublains/wp-content/uploads/2025/02/006_part.jpg","width":425,"height":283,"caption":"Crédit Gilles Leroux"},{"@type":"BreadcrumbList","@id":"https://patrimoine.lamayenne.fr/jublains/evenements/jublains-visite-a-trois-voix/#breadcrumb","itemListElement":[{"@type":"ListItem","position":1,"name":"Accueil","item":"https://patrimoine.lamayenne.fr/jublains/"},{"@type":"ListItem","position":2,"name":"JUBLAINS : VISITE A TROIS VOIX"}]},{"@type":"WebSite","@id":"https://patrimoine.lamayenne.fr/jublains/#website","url":"https://patrimoine.lamayenne.fr/jublains/","name":"Jublains","description":"","publisher":{"@id":"https://patrimoine.lamayenne.fr/jublains/#organization"},"potentialAction":[{"@type":"SearchAction","target":{"@type":"EntryPoint","urlTemplate":"https://patrimoine.lamayenne.fr/jublains/?s={search_term_string}"},"query-input":{"@type":"PropertyValueSpecification","valueRequired":true,"valueName":"search_term_string"}}],"inLanguage":"fr-FR"},{"@type":"Organization","@id":"https://patrimoine.lamayenne.fr/jublains/#organization","name":"Jublains","url":"https://patrimoine.lamayenne.fr/jublains/","logo":{"@type":"ImageObject","inLanguage":"fr-FR","@id":"https://patrimoine.lamayenne.fr/jublains/#/schema/logo/image/","url":"https://patrimoine.lamayenne.fr/jublains/wp-content/uploads/2022/04/logos_jublains_quadri.svg","contentUrl":"https://patrimoine.lamayenne.fr/jublains/wp-content/uploads/2022/04/logos_jublains_quadri.svg","width":1,"height":1,"caption":"Jublains"},"image":{"@id":"https://patrimoine.lamayenne.fr/jublains/#/schema/logo/image/"},"sameAs":["https://www.facebook.com/departement.lamayenne","https://x.com/lamayenne","https://www.instagram.com/la.mayenne/","https://www.youtube.com/user/LaMayenneTV"]}]}</script>
<!-- / Yoast SEO plugin. -->

une visite menée par une archéologue, un guide-conférencier du Pays d'art et d'histoire Coëvrons-Mayenne et une médiatrice du musée.

Crédit Gilles Leroux
