{"id":3508,"date":"2025-03-08T11:15:29","date_gmt":"2025-03-08T10:15:29","guid":{"rendered":"https:\/\/patrimoine.lamayenne.fr\/jublains\/?post_type=evenements&#038;p=3508"},"modified":"2025-03-18T16:49:21","modified_gmt":"2025-03-18T15:49:21","slug":"lecture-spectacle-aki","status":"publish","type":"evenements","link":"https:\/\/patrimoine.lamayenne.fr\/jublains\/evenements\/lecture-spectacle-aki\/","title":{"rendered":"lecture-spectacle AKI"},"content":{"rendered":"\n<p>Com\u00e9dienne, Lise Moulin r\u00eave de voyager un jour au Japon. Elle vous invite \u00e0 l\u2019accompagner gr\u00e2ce \u00e0 l\u2019art de la lecture des romans d\u2019Aki Shimazaki. Dans un d\u00e9cor propice \u00e0 l\u2019\u00e9vocation, elle porte les mots de cet auteur qui r\u00e9ussit avec grande \u00e9motion \u00e0 dresser une palette de personnages riches et sensibles. La lecture-spectacle est simultan\u00e9ment traduite en LSF par Sabine Rouy.<\/p>\n\n\n<ul class=\"links flex\">\n  \t  <li>\n\t\t<a href=\"https:\/\/patrimoine.lamayenne.fr\/jublains\/wp-content\/uploads\/2025\/03\/Programme_Le-mois-de-laccessibilite-en-Mayenne-2025_BD.pdf\" target=\"_blank\" class=\"link\">Programme le mois de l&rsquo;accessibilit\u00e9<\/a>\n\t  <\/li>\n\t  <\/ul>\n\n\n\n<blockquote class=\"wp-block-quote is-layout-flow wp-block-quote-is-layout-flow\">\n<figure class=\"wp-block-image size-full\"><img decoding=\"async\" width=\"727\" height=\"464\" data-src=\"https:\/\/patrimoine.lamayenne.fr\/jublains\/wp-content\/uploads\/2022\/04\/journee-nationale-tourisme-et-handicap.jpg\" alt=\"\" class=\"wp-image-1000 lazyload\" data-srcset=\"https:\/\/patrimoine.lamayenne.fr\/jublains\/wp-content\/uploads\/2022\/04\/journee-nationale-tourisme-et-handicap.jpg 727w, https:\/\/patrimoine.lamayenne.fr\/jublains\/wp-content\/uploads\/2022\/04\/journee-nationale-tourisme-et-handicap-300x191.jpg 300w\" data-sizes=\"(max-width: 727px) 100vw, 727px\" src=\"data:image\/svg+xml;base64,PHN2ZyB3aWR0aD0iMSIgaGVpZ2h0PSIxIiB4bWxucz0iaHR0cDovL3d3dy53My5vcmcvMjAwMC9zdmciPjwvc3ZnPg==\" style=\"--smush-placeholder-width: 727px; --smush-placeholder-aspect-ratio: 727\/464;\" \/><\/figure>\n<\/blockquote>\n\n\n\n<p>Sabine ROUY, traductrice LSF intervenant r\u00e9guli\u00e8rement au mus\u00e9e arch\u00e9ologique de Jublains.<\/p>\n","protected":false},"featured_media":3509,"template":"","meta":{"_acf_changed":false,"footnotes":""},"evt_type":[6],"class_list":["post-3508","evenements","type-evenements","status-publish","has-post-thumbnail","hentry","evt_type-spectacles"],"acf":{"titre":"Lecture-spectacle aki","sous_titre":"Traduit en LSF","mention":"","date_debut":"20250427","date_fin":"20250427","heure_debut":15,"minutes_debut":"","heure_fin":16,"minutes_fin":15,"tarifs":"Gratuit, dans le cadre du Mois de l'accessibilit\u00e9 en Mayenne\r\nR\u00e9servation conseill\u00e9e, places limit\u00e9es","public":"all","lieu":"Mus\u00e9e arch\u00e9ologique d\u00e9partemental","handicap":"handicap"},"yoast_head":"<!-- This site is optimized with the Yoast SEO plugin v25.8 - https:\/\/yoast.com\/wordpress\/plugins\/seo\/ -->\n<title>lecture-spectacle AKI - Jublains<\/title>\n<meta name=\"description\" content=\"La lecture-spectacle est simultan\u00e9ment traduite en LSF par Sabine Rouy. Ev\u00e8nement dans le cadre du Mois de l&#039;accessibilit\u00e9 en Mayenne\" \/>\n<meta name=\"robots\" content=\"index, follow, max-snippet:-1, max-image-preview:large, max-video-preview:-1\" \/>\n<link rel=\"canonical\" href=\"https:\/\/patrimoine.lamayenne.fr\/jublains\/evenements\/lecture-spectacle-aki\/\" \/>\n<meta name=\"twitter:card\" content=\"summary_large_image\" \/>\n<meta name=\"twitter:title\" content=\"lecture-spectacle AKI - Jublains\" \/>\n<meta name=\"twitter:description\" content=\"La lecture-spectacle est simultan\u00e9ment traduite en LSF par Sabine Rouy. Ev\u00e8nement dans le cadre du Mois de l&#039;accessibilit\u00e9 en Mayenne\" \/>\n<meta name=\"twitter:image\" content=\"https:\/\/patrimoine.lamayenne.fr\/jublains\/wp-content\/uploads\/2025\/03\/lecture_spectacle_AKI.jpg\" \/>\n<meta name=\"twitter:site\" content=\"@lamayenne\" \/>\n<meta name=\"twitter:label1\" content=\"Dur\u00e9e de lecture estim\u00e9e\" \/>\n\t<meta name=\"twitter:data1\" content=\"1 minute\" \/>\n<script type=\"application\/ld+json\" class=\"yoast-schema-graph\">{\"@context\":\"https:\/\/schema.org\",\"@graph\":[{\"@type\":\"WebPage\",\"@id\":\"https:\/\/patrimoine.lamayenne.fr\/jublains\/evenements\/lecture-spectacle-aki\/\",\"url\":\"https:\/\/patrimoine.lamayenne.fr\/jublains\/evenements\/lecture-spectacle-aki\/\",\"name\":\"lecture-spectacle AKI - Jublains\",\"isPartOf\":{\"@id\":\"https:\/\/patrimoine.lamayenne.fr\/jublains\/#website\"},\"primaryImageOfPage\":{\"@id\":\"https:\/\/patrimoine.lamayenne.fr\/jublains\/evenements\/lecture-spectacle-aki\/#primaryimage\"},\"image\":{\"@id\":\"https:\/\/patrimoine.lamayenne.fr\/jublains\/evenements\/lecture-spectacle-aki\/#primaryimage\"},\"thumbnailUrl\":\"https:\/\/patrimoine.lamayenne.fr\/jublains\/wp-content\/uploads\/2025\/03\/lecture_spectacle_AKI.jpg\",\"datePublished\":\"2025-03-08T10:15:29+00:00\",\"dateModified\":\"2025-03-18T15:49:21+00:00\",\"description\":\"La lecture-spectacle est simultan\u00e9ment traduite en LSF par Sabine Rouy. Ev\u00e8nement dans le cadre du Mois de l'accessibilit\u00e9 en Mayenne\",\"breadcrumb\":{\"@id\":\"https:\/\/patrimoine.lamayenne.fr\/jublains\/evenements\/lecture-spectacle-aki\/#breadcrumb\"},\"inLanguage\":\"fr-FR\",\"potentialAction\":[{\"@type\":\"ReadAction\",\"target\":[\"https:\/\/patrimoine.lamayenne.fr\/jublains\/evenements\/lecture-spectacle-aki\/\"]}]},{\"@type\":\"ImageObject\",\"inLanguage\":\"fr-FR\",\"@id\":\"https:\/\/patrimoine.lamayenne.fr\/jublains\/evenements\/lecture-spectacle-aki\/#primaryimage\",\"url\":\"https:\/\/patrimoine.lamayenne.fr\/jublains\/wp-content\/uploads\/2025\/03\/lecture_spectacle_AKI.jpg\",\"contentUrl\":\"https:\/\/patrimoine.lamayenne.fr\/jublains\/wp-content\/uploads\/2025\/03\/lecture_spectacle_AKI.jpg\",\"width\":1337,\"height\":1003},{\"@type\":\"BreadcrumbList\",\"@id\":\"https:\/\/patrimoine.lamayenne.fr\/jublains\/evenements\/lecture-spectacle-aki\/#breadcrumb\",\"itemListElement\":[{\"@type\":\"ListItem\",\"position\":1,\"name\":\"Accueil\",\"item\":\"https:\/\/patrimoine.lamayenne.fr\/jublains\/\"},{\"@type\":\"ListItem\",\"position\":2,\"name\":\"lecture-spectacle AKI\"}]},{\"@type\":\"WebSite\",\"@id\":\"https:\/\/patrimoine.lamayenne.fr\/jublains\/#website\",\"url\":\"https:\/\/patrimoine.lamayenne.fr\/jublains\/\",\"name\":\"Jublains\",\"description\":\"\",\"publisher\":{\"@id\":\"https:\/\/patrimoine.lamayenne.fr\/jublains\/#organization\"},\"potentialAction\":[{\"@type\":\"SearchAction\",\"target\":{\"@type\":\"EntryPoint\",\"urlTemplate\":\"https:\/\/patrimoine.lamayenne.fr\/jublains\/?s={search_term_string}\"},\"query-input\":{\"@type\":\"PropertyValueSpecification\",\"valueRequired\":true,\"valueName\":\"search_term_string\"}}],\"inLanguage\":\"fr-FR\"},{\"@type\":\"Organization\",\"@id\":\"https:\/\/patrimoine.lamayenne.fr\/jublains\/#organization\",\"name\":\"Jublains\",\"url\":\"https:\/\/patrimoine.lamayenne.fr\/jublains\/\",\"logo\":{\"@type\":\"ImageObject\",\"inLanguage\":\"fr-FR\",\"@id\":\"https:\/\/patrimoine.lamayenne.fr\/jublains\/#\/schema\/logo\/image\/\",\"url\":\"https:\/\/patrimoine.lamayenne.fr\/jublains\/wp-content\/uploads\/2022\/04\/logos_jublains_quadri.svg\",\"contentUrl\":\"https:\/\/patrimoine.lamayenne.fr\/jublains\/wp-content\/uploads\/2022\/04\/logos_jublains_quadri.svg\",\"width\":1,\"height\":1,\"caption\":\"Jublains\"},\"image\":{\"@id\":\"https:\/\/patrimoine.lamayenne.fr\/jublains\/#\/schema\/logo\/image\/\"},\"sameAs\":[\"https:\/\/www.facebook.com\/departement.lamayenne\",\"https:\/\/x.com\/lamayenne\",\"https:\/\/www.instagram.com\/la.mayenne\/\",\"https:\/\/www.youtube.com\/user\/LaMayenneTV\"]}]}<\/script>\n<!-- \/ Yoast SEO plugin. -->","yoast_head_json":{"title":"lecture-spectacle AKI - Jublains","description":"La lecture-spectacle est simultan\u00e9ment traduite en LSF par Sabine Rouy. Ev\u00e8nement dans le cadre du Mois de l'accessibilit\u00e9 en Mayenne","robots":{"index":"index","follow":"follow","max-snippet":"max-snippet:-1","max-image-preview":"max-image-preview:large","max-video-preview":"max-video-preview:-1"},"canonical":"https:\/\/patrimoine.lamayenne.fr\/jublains\/evenements\/lecture-spectacle-aki\/","twitter_card":"summary_large_image","twitter_title":"lecture-spectacle AKI - Jublains","twitter_description":"La lecture-spectacle est simultan\u00e9ment traduite en LSF par Sabine Rouy. Ev\u00e8nement dans le cadre du Mois de l'accessibilit\u00e9 en Mayenne","twitter_image":"https:\/\/patrimoine.lamayenne.fr\/jublains\/wp-content\/uploads\/2025\/03\/lecture_spectacle_AKI.jpg","twitter_site":"@lamayenne","twitter_misc":{"Dur\u00e9e de lecture estim\u00e9e":"1 minute"},"schema":{"@context":"https:\/\/schema.org","@graph":[{"@type":"WebPage","@id":"https:\/\/patrimoine.lamayenne.fr\/jublains\/evenements\/lecture-spectacle-aki\/","url":"https:\/\/patrimoine.lamayenne.fr\/jublains\/evenements\/lecture-spectacle-aki\/","name":"lecture-spectacle AKI - Jublains","isPartOf":{"@id":"https:\/\/patrimoine.lamayenne.fr\/jublains\/#website"},"primaryImageOfPage":{"@id":"https:\/\/patrimoine.lamayenne.fr\/jublains\/evenements\/lecture-spectacle-aki\/#primaryimage"},"image":{"@id":"https:\/\/patrimoine.lamayenne.fr\/jublains\/evenements\/lecture-spectacle-aki\/#primaryimage"},"thumbnailUrl":"https:\/\/patrimoine.lamayenne.fr\/jublains\/wp-content\/uploads\/2025\/03\/lecture_spectacle_AKI.jpg","datePublished":"2025-03-08T10:15:29+00:00","dateModified":"2025-03-18T15:49:21+00:00","description":"La lecture-spectacle est simultan\u00e9ment traduite en LSF par Sabine Rouy. Ev\u00e8nement dans le cadre du Mois de l'accessibilit\u00e9 en Mayenne","breadcrumb":{"@id":"https:\/\/patrimoine.lamayenne.fr\/jublains\/evenements\/lecture-spectacle-aki\/#breadcrumb"},"inLanguage":"fr-FR","potentialAction":[{"@type":"ReadAction","target":["https:\/\/patrimoine.lamayenne.fr\/jublains\/evenements\/lecture-spectacle-aki\/"]}]},{"@type":"ImageObject","inLanguage":"fr-FR","@id":"https:\/\/patrimoine.lamayenne.fr\/jublains\/evenements\/lecture-spectacle-aki\/#primaryimage","url":"https:\/\/patrimoine.lamayenne.fr\/jublains\/wp-content\/uploads\/2025\/03\/lecture_spectacle_AKI.jpg","contentUrl":"https:\/\/patrimoine.lamayenne.fr\/jublains\/wp-content\/uploads\/2025\/03\/lecture_spectacle_AKI.jpg","width":1337,"height":1003},{"@type":"BreadcrumbList","@id":"https:\/\/patrimoine.lamayenne.fr\/jublains\/evenements\/lecture-spectacle-aki\/#breadcrumb","itemListElement":[{"@type":"ListItem","position":1,"name":"Accueil","item":"https:\/\/patrimoine.lamayenne.fr\/jublains\/"},{"@type":"ListItem","position":2,"name":"lecture-spectacle AKI"}]},{"@type":"WebSite","@id":"https:\/\/patrimoine.lamayenne.fr\/jublains\/#website","url":"https:\/\/patrimoine.lamayenne.fr\/jublains\/","name":"Jublains","description":"","publisher":{"@id":"https:\/\/patrimoine.lamayenne.fr\/jublains\/#organization"},"potentialAction":[{"@type":"SearchAction","target":{"@type":"EntryPoint","urlTemplate":"https:\/\/patrimoine.lamayenne.fr\/jublains\/?s={search_term_string}"},"query-input":{"@type":"PropertyValueSpecification","valueRequired":true,"valueName":"search_term_string"}}],"inLanguage":"fr-FR"},{"@type":"Organization","@id":"https:\/\/patrimoine.lamayenne.fr\/jublains\/#organization","name":"Jublains","url":"https:\/\/patrimoine.lamayenne.fr\/jublains\/","logo":{"@type":"ImageObject","inLanguage":"fr-FR","@id":"https:\/\/patrimoine.lamayenne.fr\/jublains\/#\/schema\/logo\/image\/","url":"https:\/\/patrimoine.lamayenne.fr\/jublains\/wp-content\/uploads\/2022\/04\/logos_jublains_quadri.svg","contentUrl":"https:\/\/patrimoine.lamayenne.fr\/jublains\/wp-content\/uploads\/2022\/04\/logos_jublains_quadri.svg","width":1,"height":1,"caption":"Jublains"},"image":{"@id":"https:\/\/patrimoine.lamayenne.fr\/jublains\/#\/schema\/logo\/image\/"},"sameAs":["https:\/\/www.facebook.com\/departement.lamayenne","https:\/\/x.com\/lamayenne","https:\/\/www.instagram.com\/la.mayenne\/","https:\/\/www.youtube.com\/user\/LaMayenneTV"]}]}},"_links":{"self":[{"href":"https:\/\/patrimoine.lamayenne.fr\/jublains\/wp-json\/wp\/v2\/evenements\/3508","targetHints":{"allow":["GET"]}}],"collection":[{"href":"https:\/\/patrimoine.lamayenne.fr\/jublains\/wp-json\/wp\/v2\/evenements"}],"about":[{"href":"https:\/\/patrimoine.lamayenne.fr\/jublains\/wp-json\/wp\/v2\/types\/evenements"}],"version-history":[{"count":6,"href":"https:\/\/patrimoine.lamayenne.fr\/jublains\/wp-json\/wp\/v2\/evenements\/3508\/revisions"}],"predecessor-version":[{"id":3547,"href":"https:\/\/patrimoine.lamayenne.fr\/jublains\/wp-json\/wp\/v2\/evenements\/3508\/revisions\/3547"}],"wp:featuredmedia":[{"embeddable":true,"href":"https:\/\/patrimoine.lamayenne.fr\/jublains\/wp-json\/wp\/v2\/media\/3509"}],"wp:attachment":[{"href":"https:\/\/patrimoine.lamayenne.fr\/jublains\/wp-json\/wp\/v2\/media?parent=3508"}],"wp:term":[{"taxonomy":"evt_type","embeddable":true,"href":"https:\/\/patrimoine.lamayenne.fr\/jublains\/wp-json\/wp\/v2\/evt_type?post=3508"}],"curies":[{"name":"wp","href":"https:\/\/api.w.org\/{rel}","templated":true}]}}

<p>Comédienne, Lise Moulin rêve de voyager un jour au Japon. Elle vous invite à l’accompagner grâce à l’art de la lecture des romans d’Aki Shimazaki. Dans un décor propice à l’évocation, elle porte les mots de cet auteur qui réussit avec grande émotion à dresser une palette de personnages riches et sensibles. La lecture-spectacle est simultanément traduite en LSF par Sabine Rouy.</p>


<ul class="links flex">
  	  <li>
		<a href="https://patrimoine.lamayenne.fr/jublains/wp-content/uploads/2025/03/Programme_Le-mois-de-laccessibilite-en-Mayenne-2025_BD.pdf" target="_blank" class="link">Programme le mois de l&rsquo;accessibilité</a>
	  </li>
	  </ul>



<blockquote class="wp-block-quote is-layout-flow wp-block-quote-is-layout-flow">
<figure class="wp-block-image size-full"><img decoding="async" width="727" height="464" data-src="https://patrimoine.lamayenne.fr/jublains/wp-content/uploads/2022/04/journee-nationale-tourisme-et-handicap.jpg" alt="" class="wp-image-1000 lazyload" data-srcset="https://patrimoine.lamayenne.fr/jublains/wp-content/uploads/2022/04/journee-nationale-tourisme-et-handicap.jpg 727w, https://patrimoine.lamayenne.fr/jublains/wp-content/uploads/2022/04/journee-nationale-tourisme-et-handicap-300x191.jpg 300w" data-sizes="(max-width: 727px) 100vw, 727px" src="data:image/svg+xml;base64,PHN2ZyB3aWR0aD0iMSIgaGVpZ2h0PSIxIiB4bWxucz0iaHR0cDovL3d3dy53My5vcmcvMjAwMC9zdmciPjwvc3ZnPg==" style="--smush-placeholder-width: 727px; --smush-placeholder-aspect-ratio: 727/464;" /></figure>
</blockquote>



<p>Sabine ROUY, traductrice LSF intervenant régulièrement au musée archéologique de Jublains.</p>

Gratuit, dans le cadre du Mois de l'accessibilité en Mayenne
Réservation conseillée, places limitées

Musée archéologique départemental

<!-- This site is optimized with the Yoast SEO plugin v25.8 - https://yoast.com/wordpress/plugins/seo/ -->
<title>lecture-spectacle AKI - Jublains</title>
<meta name="description" content="La lecture-spectacle est simultanément traduite en LSF par Sabine Rouy. Evènement dans le cadre du Mois de l&#039;accessibilité en Mayenne" />
<meta name="robots" content="index, follow, max-snippet:-1, max-image-preview:large, max-video-preview:-1" />
<link rel="canonical" href="https://patrimoine.lamayenne.fr/jublains/evenements/lecture-spectacle-aki/" />
<meta name="twitter:card" content="summary_large_image" />
<meta name="twitter:title" content="lecture-spectacle AKI - Jublains" />
<meta name="twitter:description" content="La lecture-spectacle est simultanément traduite en LSF par Sabine Rouy. Evènement dans le cadre du Mois de l&#039;accessibilité en Mayenne" />
<meta name="twitter:image" content="https://patrimoine.lamayenne.fr/jublains/wp-content/uploads/2025/03/lecture_spectacle_AKI.jpg" />
<meta name="twitter:site" content="@lamayenne" />
<meta name="twitter:label1" content="Durée de lecture estimée" />
	<meta name="twitter:data1" content="1 minute" />
<script type="application/ld+json" class="yoast-schema-graph">{"@context":"https://schema.org","@graph":[{"@type":"WebPage","@id":"https://patrimoine.lamayenne.fr/jublains/evenements/lecture-spectacle-aki/","url":"https://patrimoine.lamayenne.fr/jublains/evenements/lecture-spectacle-aki/","name":"lecture-spectacle AKI - Jublains","isPartOf":{"@id":"https://patrimoine.lamayenne.fr/jublains/#website"},"primaryImageOfPage":{"@id":"https://patrimoine.lamayenne.fr/jublains/evenements/lecture-spectacle-aki/#primaryimage"},"image":{"@id":"https://patrimoine.lamayenne.fr/jublains/evenements/lecture-spectacle-aki/#primaryimage"},"thumbnailUrl":"https://patrimoine.lamayenne.fr/jublains/wp-content/uploads/2025/03/lecture_spectacle_AKI.jpg","datePublished":"2025-03-08T10:15:29+00:00","dateModified":"2025-03-18T15:49:21+00:00","description":"La lecture-spectacle est simultanément traduite en LSF par Sabine Rouy. Evènement dans le cadre du Mois de l'accessibilité en Mayenne","breadcrumb":{"@id":"https://patrimoine.lamayenne.fr/jublains/evenements/lecture-spectacle-aki/#breadcrumb"},"inLanguage":"fr-FR","potentialAction":[{"@type":"ReadAction","target":["https://patrimoine.lamayenne.fr/jublains/evenements/lecture-spectacle-aki/"]}]},{"@type":"ImageObject","inLanguage":"fr-FR","@id":"https://patrimoine.lamayenne.fr/jublains/evenements/lecture-spectacle-aki/#primaryimage","url":"https://patrimoine.lamayenne.fr/jublains/wp-content/uploads/2025/03/lecture_spectacle_AKI.jpg","contentUrl":"https://patrimoine.lamayenne.fr/jublains/wp-content/uploads/2025/03/lecture_spectacle_AKI.jpg","width":1337,"height":1003},{"@type":"BreadcrumbList","@id":"https://patrimoine.lamayenne.fr/jublains/evenements/lecture-spectacle-aki/#breadcrumb","itemListElement":[{"@type":"ListItem","position":1,"name":"Accueil","item":"https://patrimoine.lamayenne.fr/jublains/"},{"@type":"ListItem","position":2,"name":"lecture-spectacle AKI"}]},{"@type":"WebSite","@id":"https://patrimoine.lamayenne.fr/jublains/#website","url":"https://patrimoine.lamayenne.fr/jublains/","name":"Jublains","description":"","publisher":{"@id":"https://patrimoine.lamayenne.fr/jublains/#organization"},"potentialAction":[{"@type":"SearchAction","target":{"@type":"EntryPoint","urlTemplate":"https://patrimoine.lamayenne.fr/jublains/?s={search_term_string}"},"query-input":{"@type":"PropertyValueSpecification","valueRequired":true,"valueName":"search_term_string"}}],"inLanguage":"fr-FR"},{"@type":"Organization","@id":"https://patrimoine.lamayenne.fr/jublains/#organization","name":"Jublains","url":"https://patrimoine.lamayenne.fr/jublains/","logo":{"@type":"ImageObject","inLanguage":"fr-FR","@id":"https://patrimoine.lamayenne.fr/jublains/#/schema/logo/image/","url":"https://patrimoine.lamayenne.fr/jublains/wp-content/uploads/2022/04/logos_jublains_quadri.svg","contentUrl":"https://patrimoine.lamayenne.fr/jublains/wp-content/uploads/2022/04/logos_jublains_quadri.svg","width":1,"height":1,"caption":"Jublains"},"image":{"@id":"https://patrimoine.lamayenne.fr/jublains/#/schema/logo/image/"},"sameAs":["https://www.facebook.com/departement.lamayenne","https://x.com/lamayenne","https://www.instagram.com/la.mayenne/","https://www.youtube.com/user/LaMayenneTV"]}]}</script>
<!-- / Yoast SEO plugin. -->

La lecture-spectacle est simultanément traduite en LSF par Sabine Rouy. Evènement dans le cadre du Mois de l'accessibilité en Mayenne
