{"id":4072,"date":"2026-03-06T14:41:20","date_gmt":"2026-03-06T13:41:20","guid":{"rendered":"https:\/\/patrimoine.lamayenne.fr\/jublains\/?post_type=evenements&#038;p=4072"},"modified":"2026-03-06T14:46:09","modified_gmt":"2026-03-06T13:46:09","slug":"mission-arkeoeufs-logique","status":"publish","type":"evenements","link":"https:\/\/patrimoine.lamayenne.fr\/jublains\/evenements\/mission-arkeoeufs-logique\/","title":{"rendered":"Mission\u00a0Ark\u00e9OEUFS&#8230;logique\u00a0!\u00a0"},"content":{"rendered":"\n<p>Le jour de P\u00e2ques, parcourez en famille\u00a0le\u00a0site arch\u00e9ologique de Jublains\u00a0et\u00a0retrouvez\u00a0l\u2019objet\u00a0myst\u00e8re\u00a0de l\u2019arch\u00e9ologue.\u00a0Pour commencer, r\u00e9cup\u00e9rez par \u00e9quipe une boite \u00e0 \u0153ufs puis\u00a0cheminez\u00a0en direction des monuments qui composent la ville antique de\u00a0<em>Noviodunum<\/em>.\u00a0\u00c0\u00a0chaque\u00a0\u00e9tape, r\u00e9cup\u00e9rer un\u00a0\u0153uf\u00a0de couleur\u00a0puis glissez-le dans votre boite.\u00a0En fin de\u00a0parcours,\u00a0un double d\u00e9fi vous attend\u00a0:\u00a0pr\u00e9senter les\u00a05\u00a0\u0153ufs\u00a0de couleurs\u00a0et\u00a0identifier\u00a0le nom\u00a0de\u00a0l\u2019objet myst\u00e8re !\u00a0En cas de succ\u00e8s, vous recevrez\u00a0alors un v\u00e9ritable \u0153uf en chocolat pour compl\u00e9ter votre \u00e9tui.\u00a0\u00a0<\/p>\n\n\n\n<p><em>D\u00e9part du parcours : Mus\u00e9e arch\u00e9ologique de Jublains <\/em><\/p>\n\n\n\n<p><em>Renseignements au 02 43 58 13 20  <\/em><\/p>\n\n\n\n<p><\/p>\n","protected":false},"featured_media":3454,"template":"","meta":{"_acf_changed":false,"footnotes":""},"evt_type":[],"class_list":["post-4072","evenements","type-evenements","status-publish","has-post-thumbnail","hentry"],"acf":{"titre":"Mission\u00a0Ark\u00e9OEUFS...logique\u00a0!\u00a0","sous_titre":"Parcours en famille ","mention":"","date_debut":"20260405","date_fin":"20260405","heure_debut":10,"minutes_debut":0,"heure_fin":18,"minutes_fin":0,"tarifs":"Gratuit (premier dimanche du mois) ","public":"all","lieu":"Site antique de Jublains ","handicap":"none"},"yoast_head":"<!-- This site is optimized with the Yoast SEO plugin v25.8 - https:\/\/yoast.com\/wordpress\/plugins\/seo\/ -->\n<title>Mission\u00a0Ark\u00e9OEUFS...logique\u00a0!\u00a0 - Jublains<\/title>\n<meta name=\"robots\" content=\"index, follow, max-snippet:-1, max-image-preview:large, max-video-preview:-1\" \/>\n<link rel=\"canonical\" href=\"https:\/\/patrimoine.lamayenne.fr\/jublains\/evenements\/mission-arkeoeufs-logique\/\" \/>\n<meta name=\"twitter:card\" content=\"summary_large_image\" \/>\n<meta name=\"twitter:title\" content=\"Mission\u00a0Ark\u00e9OEUFS...logique\u00a0!\u00a0 - Jublains\" \/>\n<meta name=\"twitter:description\" content=\"Le jour de P\u00e2ques, parcourez en famille\u00a0le\u00a0site arch\u00e9ologique de Jublains\u00a0et\u00a0retrouvez\u00a0l\u2019objet\u00a0myst\u00e8re\u00a0de l\u2019arch\u00e9ologue.\u00a0Pour commencer, r\u00e9cup\u00e9rez par \u00e9quipe une boite \u00e0 \u0153ufs puis\u00a0cheminez\u00a0en direction des monuments qui composent la ville antique de\u00a0Noviodunum.\u00a0\u00c0\u00a0chaque\u00a0\u00e9tape, r\u00e9cup\u00e9rer un\u00a0\u0153uf\u00a0de couleur\u00a0puis glissez-le dans votre boite.\u00a0En fin de\u00a0parcours,\u00a0un double d\u00e9fi vous attend\u00a0:\u00a0pr\u00e9senter les\u00a05\u00a0\u0153ufs\u00a0de couleurs\u00a0et\u00a0identifier\u00a0le nom\u00a0de\u00a0l\u2019objet myst\u00e8re !\u00a0En cas de succ\u00e8s, vous recevrez\u00a0alors un v\u00e9ritable \u0153uf [&hellip;]\" \/>\n<meta name=\"twitter:image\" content=\"https:\/\/patrimoine.lamayenne.fr\/jublains\/wp-content\/uploads\/2025\/02\/006_part.jpg\" \/>\n<meta name=\"twitter:site\" content=\"@lamayenne\" \/>\n<meta name=\"twitter:label1\" content=\"Dur\u00e9e de lecture estim\u00e9e\" \/>\n\t<meta name=\"twitter:data1\" content=\"1 minute\" \/>\n<script type=\"application\/ld+json\" class=\"yoast-schema-graph\">{\"@context\":\"https:\/\/schema.org\",\"@graph\":[{\"@type\":\"WebPage\",\"@id\":\"https:\/\/patrimoine.lamayenne.fr\/jublains\/evenements\/mission-arkeoeufs-logique\/\",\"url\":\"https:\/\/patrimoine.lamayenne.fr\/jublains\/evenements\/mission-arkeoeufs-logique\/\",\"name\":\"Mission\u00a0Ark\u00e9OEUFS...logique\u00a0!\u00a0 - Jublains\",\"isPartOf\":{\"@id\":\"https:\/\/patrimoine.lamayenne.fr\/jublains\/#website\"},\"primaryImageOfPage\":{\"@id\":\"https:\/\/patrimoine.lamayenne.fr\/jublains\/evenements\/mission-arkeoeufs-logique\/#primaryimage\"},\"image\":{\"@id\":\"https:\/\/patrimoine.lamayenne.fr\/jublains\/evenements\/mission-arkeoeufs-logique\/#primaryimage\"},\"thumbnailUrl\":\"https:\/\/patrimoine.lamayenne.fr\/jublains\/wp-content\/uploads\/2025\/02\/006_part.jpg\",\"datePublished\":\"2026-03-06T13:41:20+00:00\",\"dateModified\":\"2026-03-06T13:46:09+00:00\",\"breadcrumb\":{\"@id\":\"https:\/\/patrimoine.lamayenne.fr\/jublains\/evenements\/mission-arkeoeufs-logique\/#breadcrumb\"},\"inLanguage\":\"fr-FR\",\"potentialAction\":[{\"@type\":\"ReadAction\",\"target\":[\"https:\/\/patrimoine.lamayenne.fr\/jublains\/evenements\/mission-arkeoeufs-logique\/\"]}]},{\"@type\":\"ImageObject\",\"inLanguage\":\"fr-FR\",\"@id\":\"https:\/\/patrimoine.lamayenne.fr\/jublains\/evenements\/mission-arkeoeufs-logique\/#primaryimage\",\"url\":\"https:\/\/patrimoine.lamayenne.fr\/jublains\/wp-content\/uploads\/2025\/02\/006_part.jpg\",\"contentUrl\":\"https:\/\/patrimoine.lamayenne.fr\/jublains\/wp-content\/uploads\/2025\/02\/006_part.jpg\",\"width\":425,\"height\":283,\"caption\":\"Cr\u00e9dit Gilles Leroux\"},{\"@type\":\"BreadcrumbList\",\"@id\":\"https:\/\/patrimoine.lamayenne.fr\/jublains\/evenements\/mission-arkeoeufs-logique\/#breadcrumb\",\"itemListElement\":[{\"@type\":\"ListItem\",\"position\":1,\"name\":\"Accueil\",\"item\":\"https:\/\/patrimoine.lamayenne.fr\/jublains\/\"},{\"@type\":\"ListItem\",\"position\":2,\"name\":\"Mission\u00a0Ark\u00e9OEUFS&#8230;logique\u00a0!\u00a0\"}]},{\"@type\":\"WebSite\",\"@id\":\"https:\/\/patrimoine.lamayenne.fr\/jublains\/#website\",\"url\":\"https:\/\/patrimoine.lamayenne.fr\/jublains\/\",\"name\":\"Jublains\",\"description\":\"\",\"publisher\":{\"@id\":\"https:\/\/patrimoine.lamayenne.fr\/jublains\/#organization\"},\"potentialAction\":[{\"@type\":\"SearchAction\",\"target\":{\"@type\":\"EntryPoint\",\"urlTemplate\":\"https:\/\/patrimoine.lamayenne.fr\/jublains\/?s={search_term_string}\"},\"query-input\":{\"@type\":\"PropertyValueSpecification\",\"valueRequired\":true,\"valueName\":\"search_term_string\"}}],\"inLanguage\":\"fr-FR\"},{\"@type\":\"Organization\",\"@id\":\"https:\/\/patrimoine.lamayenne.fr\/jublains\/#organization\",\"name\":\"Jublains\",\"url\":\"https:\/\/patrimoine.lamayenne.fr\/jublains\/\",\"logo\":{\"@type\":\"ImageObject\",\"inLanguage\":\"fr-FR\",\"@id\":\"https:\/\/patrimoine.lamayenne.fr\/jublains\/#\/schema\/logo\/image\/\",\"url\":\"https:\/\/patrimoine.lamayenne.fr\/jublains\/wp-content\/uploads\/2022\/04\/logos_jublains_quadri.svg\",\"contentUrl\":\"https:\/\/patrimoine.lamayenne.fr\/jublains\/wp-content\/uploads\/2022\/04\/logos_jublains_quadri.svg\",\"width\":1,\"height\":1,\"caption\":\"Jublains\"},\"image\":{\"@id\":\"https:\/\/patrimoine.lamayenne.fr\/jublains\/#\/schema\/logo\/image\/\"},\"sameAs\":[\"https:\/\/www.facebook.com\/departement.lamayenne\",\"https:\/\/x.com\/lamayenne\",\"https:\/\/www.instagram.com\/la.mayenne\/\",\"https:\/\/www.youtube.com\/user\/LaMayenneTV\"]}]}<\/script>\n<!-- \/ Yoast SEO plugin. -->","yoast_head_json":{"title":"Mission\u00a0Ark\u00e9OEUFS...logique\u00a0!\u00a0 - Jublains","robots":{"index":"index","follow":"follow","max-snippet":"max-snippet:-1","max-image-preview":"max-image-preview:large","max-video-preview":"max-video-preview:-1"},"canonical":"https:\/\/patrimoine.lamayenne.fr\/jublains\/evenements\/mission-arkeoeufs-logique\/","twitter_card":"summary_large_image","twitter_title":"Mission\u00a0Ark\u00e9OEUFS...logique\u00a0!\u00a0 - Jublains","twitter_description":"Le jour de P\u00e2ques, parcourez en famille\u00a0le\u00a0site arch\u00e9ologique de Jublains\u00a0et\u00a0retrouvez\u00a0l\u2019objet\u00a0myst\u00e8re\u00a0de l\u2019arch\u00e9ologue.\u00a0Pour commencer, r\u00e9cup\u00e9rez par \u00e9quipe une boite \u00e0 \u0153ufs puis\u00a0cheminez\u00a0en direction des monuments qui composent la ville antique de\u00a0Noviodunum.\u00a0\u00c0\u00a0chaque\u00a0\u00e9tape, r\u00e9cup\u00e9rer un\u00a0\u0153uf\u00a0de couleur\u00a0puis glissez-le dans votre boite.\u00a0En fin de\u00a0parcours,\u00a0un double d\u00e9fi vous attend\u00a0:\u00a0pr\u00e9senter les\u00a05\u00a0\u0153ufs\u00a0de couleurs\u00a0et\u00a0identifier\u00a0le nom\u00a0de\u00a0l\u2019objet myst\u00e8re !\u00a0En cas de succ\u00e8s, vous recevrez\u00a0alors un v\u00e9ritable \u0153uf [&hellip;]","twitter_image":"https:\/\/patrimoine.lamayenne.fr\/jublains\/wp-content\/uploads\/2025\/02\/006_part.jpg","twitter_site":"@lamayenne","twitter_misc":{"Dur\u00e9e de lecture estim\u00e9e":"1 minute"},"schema":{"@context":"https:\/\/schema.org","@graph":[{"@type":"WebPage","@id":"https:\/\/patrimoine.lamayenne.fr\/jublains\/evenements\/mission-arkeoeufs-logique\/","url":"https:\/\/patrimoine.lamayenne.fr\/jublains\/evenements\/mission-arkeoeufs-logique\/","name":"Mission\u00a0Ark\u00e9OEUFS...logique\u00a0!\u00a0 - Jublains","isPartOf":{"@id":"https:\/\/patrimoine.lamayenne.fr\/jublains\/#website"},"primaryImageOfPage":{"@id":"https:\/\/patrimoine.lamayenne.fr\/jublains\/evenements\/mission-arkeoeufs-logique\/#primaryimage"},"image":{"@id":"https:\/\/patrimoine.lamayenne.fr\/jublains\/evenements\/mission-arkeoeufs-logique\/#primaryimage"},"thumbnailUrl":"https:\/\/patrimoine.lamayenne.fr\/jublains\/wp-content\/uploads\/2025\/02\/006_part.jpg","datePublished":"2026-03-06T13:41:20+00:00","dateModified":"2026-03-06T13:46:09+00:00","breadcrumb":{"@id":"https:\/\/patrimoine.lamayenne.fr\/jublains\/evenements\/mission-arkeoeufs-logique\/#breadcrumb"},"inLanguage":"fr-FR","potentialAction":[{"@type":"ReadAction","target":["https:\/\/patrimoine.lamayenne.fr\/jublains\/evenements\/mission-arkeoeufs-logique\/"]}]},{"@type":"ImageObject","inLanguage":"fr-FR","@id":"https:\/\/patrimoine.lamayenne.fr\/jublains\/evenements\/mission-arkeoeufs-logique\/#primaryimage","url":"https:\/\/patrimoine.lamayenne.fr\/jublains\/wp-content\/uploads\/2025\/02\/006_part.jpg","contentUrl":"https:\/\/patrimoine.lamayenne.fr\/jublains\/wp-content\/uploads\/2025\/02\/006_part.jpg","width":425,"height":283,"caption":"Cr\u00e9dit Gilles Leroux"},{"@type":"BreadcrumbList","@id":"https:\/\/patrimoine.lamayenne.fr\/jublains\/evenements\/mission-arkeoeufs-logique\/#breadcrumb","itemListElement":[{"@type":"ListItem","position":1,"name":"Accueil","item":"https:\/\/patrimoine.lamayenne.fr\/jublains\/"},{"@type":"ListItem","position":2,"name":"Mission\u00a0Ark\u00e9OEUFS&#8230;logique\u00a0!\u00a0"}]},{"@type":"WebSite","@id":"https:\/\/patrimoine.lamayenne.fr\/jublains\/#website","url":"https:\/\/patrimoine.lamayenne.fr\/jublains\/","name":"Jublains","description":"","publisher":{"@id":"https:\/\/patrimoine.lamayenne.fr\/jublains\/#organization"},"potentialAction":[{"@type":"SearchAction","target":{"@type":"EntryPoint","urlTemplate":"https:\/\/patrimoine.lamayenne.fr\/jublains\/?s={search_term_string}"},"query-input":{"@type":"PropertyValueSpecification","valueRequired":true,"valueName":"search_term_string"}}],"inLanguage":"fr-FR"},{"@type":"Organization","@id":"https:\/\/patrimoine.lamayenne.fr\/jublains\/#organization","name":"Jublains","url":"https:\/\/patrimoine.lamayenne.fr\/jublains\/","logo":{"@type":"ImageObject","inLanguage":"fr-FR","@id":"https:\/\/patrimoine.lamayenne.fr\/jublains\/#\/schema\/logo\/image\/","url":"https:\/\/patrimoine.lamayenne.fr\/jublains\/wp-content\/uploads\/2022\/04\/logos_jublains_quadri.svg","contentUrl":"https:\/\/patrimoine.lamayenne.fr\/jublains\/wp-content\/uploads\/2022\/04\/logos_jublains_quadri.svg","width":1,"height":1,"caption":"Jublains"},"image":{"@id":"https:\/\/patrimoine.lamayenne.fr\/jublains\/#\/schema\/logo\/image\/"},"sameAs":["https:\/\/www.facebook.com\/departement.lamayenne","https:\/\/x.com\/lamayenne","https:\/\/www.instagram.com\/la.mayenne\/","https:\/\/www.youtube.com\/user\/LaMayenneTV"]}]}},"_links":{"self":[{"href":"https:\/\/patrimoine.lamayenne.fr\/jublains\/wp-json\/wp\/v2\/evenements\/4072","targetHints":{"allow":["GET"]}}],"collection":[{"href":"https:\/\/patrimoine.lamayenne.fr\/jublains\/wp-json\/wp\/v2\/evenements"}],"about":[{"href":"https:\/\/patrimoine.lamayenne.fr\/jublains\/wp-json\/wp\/v2\/types\/evenements"}],"version-history":[{"count":2,"href":"https:\/\/patrimoine.lamayenne.fr\/jublains\/wp-json\/wp\/v2\/evenements\/4072\/revisions"}],"predecessor-version":[{"id":4074,"href":"https:\/\/patrimoine.lamayenne.fr\/jublains\/wp-json\/wp\/v2\/evenements\/4072\/revisions\/4074"}],"wp:featuredmedia":[{"embeddable":true,"href":"https:\/\/patrimoine.lamayenne.fr\/jublains\/wp-json\/wp\/v2\/media\/3454"}],"wp:attachment":[{"href":"https:\/\/patrimoine.lamayenne.fr\/jublains\/wp-json\/wp\/v2\/media?parent=4072"}],"wp:term":[{"taxonomy":"evt_type","embeddable":true,"href":"https:\/\/patrimoine.lamayenne.fr\/jublains\/wp-json\/wp\/v2\/evt_type?post=4072"}],"curies":[{"name":"wp","href":"https:\/\/api.w.org\/{rel}","templated":true}]}}

Mission ArkéOEUFS&#8230;logique !

<p>Le jour de Pâques, parcourez en famille le site archéologique de Jublains et retrouvez l’objet mystère de l’archéologue. Pour commencer, récupérez par équipe une boite à œufs puis cheminez en direction des monuments qui composent la ville antique de <em>Noviodunum</em>. À chaque étape, récupérer un œuf de couleur puis glissez-le dans votre boite. En fin de parcours, un double défi vous attend : présenter les 5 œufs de couleurs et identifier le nom de l’objet mystère ! En cas de succès, vous recevrez alors un véritable œuf en chocolat pour compléter votre étui.  </p>



<p><em>Départ du parcours : Musée archéologique de Jublains </em></p>



<p><em>Renseignements au 02 43 58 13 20  </em></p>



<p></p>

Mission ArkéOEUFS...logique !

<!-- This site is optimized with the Yoast SEO plugin v25.8 - https://yoast.com/wordpress/plugins/seo/ -->
<title>Mission ArkéOEUFS...logique !  - Jublains</title>
<meta name="robots" content="index, follow, max-snippet:-1, max-image-preview:large, max-video-preview:-1" />
<link rel="canonical" href="https://patrimoine.lamayenne.fr/jublains/evenements/mission-arkeoeufs-logique/" />
<meta name="twitter:card" content="summary_large_image" />
<meta name="twitter:title" content="Mission ArkéOEUFS...logique !  - Jublains" />
<meta name="twitter:description" content="Le jour de Pâques, parcourez en famille le site archéologique de Jublains et retrouvez l’objet mystère de l’archéologue. Pour commencer, récupérez par équipe une boite à œufs puis cheminez en direction des monuments qui composent la ville antique de Noviodunum. À chaque étape, récupérer un œuf de couleur puis glissez-le dans votre boite. En fin de parcours, un double défi vous attend : présenter les 5 œufs de couleurs et identifier le nom de l’objet mystère ! En cas de succès, vous recevrez alors un véritable œuf [&hellip;]" />
<meta name="twitter:image" content="https://patrimoine.lamayenne.fr/jublains/wp-content/uploads/2025/02/006_part.jpg" />
<meta name="twitter:site" content="@lamayenne" />
<meta name="twitter:label1" content="Durée de lecture estimée" />
	<meta name="twitter:data1" content="1 minute" />
<script type="application/ld+json" class="yoast-schema-graph">{"@context":"https://schema.org","@graph":[{"@type":"WebPage","@id":"https://patrimoine.lamayenne.fr/jublains/evenements/mission-arkeoeufs-logique/","url":"https://patrimoine.lamayenne.fr/jublains/evenements/mission-arkeoeufs-logique/","name":"Mission ArkéOEUFS...logique !  - Jublains","isPartOf":{"@id":"https://patrimoine.lamayenne.fr/jublains/#website"},"primaryImageOfPage":{"@id":"https://patrimoine.lamayenne.fr/jublains/evenements/mission-arkeoeufs-logique/#primaryimage"},"image":{"@id":"https://patrimoine.lamayenne.fr/jublains/evenements/mission-arkeoeufs-logique/#primaryimage"},"thumbnailUrl":"https://patrimoine.lamayenne.fr/jublains/wp-content/uploads/2025/02/006_part.jpg","datePublished":"2026-03-06T13:41:20+00:00","dateModified":"2026-03-06T13:46:09+00:00","breadcrumb":{"@id":"https://patrimoine.lamayenne.fr/jublains/evenements/mission-arkeoeufs-logique/#breadcrumb"},"inLanguage":"fr-FR","potentialAction":[{"@type":"ReadAction","target":["https://patrimoine.lamayenne.fr/jublains/evenements/mission-arkeoeufs-logique/"]}]},{"@type":"ImageObject","inLanguage":"fr-FR","@id":"https://patrimoine.lamayenne.fr/jublains/evenements/mission-arkeoeufs-logique/#primaryimage","url":"https://patrimoine.lamayenne.fr/jublains/wp-content/uploads/2025/02/006_part.jpg","contentUrl":"https://patrimoine.lamayenne.fr/jublains/wp-content/uploads/2025/02/006_part.jpg","width":425,"height":283,"caption":"Crédit Gilles Leroux"},{"@type":"BreadcrumbList","@id":"https://patrimoine.lamayenne.fr/jublains/evenements/mission-arkeoeufs-logique/#breadcrumb","itemListElement":[{"@type":"ListItem","position":1,"name":"Accueil","item":"https://patrimoine.lamayenne.fr/jublains/"},{"@type":"ListItem","position":2,"name":"Mission ArkéOEUFS&#8230;logique ! "}]},{"@type":"WebSite","@id":"https://patrimoine.lamayenne.fr/jublains/#website","url":"https://patrimoine.lamayenne.fr/jublains/","name":"Jublains","description":"","publisher":{"@id":"https://patrimoine.lamayenne.fr/jublains/#organization"},"potentialAction":[{"@type":"SearchAction","target":{"@type":"EntryPoint","urlTemplate":"https://patrimoine.lamayenne.fr/jublains/?s={search_term_string}"},"query-input":{"@type":"PropertyValueSpecification","valueRequired":true,"valueName":"search_term_string"}}],"inLanguage":"fr-FR"},{"@type":"Organization","@id":"https://patrimoine.lamayenne.fr/jublains/#organization","name":"Jublains","url":"https://patrimoine.lamayenne.fr/jublains/","logo":{"@type":"ImageObject","inLanguage":"fr-FR","@id":"https://patrimoine.lamayenne.fr/jublains/#/schema/logo/image/","url":"https://patrimoine.lamayenne.fr/jublains/wp-content/uploads/2022/04/logos_jublains_quadri.svg","contentUrl":"https://patrimoine.lamayenne.fr/jublains/wp-content/uploads/2022/04/logos_jublains_quadri.svg","width":1,"height":1,"caption":"Jublains"},"image":{"@id":"https://patrimoine.lamayenne.fr/jublains/#/schema/logo/image/"},"sameAs":["https://www.facebook.com/departement.lamayenne","https://x.com/lamayenne","https://www.instagram.com/la.mayenne/","https://www.youtube.com/user/LaMayenneTV"]}]}</script>
<!-- / Yoast SEO plugin. -->

Mission ArkéOEUFS...logique !  - Jublains

Le jour de Pâques, parcourez en famille le site archéologique de Jublains et retrouvez l’objet mystère de l’archéologue. Pour commencer, récupérez par équipe une boite à œufs puis cheminez en direction des monuments qui composent la ville antique de Noviodunum. À chaque étape, récupérer un œuf de couleur puis glissez-le dans votre boite. En fin de parcours, un double défi vous attend : présenter les 5 œufs de couleurs et identifier le nom de l’objet mystère ! En cas de succès, vous recevrez alors un véritable œuf [&hellip;]

Crédit Gilles Leroux
