{"id":4243,"date":"2026-04-28T15:28:56","date_gmt":"2026-04-28T13:28:56","guid":{"rendered":"https:\/\/patrimoine.lamayenne.fr\/jublains\/?post_type=evenements&#038;p=4243"},"modified":"2026-04-28T15:31:01","modified_gmt":"2026-04-28T13:31:01","slug":"dimanche-artisan","status":"publish","type":"evenements","link":"https:\/\/patrimoine.lamayenne.fr\/jublains\/evenements\/dimanche-artisan\/","title":{"rendered":"DIMANCHE ARTISAN"},"content":{"rendered":"\n<p>Un dimanche pour faire connaissance avec l\u2019artisanat gallo-romain&nbsp;: du tissage des v\u00eatements \u00e0 la fabrication de bijoux, en passant par les cr\u00e9ations en c\u00e9ramique. Au mois de mai et juin, venez d\u00e9couvrir la mode antique et\/ou la cr\u00e9ation en terre. Soyez artisan d\u2019un jour !<\/p>\n\n\n\n<p><\/p>\n","protected":false},"featured_media":4279,"template":"","meta":{"_acf_changed":false,"footnotes":""},"evt_type":[],"class_list":["post-4243","evenements","type-evenements","status-publish","has-post-thumbnail","hentry"],"acf":{"titre":"DIMANCHE ARTISAN ","sous_titre":"La Mode antique","mention":"","date_debut":"20260503","date_fin":"20260503","heure_debut":15,"minutes_debut":0,"heure_fin":16,"minutes_fin":30,"tarifs":"Gratuit (1er dimanche du mois)","public":"all","lieu":"Mus\u00e9e de Jublains","handicap":"handicap"},"yoast_head":"<!-- This site is optimized with the Yoast SEO plugin v25.8 - https:\/\/yoast.com\/wordpress\/plugins\/seo\/ -->\n<title>DIMANCHE ARTISAN - Jublains<\/title>\n<meta name=\"description\" content=\"Venez faire connaissance avec l\u2019artisanat gallo-romain\u00a0: du tissage des v\u00eatements \u00e0 la fabrication de bijoux, en passant par les cr\u00e9ations en c\u00e9ramique.\" \/>\n<meta name=\"robots\" content=\"index, follow, max-snippet:-1, max-image-preview:large, max-video-preview:-1\" \/>\n<link rel=\"canonical\" href=\"https:\/\/patrimoine.lamayenne.fr\/jublains\/evenements\/dimanche-artisan\/\" \/>\n<meta name=\"twitter:card\" content=\"summary_large_image\" \/>\n<meta name=\"twitter:title\" content=\"DIMANCHE ARTISAN - Jublains\" \/>\n<meta name=\"twitter:description\" content=\"Venez faire connaissance avec l\u2019artisanat gallo-romain\u00a0: du tissage des v\u00eatements \u00e0 la fabrication de bijoux, en passant par les cr\u00e9ations en c\u00e9ramique.\" \/>\n<meta name=\"twitter:image\" content=\"https:\/\/patrimoine.lamayenne.fr\/jublains\/wp-content\/uploads\/2026\/04\/4267.jpg.webp\" \/>\n<meta name=\"twitter:site\" content=\"@lamayenne\" \/>\n<meta name=\"twitter:label1\" content=\"Dur\u00e9e de lecture estim\u00e9e\" \/>\n\t<meta name=\"twitter:data1\" content=\"1 minute\" \/>\n<script type=\"application\/ld+json\" class=\"yoast-schema-graph\">{\"@context\":\"https:\/\/schema.org\",\"@graph\":[{\"@type\":\"WebPage\",\"@id\":\"https:\/\/patrimoine.lamayenne.fr\/jublains\/evenements\/dimanche-artisan\/\",\"url\":\"https:\/\/patrimoine.lamayenne.fr\/jublains\/evenements\/dimanche-artisan\/\",\"name\":\"DIMANCHE ARTISAN - Jublains\",\"isPartOf\":{\"@id\":\"https:\/\/patrimoine.lamayenne.fr\/jublains\/#website\"},\"primaryImageOfPage\":{\"@id\":\"https:\/\/patrimoine.lamayenne.fr\/jublains\/evenements\/dimanche-artisan\/#primaryimage\"},\"image\":{\"@id\":\"https:\/\/patrimoine.lamayenne.fr\/jublains\/evenements\/dimanche-artisan\/#primaryimage\"},\"thumbnailUrl\":\"https:\/\/patrimoine.lamayenne.fr\/jublains\/wp-content\/uploads\/2026\/04\/4267.jpg.webp\",\"datePublished\":\"2026-04-28T13:28:56+00:00\",\"dateModified\":\"2026-04-28T13:31:01+00:00\",\"description\":\"Venez faire connaissance avec l\u2019artisanat gallo-romain\u00a0: du tissage des v\u00eatements \u00e0 la fabrication de bijoux, en passant par les cr\u00e9ations en c\u00e9ramique.\",\"breadcrumb\":{\"@id\":\"https:\/\/patrimoine.lamayenne.fr\/jublains\/evenements\/dimanche-artisan\/#breadcrumb\"},\"inLanguage\":\"fr-FR\",\"potentialAction\":[{\"@type\":\"ReadAction\",\"target\":[\"https:\/\/patrimoine.lamayenne.fr\/jublains\/evenements\/dimanche-artisan\/\"]}]},{\"@type\":\"ImageObject\",\"inLanguage\":\"fr-FR\",\"@id\":\"https:\/\/patrimoine.lamayenne.fr\/jublains\/evenements\/dimanche-artisan\/#primaryimage\",\"url\":\"https:\/\/patrimoine.lamayenne.fr\/jublains\/wp-content\/uploads\/2026\/04\/4267.jpg.webp\",\"contentUrl\":\"https:\/\/patrimoine.lamayenne.fr\/jublains\/wp-content\/uploads\/2026\/04\/4267.jpg.webp\",\"width\":676,\"height\":1200},{\"@type\":\"BreadcrumbList\",\"@id\":\"https:\/\/patrimoine.lamayenne.fr\/jublains\/evenements\/dimanche-artisan\/#breadcrumb\",\"itemListElement\":[{\"@type\":\"ListItem\",\"position\":1,\"name\":\"Accueil\",\"item\":\"https:\/\/patrimoine.lamayenne.fr\/jublains\/\"},{\"@type\":\"ListItem\",\"position\":2,\"name\":\"DIMANCHE ARTISAN\"}]},{\"@type\":\"WebSite\",\"@id\":\"https:\/\/patrimoine.lamayenne.fr\/jublains\/#website\",\"url\":\"https:\/\/patrimoine.lamayenne.fr\/jublains\/\",\"name\":\"Jublains\",\"description\":\"\",\"publisher\":{\"@id\":\"https:\/\/patrimoine.lamayenne.fr\/jublains\/#organization\"},\"potentialAction\":[{\"@type\":\"SearchAction\",\"target\":{\"@type\":\"EntryPoint\",\"urlTemplate\":\"https:\/\/patrimoine.lamayenne.fr\/jublains\/?s={search_term_string}\"},\"query-input\":{\"@type\":\"PropertyValueSpecification\",\"valueRequired\":true,\"valueName\":\"search_term_string\"}}],\"inLanguage\":\"fr-FR\"},{\"@type\":\"Organization\",\"@id\":\"https:\/\/patrimoine.lamayenne.fr\/jublains\/#organization\",\"name\":\"Jublains\",\"url\":\"https:\/\/patrimoine.lamayenne.fr\/jublains\/\",\"logo\":{\"@type\":\"ImageObject\",\"inLanguage\":\"fr-FR\",\"@id\":\"https:\/\/patrimoine.lamayenne.fr\/jublains\/#\/schema\/logo\/image\/\",\"url\":\"https:\/\/patrimoine.lamayenne.fr\/jublains\/wp-content\/uploads\/2022\/04\/logos_jublains_quadri.svg\",\"contentUrl\":\"https:\/\/patrimoine.lamayenne.fr\/jublains\/wp-content\/uploads\/2022\/04\/logos_jublains_quadri.svg\",\"width\":1,\"height\":1,\"caption\":\"Jublains\"},\"image\":{\"@id\":\"https:\/\/patrimoine.lamayenne.fr\/jublains\/#\/schema\/logo\/image\/\"},\"sameAs\":[\"https:\/\/www.facebook.com\/departement.lamayenne\",\"https:\/\/x.com\/lamayenne\",\"https:\/\/www.instagram.com\/la.mayenne\/\",\"https:\/\/www.youtube.com\/user\/LaMayenneTV\"]}]}<\/script>\n<!-- \/ Yoast SEO plugin. -->","yoast_head_json":{"title":"DIMANCHE ARTISAN - Jublains","description":"Venez faire connaissance avec l\u2019artisanat gallo-romain\u00a0: du tissage des v\u00eatements \u00e0 la fabrication de bijoux, en passant par les cr\u00e9ations en c\u00e9ramique.","robots":{"index":"index","follow":"follow","max-snippet":"max-snippet:-1","max-image-preview":"max-image-preview:large","max-video-preview":"max-video-preview:-1"},"canonical":"https:\/\/patrimoine.lamayenne.fr\/jublains\/evenements\/dimanche-artisan\/","twitter_card":"summary_large_image","twitter_title":"DIMANCHE ARTISAN - Jublains","twitter_description":"Venez faire connaissance avec l\u2019artisanat gallo-romain\u00a0: du tissage des v\u00eatements \u00e0 la fabrication de bijoux, en passant par les cr\u00e9ations en c\u00e9ramique.","twitter_image":"https:\/\/patrimoine.lamayenne.fr\/jublains\/wp-content\/uploads\/2026\/04\/4267.jpg.webp","twitter_site":"@lamayenne","twitter_misc":{"Dur\u00e9e de lecture estim\u00e9e":"1 minute"},"schema":{"@context":"https:\/\/schema.org","@graph":[{"@type":"WebPage","@id":"https:\/\/patrimoine.lamayenne.fr\/jublains\/evenements\/dimanche-artisan\/","url":"https:\/\/patrimoine.lamayenne.fr\/jublains\/evenements\/dimanche-artisan\/","name":"DIMANCHE ARTISAN - Jublains","isPartOf":{"@id":"https:\/\/patrimoine.lamayenne.fr\/jublains\/#website"},"primaryImageOfPage":{"@id":"https:\/\/patrimoine.lamayenne.fr\/jublains\/evenements\/dimanche-artisan\/#primaryimage"},"image":{"@id":"https:\/\/patrimoine.lamayenne.fr\/jublains\/evenements\/dimanche-artisan\/#primaryimage"},"thumbnailUrl":"https:\/\/patrimoine.lamayenne.fr\/jublains\/wp-content\/uploads\/2026\/04\/4267.jpg.webp","datePublished":"2026-04-28T13:28:56+00:00","dateModified":"2026-04-28T13:31:01+00:00","description":"Venez faire connaissance avec l\u2019artisanat gallo-romain\u00a0: du tissage des v\u00eatements \u00e0 la fabrication de bijoux, en passant par les cr\u00e9ations en c\u00e9ramique.","breadcrumb":{"@id":"https:\/\/patrimoine.lamayenne.fr\/jublains\/evenements\/dimanche-artisan\/#breadcrumb"},"inLanguage":"fr-FR","potentialAction":[{"@type":"ReadAction","target":["https:\/\/patrimoine.lamayenne.fr\/jublains\/evenements\/dimanche-artisan\/"]}]},{"@type":"ImageObject","inLanguage":"fr-FR","@id":"https:\/\/patrimoine.lamayenne.fr\/jublains\/evenements\/dimanche-artisan\/#primaryimage","url":"https:\/\/patrimoine.lamayenne.fr\/jublains\/wp-content\/uploads\/2026\/04\/4267.jpg.webp","contentUrl":"https:\/\/patrimoine.lamayenne.fr\/jublains\/wp-content\/uploads\/2026\/04\/4267.jpg.webp","width":676,"height":1200},{"@type":"BreadcrumbList","@id":"https:\/\/patrimoine.lamayenne.fr\/jublains\/evenements\/dimanche-artisan\/#breadcrumb","itemListElement":[{"@type":"ListItem","position":1,"name":"Accueil","item":"https:\/\/patrimoine.lamayenne.fr\/jublains\/"},{"@type":"ListItem","position":2,"name":"DIMANCHE ARTISAN"}]},{"@type":"WebSite","@id":"https:\/\/patrimoine.lamayenne.fr\/jublains\/#website","url":"https:\/\/patrimoine.lamayenne.fr\/jublains\/","name":"Jublains","description":"","publisher":{"@id":"https:\/\/patrimoine.lamayenne.fr\/jublains\/#organization"},"potentialAction":[{"@type":"SearchAction","target":{"@type":"EntryPoint","urlTemplate":"https:\/\/patrimoine.lamayenne.fr\/jublains\/?s={search_term_string}"},"query-input":{"@type":"PropertyValueSpecification","valueRequired":true,"valueName":"search_term_string"}}],"inLanguage":"fr-FR"},{"@type":"Organization","@id":"https:\/\/patrimoine.lamayenne.fr\/jublains\/#organization","name":"Jublains","url":"https:\/\/patrimoine.lamayenne.fr\/jublains\/","logo":{"@type":"ImageObject","inLanguage":"fr-FR","@id":"https:\/\/patrimoine.lamayenne.fr\/jublains\/#\/schema\/logo\/image\/","url":"https:\/\/patrimoine.lamayenne.fr\/jublains\/wp-content\/uploads\/2022\/04\/logos_jublains_quadri.svg","contentUrl":"https:\/\/patrimoine.lamayenne.fr\/jublains\/wp-content\/uploads\/2022\/04\/logos_jublains_quadri.svg","width":1,"height":1,"caption":"Jublains"},"image":{"@id":"https:\/\/patrimoine.lamayenne.fr\/jublains\/#\/schema\/logo\/image\/"},"sameAs":["https:\/\/www.facebook.com\/departement.lamayenne","https:\/\/x.com\/lamayenne","https:\/\/www.instagram.com\/la.mayenne\/","https:\/\/www.youtube.com\/user\/LaMayenneTV"]}]}},"_links":{"self":[{"href":"https:\/\/patrimoine.lamayenne.fr\/jublains\/wp-json\/wp\/v2\/evenements\/4243","targetHints":{"allow":["GET"]}}],"collection":[{"href":"https:\/\/patrimoine.lamayenne.fr\/jublains\/wp-json\/wp\/v2\/evenements"}],"about":[{"href":"https:\/\/patrimoine.lamayenne.fr\/jublains\/wp-json\/wp\/v2\/types\/evenements"}],"version-history":[{"count":3,"href":"https:\/\/patrimoine.lamayenne.fr\/jublains\/wp-json\/wp\/v2\/evenements\/4243\/revisions"}],"predecessor-version":[{"id":4278,"href":"https:\/\/patrimoine.lamayenne.fr\/jublains\/wp-json\/wp\/v2\/evenements\/4243\/revisions\/4278"}],"wp:featuredmedia":[{"embeddable":true,"href":"https:\/\/patrimoine.lamayenne.fr\/jublains\/wp-json\/wp\/v2\/media\/4279"}],"wp:attachment":[{"href":"https:\/\/patrimoine.lamayenne.fr\/jublains\/wp-json\/wp\/v2\/media?parent=4243"}],"wp:term":[{"taxonomy":"evt_type","embeddable":true,"href":"https:\/\/patrimoine.lamayenne.fr\/jublains\/wp-json\/wp\/v2\/evt_type?post=4243"}],"curies":[{"name":"wp","href":"https:\/\/api.w.org\/{rel}","templated":true}]}}

<p>Un dimanche pour faire connaissance avec l’artisanat gallo-romain&nbsp;: du tissage des vêtements à la fabrication de bijoux, en passant par les créations en céramique. Au mois de mai et juin, venez découvrir la mode antique et/ou la création en terre. Soyez artisan d’un jour !</p>



<p></p>

Musée de Jublains

<!-- This site is optimized with the Yoast SEO plugin v25.8 - https://yoast.com/wordpress/plugins/seo/ -->
<title>DIMANCHE ARTISAN - Jublains</title>
<meta name="description" content="Venez faire connaissance avec l’artisanat gallo-romain : du tissage des vêtements à la fabrication de bijoux, en passant par les créations en céramique." />
<meta name="robots" content="index, follow, max-snippet:-1, max-image-preview:large, max-video-preview:-1" />
<link rel="canonical" href="https://patrimoine.lamayenne.fr/jublains/evenements/dimanche-artisan/" />
<meta name="twitter:card" content="summary_large_image" />
<meta name="twitter:title" content="DIMANCHE ARTISAN - Jublains" />
<meta name="twitter:description" content="Venez faire connaissance avec l’artisanat gallo-romain : du tissage des vêtements à la fabrication de bijoux, en passant par les créations en céramique." />
<meta name="twitter:image" content="https://patrimoine.lamayenne.fr/jublains/wp-content/uploads/2026/04/4267.jpg.webp" />
<meta name="twitter:site" content="@lamayenne" />
<meta name="twitter:label1" content="Durée de lecture estimée" />
	<meta name="twitter:data1" content="1 minute" />
<script type="application/ld+json" class="yoast-schema-graph">{"@context":"https://schema.org","@graph":[{"@type":"WebPage","@id":"https://patrimoine.lamayenne.fr/jublains/evenements/dimanche-artisan/","url":"https://patrimoine.lamayenne.fr/jublains/evenements/dimanche-artisan/","name":"DIMANCHE ARTISAN - Jublains","isPartOf":{"@id":"https://patrimoine.lamayenne.fr/jublains/#website"},"primaryImageOfPage":{"@id":"https://patrimoine.lamayenne.fr/jublains/evenements/dimanche-artisan/#primaryimage"},"image":{"@id":"https://patrimoine.lamayenne.fr/jublains/evenements/dimanche-artisan/#primaryimage"},"thumbnailUrl":"https://patrimoine.lamayenne.fr/jublains/wp-content/uploads/2026/04/4267.jpg.webp","datePublished":"2026-04-28T13:28:56+00:00","dateModified":"2026-04-28T13:31:01+00:00","description":"Venez faire connaissance avec l’artisanat gallo-romain : du tissage des vêtements à la fabrication de bijoux, en passant par les créations en céramique.","breadcrumb":{"@id":"https://patrimoine.lamayenne.fr/jublains/evenements/dimanche-artisan/#breadcrumb"},"inLanguage":"fr-FR","potentialAction":[{"@type":"ReadAction","target":["https://patrimoine.lamayenne.fr/jublains/evenements/dimanche-artisan/"]}]},{"@type":"ImageObject","inLanguage":"fr-FR","@id":"https://patrimoine.lamayenne.fr/jublains/evenements/dimanche-artisan/#primaryimage","url":"https://patrimoine.lamayenne.fr/jublains/wp-content/uploads/2026/04/4267.jpg.webp","contentUrl":"https://patrimoine.lamayenne.fr/jublains/wp-content/uploads/2026/04/4267.jpg.webp","width":676,"height":1200},{"@type":"BreadcrumbList","@id":"https://patrimoine.lamayenne.fr/jublains/evenements/dimanche-artisan/#breadcrumb","itemListElement":[{"@type":"ListItem","position":1,"name":"Accueil","item":"https://patrimoine.lamayenne.fr/jublains/"},{"@type":"ListItem","position":2,"name":"DIMANCHE ARTISAN"}]},{"@type":"WebSite","@id":"https://patrimoine.lamayenne.fr/jublains/#website","url":"https://patrimoine.lamayenne.fr/jublains/","name":"Jublains","description":"","publisher":{"@id":"https://patrimoine.lamayenne.fr/jublains/#organization"},"potentialAction":[{"@type":"SearchAction","target":{"@type":"EntryPoint","urlTemplate":"https://patrimoine.lamayenne.fr/jublains/?s={search_term_string}"},"query-input":{"@type":"PropertyValueSpecification","valueRequired":true,"valueName":"search_term_string"}}],"inLanguage":"fr-FR"},{"@type":"Organization","@id":"https://patrimoine.lamayenne.fr/jublains/#organization","name":"Jublains","url":"https://patrimoine.lamayenne.fr/jublains/","logo":{"@type":"ImageObject","inLanguage":"fr-FR","@id":"https://patrimoine.lamayenne.fr/jublains/#/schema/logo/image/","url":"https://patrimoine.lamayenne.fr/jublains/wp-content/uploads/2022/04/logos_jublains_quadri.svg","contentUrl":"https://patrimoine.lamayenne.fr/jublains/wp-content/uploads/2022/04/logos_jublains_quadri.svg","width":1,"height":1,"caption":"Jublains"},"image":{"@id":"https://patrimoine.lamayenne.fr/jublains/#/schema/logo/image/"},"sameAs":["https://www.facebook.com/departement.lamayenne","https://x.com/lamayenne","https://www.instagram.com/la.mayenne/","https://www.youtube.com/user/LaMayenneTV"]}]}</script>
<!-- / Yoast SEO plugin. -->

Venez faire connaissance avec l’artisanat gallo-romain : du tissage des vêtements à la fabrication de bijoux, en passant par les créations en céramique.
