{"id":2281,"date":"2022-02-04T17:47:42","date_gmt":"2022-02-04T16:47:42","guid":{"rendered":"https:\/\/patrimoine.lamayenne.fr\/jublains\/?page_id=139"},"modified":"2024-01-22T13:44:15","modified_gmt":"2024-01-22T12:44:15","slug":"accueil","status":"publish","type":"page","link":"https:\/\/patrimoine.lamayenne.fr\/jublains\/en\/","title":{"rendered":"Home"},"content":{"rendered":"<header class=\"hero hero__have__embleme flex\">\n  <h1>Ancient city <br\/>of Jublains<\/h1>\n  <figure class=\"hero__image\">\n    <img decoding=\"async\" data-src=\"https:\/\/patrimoine.lamayenne.fr\/jublains\/wp-content\/uploads\/2022\/04\/jublains_mayenne.jpg\" alt=\"\" src=\"data:image\/svg+xml;base64,PHN2ZyB3aWR0aD0iMSIgaGVpZ2h0PSIxIiB4bWxucz0iaHR0cDovL3d3dy53My5vcmcvMjAwMC9zdmciPjwvc3ZnPg==\" class=\"lazyload\" style=\"--smush-placeholder-width: 1920px; --smush-placeholder-aspect-ratio: 1920\/760;\">\n      <\/figure>\n      <div aria-hidden=\"true\" class=\"hero__embleme\">\n      <img decoding=\"async\" data-src=\"https:\/\/patrimoine.lamayenne.fr\/jublains\/wp-content\/uploads\/2022\/04\/jublains-embleme.svg\" alt=\"\" src=\"data:image\/svg+xml;base64,PHN2ZyB3aWR0aD0iMSIgaGVpZ2h0PSIxIiB4bWxucz0iaHR0cDovL3d3dy53My5vcmcvMjAwMC9zdmciPjwvc3ZnPg==\" class=\"lazyload\">\n    <\/div>\n    <\/header>\n\n\n<h2 class=\"wp-block-heading\" id=\"en-ce-moment\">Currently<\/h2>\n\n\n  <section class=\"evt evt__three flex\" id=\"evt\">\n          <article class=\"evt__card flex__col\">\n          <div class=\"evt__content flex__col\">\n            <h3 class=\"evt__title\">\n              <a href=\"https:\/\/patrimoine.lamayenne.fr\/jublains\/evenements\/apres-midi-jeux-au-musee\/\">APR\u00c8S-MIDI JEUX AU MUS\u00c9E<\/a>\n            <\/h3>\n                          <p class=\"evt__subtitle\">Activit\u00e9 en autonomie<\/p>\n                        <p class=\"evt__date\">Du 08 mars au 13 d\u00e9cembre 2026 De 13H30 \u00e0 17H30<\/p>\n                          <p class=\"evt__lastLine\">Un rendez-vous sp\u00e9cial propos\u00e9 aux petits et aux grands  <\/p>\n                                      <p class=\"evt__lastLine\">Tous publics &#8211; Mus\u00e9e de Jublains<\/p>\n                      <\/div>\n          <figure class=\"evt__image flex__col\">\n            <img decoding=\"async\" class=\"evt__thumb lazyload\" data-src=\"https:\/\/patrimoine.lamayenne.fr\/jublains\/wp-content\/uploads\/2026\/03\/P1500891-scaled.jpg\" alt=\"\" src=\"data:image\/svg+xml;base64,PHN2ZyB3aWR0aD0iMSIgaGVpZ2h0PSIxIiB4bWxucz0iaHR0cDovL3d3dy53My5vcmcvMjAwMC9zdmciPjwvc3ZnPg==\" style=\"--smush-placeholder-width: 1297px; --smush-placeholder-aspect-ratio: 1297\/1640;\" \/>\n          <\/figure>\n                  <\/article>\n                <article class=\"evt__card flex__col\">\n          <div class=\"evt__content flex__col\">\n            <h3 class=\"evt__title\">\n              <a href=\"https:\/\/patrimoine.lamayenne.fr\/jublains\/evenements\/250-ans-dhistoire-la-mosaique-de-jublains\/\">250 ANS D\u2019HISTOIRE, LA MOSA\u00cfQUE DE JUBLAINS<\/a>\n            <\/h3>\n                          <p class=\"evt__subtitle\">VISITE GUID\u00c9E FLASH <\/p>\n                        <p class=\"evt__date\">Du 01 avril au 31 octobre 2026 De 16H00 \u00e0 16H30<\/p>\n                          <p class=\"evt__lastLine\">Le mus\u00e9e de Jublains f\u00eate les 250 ans de la d\u00e9couverte de la mosa\u00efque <\/p>\n                                      <p class=\"evt__lastLine\">Tous publics &#8211; Mus\u00e9e de Jublains<\/p>\n                      <\/div>\n          <figure class=\"evt__image flex__col\">\n            <img decoding=\"async\" class=\"evt__thumb lazyload\" data-src=\"https:\/\/patrimoine.lamayenne.fr\/jublains\/wp-content\/uploads\/2024\/12\/mosaique-restauree.jpg\" alt=\"\" src=\"data:image\/svg+xml;base64,PHN2ZyB3aWR0aD0iMSIgaGVpZ2h0PSIxIiB4bWxucz0iaHR0cDovL3d3dy53My5vcmcvMjAwMC9zdmciPjwvc3ZnPg==\" style=\"--smush-placeholder-width: 1147px; --smush-placeholder-aspect-ratio: 1147\/870;\" \/>\n          <\/figure>\n                  <\/article>\n                <article class=\"evt__card flex__col\">\n          <div class=\"evt__content flex__col\">\n            <h3 class=\"evt__title\">\n              <a href=\"https:\/\/patrimoine.lamayenne.fr\/jublains\/evenements\/comment-vit-la-ville\/\">Comment vit la ville ?<\/a>\n            <\/h3>\n                          <p class=\"evt__subtitle\">Visite guid\u00e9e<\/p>\n                        <p class=\"evt__date\">Le 19 avril 2026 De 14H30 \u00e0 16H00<\/p>\n                          <p class=\"evt__lastLine\">Une visite centr\u00e9e sur les villes romaines, mais quelques comparaisons seront faites avec ce qui vient avant et ce qui vient apr\u00e8s.<\/p>\n                                      <p class=\"evt__lastLine\">Tous publics &#8211; Mus\u00e9e de Jublains<\/p>\n                      <\/div>\n          <figure class=\"evt__image flex__col\">\n            <img decoding=\"async\" class=\"evt__thumb lazyload\" data-src=\"https:\/\/patrimoine.lamayenne.fr\/jublains\/wp-content\/uploads\/2026\/03\/VG-Comment-vit-la-ville-scaled.jpg\" alt=\"\" src=\"data:image\/svg+xml;base64,PHN2ZyB3aWR0aD0iMSIgaGVpZ2h0PSIxIiB4bWxucz0iaHR0cDovL3d3dy53My5vcmcvMjAwMC9zdmciPjwvc3ZnPg==\" style=\"--smush-placeholder-width: 1640px; --smush-placeholder-aspect-ratio: 1640\/1230;\" \/>\n          <\/figure>\n                  <\/article>\n        <\/section>\n  <ul class=\"links flex\">\n    \t\t  <li>\n\t\t\t  <a href=\"https:\/\/patrimoine.lamayenne.fr\/jublains\/en\/your-appointments\/\" target=\"\" class=\"link\">Discover more events<\/a>\n\t\t  <\/li>\n\t\t    <\/ul>\n  \n\n<section class=\"redbloc flex__col\">\n  <h2>MAJOR WORKSITES<\/h2>\n<p>Two major operations will begin in the next few months: the museum and the fortress are getting ready for a makeover!<br \/>\nThe Conseil D\u00e9partemental is committed to the complete renovation of the museum&rsquo;s permanent exhibition and to the restoration of the ancient fortress as a historical monument. These large-scale works are being prepared behind the scenes before the construction sites are put in place. In the meantime, the museum continues its activities throughout the 2022 season!<\/p>\n<p>&nbsp;<\/p>\n        <ul class=\"redbloc__buttons redbloc__buttons__left flex\">\n              <li>\n          <a target=\"\" class=\"button button__white\" href=\"https:\/\/patrimoine.lamayenne.fr\/jublains\/en\/discover\/\">Ancient fortress<\/a>\n        <\/li>\n              <li>\n          <a target=\"\" class=\"button button__white\" href=\"https:\/\/patrimoine.lamayenne.fr\/jublains\/en\/the-museum\/\">Archaeological Museum<\/a>\n        <\/li>\n            <\/ul>\n      <img decoding=\"async\" draggable=\"false\" aria-hidden=\"true\" class=\"redbloc__bg lazyload\" data-src=\"https:\/\/patrimoine.lamayenne.fr\/jublains\/wp-content\/uploads\/2022\/04\/jublain-logo-signe-blanc.svg\" alt=\"https:\/\/patrimoine.lamayenne.fr\/jublains\/wp-content\/uploads\/2022\/04\/jublain-logo-signe-blanc.svg\" src=\"data:image\/svg+xml;base64,PHN2ZyB3aWR0aD0iMSIgaGVpZ2h0PSIxIiB4bWxucz0iaHR0cDovL3d3dy53My5vcmcvMjAwMC9zdmciPjwvc3ZnPg==\">\n<\/section>","protected":false},"excerpt":{"rendered":"<p>Currently<\/p>\n","protected":false},"author":9,"featured_media":0,"parent":0,"menu_order":0,"comment_status":"closed","ping_status":"closed","template":"","meta":{"_acf_changed":false,"footnotes":""},"class_list":["post-2281","page","type-page","status-publish","hentry"],"acf":[],"yoast_head":"<!-- This site is optimized with the Yoast SEO plugin v25.8 - https:\/\/yoast.com\/wordpress\/plugins\/seo\/ -->\n<title>Home - Jublains<\/title>\n<meta name=\"description\" content=\"Consid\u00e9r\u00e9 comme le plus grand et le meilleur t\u00e9moignage de l\u2019\u00e9poque gallo-romaine du Grand Ouest, Jublains vous invite \u00e0 l\u2019histoire antique.\" \/>\n<meta name=\"robots\" content=\"index, follow, max-snippet:-1, max-image-preview:large, max-video-preview:-1\" \/>\n<link rel=\"canonical\" href=\"https:\/\/patrimoine.lamayenne.fr\/jublains\/en\/\" \/>\n<meta name=\"twitter:card\" content=\"summary_large_image\" \/>\n<meta name=\"twitter:title\" content=\"Home - Jublains\" \/>\n<meta name=\"twitter:description\" content=\"Consid\u00e9r\u00e9 comme le plus grand et le meilleur t\u00e9moignage de l\u2019\u00e9poque gallo-romaine du Grand Ouest, Jublains vous invite \u00e0 l\u2019histoire antique.\" \/>\n<meta name=\"twitter:site\" content=\"@lamayenne\" \/>\n<meta name=\"twitter:label1\" content=\"Dur\u00e9e de lecture estim\u00e9e\" \/>\n\t<meta name=\"twitter:data1\" content=\"1 minute\" \/>\n<script type=\"application\/ld+json\" class=\"yoast-schema-graph\">{\"@context\":\"https:\/\/schema.org\",\"@graph\":[{\"@type\":\"WebPage\",\"@id\":\"https:\/\/patrimoine.lamayenne.fr\/jublains\/en\/\",\"url\":\"https:\/\/patrimoine.lamayenne.fr\/jublains\/en\/\",\"name\":\"Home - Jublains\",\"isPartOf\":{\"@id\":\"https:\/\/patrimoine.lamayenne.fr\/jublains\/#website\"},\"datePublished\":\"2022-02-04T16:47:42+00:00\",\"dateModified\":\"2024-01-22T12:44:15+00:00\",\"description\":\"Consid\u00e9r\u00e9 comme le plus grand et le meilleur t\u00e9moignage de l\u2019\u00e9poque gallo-romaine du Grand Ouest, Jublains vous invite \u00e0 l\u2019histoire antique.\",\"breadcrumb\":{\"@id\":\"https:\/\/patrimoine.lamayenne.fr\/jublains\/en\/#breadcrumb\"},\"inLanguage\":\"fr-FR\",\"potentialAction\":[{\"@type\":\"ReadAction\",\"target\":[\"https:\/\/patrimoine.lamayenne.fr\/jublains\/en\/\"]}]},{\"@type\":\"BreadcrumbList\",\"@id\":\"https:\/\/patrimoine.lamayenne.fr\/jublains\/en\/#breadcrumb\",\"itemListElement\":[{\"@type\":\"ListItem\",\"position\":1,\"name\":\"Accueil\",\"item\":\"https:\/\/patrimoine.lamayenne.fr\/jublains\/\"},{\"@type\":\"ListItem\",\"position\":2,\"name\":\"Home\"}]},{\"@type\":\"WebSite\",\"@id\":\"https:\/\/patrimoine.lamayenne.fr\/jublains\/#website\",\"url\":\"https:\/\/patrimoine.lamayenne.fr\/jublains\/\",\"name\":\"Jublains\",\"description\":\"\",\"publisher\":{\"@id\":\"https:\/\/patrimoine.lamayenne.fr\/jublains\/#organization\"},\"potentialAction\":[{\"@type\":\"SearchAction\",\"target\":{\"@type\":\"EntryPoint\",\"urlTemplate\":\"https:\/\/patrimoine.lamayenne.fr\/jublains\/?s={search_term_string}\"},\"query-input\":{\"@type\":\"PropertyValueSpecification\",\"valueRequired\":true,\"valueName\":\"search_term_string\"}}],\"inLanguage\":\"fr-FR\"},{\"@type\":\"Organization\",\"@id\":\"https:\/\/patrimoine.lamayenne.fr\/jublains\/#organization\",\"name\":\"Jublains\",\"url\":\"https:\/\/patrimoine.lamayenne.fr\/jublains\/\",\"logo\":{\"@type\":\"ImageObject\",\"inLanguage\":\"fr-FR\",\"@id\":\"https:\/\/patrimoine.lamayenne.fr\/jublains\/#\/schema\/logo\/image\/\",\"url\":\"https:\/\/patrimoine.lamayenne.fr\/jublains\/wp-content\/uploads\/2022\/04\/logos_jublains_quadri.svg\",\"contentUrl\":\"https:\/\/patrimoine.lamayenne.fr\/jublains\/wp-content\/uploads\/2022\/04\/logos_jublains_quadri.svg\",\"width\":1,\"height\":1,\"caption\":\"Jublains\"},\"image\":{\"@id\":\"https:\/\/patrimoine.lamayenne.fr\/jublains\/#\/schema\/logo\/image\/\"},\"sameAs\":[\"https:\/\/www.facebook.com\/departement.lamayenne\",\"https:\/\/x.com\/lamayenne\",\"https:\/\/www.instagram.com\/la.mayenne\/\",\"https:\/\/www.youtube.com\/user\/LaMayenneTV\"]}]}<\/script>\n<!-- \/ Yoast SEO plugin. -->","yoast_head_json":{"title":"Home - Jublains","description":"Consid\u00e9r\u00e9 comme le plus grand et le meilleur t\u00e9moignage de l\u2019\u00e9poque gallo-romaine du Grand Ouest, Jublains vous invite \u00e0 l\u2019histoire antique.","robots":{"index":"index","follow":"follow","max-snippet":"max-snippet:-1","max-image-preview":"max-image-preview:large","max-video-preview":"max-video-preview:-1"},"canonical":"https:\/\/patrimoine.lamayenne.fr\/jublains\/en\/","twitter_card":"summary_large_image","twitter_title":"Home - Jublains","twitter_description":"Consid\u00e9r\u00e9 comme le plus grand et le meilleur t\u00e9moignage de l\u2019\u00e9poque gallo-romaine du Grand Ouest, Jublains vous invite \u00e0 l\u2019histoire antique.","twitter_site":"@lamayenne","twitter_misc":{"Dur\u00e9e de lecture estim\u00e9e":"1 minute"},"schema":{"@context":"https:\/\/schema.org","@graph":[{"@type":"WebPage","@id":"https:\/\/patrimoine.lamayenne.fr\/jublains\/en\/","url":"https:\/\/patrimoine.lamayenne.fr\/jublains\/en\/","name":"Home - Jublains","isPartOf":{"@id":"https:\/\/patrimoine.lamayenne.fr\/jublains\/#website"},"datePublished":"2022-02-04T16:47:42+00:00","dateModified":"2024-01-22T12:44:15+00:00","description":"Consid\u00e9r\u00e9 comme le plus grand et le meilleur t\u00e9moignage de l\u2019\u00e9poque gallo-romaine du Grand Ouest, Jublains vous invite \u00e0 l\u2019histoire antique.","breadcrumb":{"@id":"https:\/\/patrimoine.lamayenne.fr\/jublains\/en\/#breadcrumb"},"inLanguage":"fr-FR","potentialAction":[{"@type":"ReadAction","target":["https:\/\/patrimoine.lamayenne.fr\/jublains\/en\/"]}]},{"@type":"BreadcrumbList","@id":"https:\/\/patrimoine.lamayenne.fr\/jublains\/en\/#breadcrumb","itemListElement":[{"@type":"ListItem","position":1,"name":"Accueil","item":"https:\/\/patrimoine.lamayenne.fr\/jublains\/"},{"@type":"ListItem","position":2,"name":"Home"}]},{"@type":"WebSite","@id":"https:\/\/patrimoine.lamayenne.fr\/jublains\/#website","url":"https:\/\/patrimoine.lamayenne.fr\/jublains\/","name":"Jublains","description":"","publisher":{"@id":"https:\/\/patrimoine.lamayenne.fr\/jublains\/#organization"},"potentialAction":[{"@type":"SearchAction","target":{"@type":"EntryPoint","urlTemplate":"https:\/\/patrimoine.lamayenne.fr\/jublains\/?s={search_term_string}"},"query-input":{"@type":"PropertyValueSpecification","valueRequired":true,"valueName":"search_term_string"}}],"inLanguage":"fr-FR"},{"@type":"Organization","@id":"https:\/\/patrimoine.lamayenne.fr\/jublains\/#organization","name":"Jublains","url":"https:\/\/patrimoine.lamayenne.fr\/jublains\/","logo":{"@type":"ImageObject","inLanguage":"fr-FR","@id":"https:\/\/patrimoine.lamayenne.fr\/jublains\/#\/schema\/logo\/image\/","url":"https:\/\/patrimoine.lamayenne.fr\/jublains\/wp-content\/uploads\/2022\/04\/logos_jublains_quadri.svg","contentUrl":"https:\/\/patrimoine.lamayenne.fr\/jublains\/wp-content\/uploads\/2022\/04\/logos_jublains_quadri.svg","width":1,"height":1,"caption":"Jublains"},"image":{"@id":"https:\/\/patrimoine.lamayenne.fr\/jublains\/#\/schema\/logo\/image\/"},"sameAs":["https:\/\/www.facebook.com\/departement.lamayenne","https:\/\/x.com\/lamayenne","https:\/\/www.instagram.com\/la.mayenne\/","https:\/\/www.youtube.com\/user\/LaMayenneTV"]}]}},"lang":"en","translations":{"en":2281,"fr":139},"pll_sync_post":[],"_links":{"self":[{"href":"https:\/\/patrimoine.lamayenne.fr\/jublains\/wp-json\/wp\/v2\/pages\/2281","targetHints":{"allow":["GET"]}}],"collection":[{"href":"https:\/\/patrimoine.lamayenne.fr\/jublains\/wp-json\/wp\/v2\/pages"}],"about":[{"href":"https:\/\/patrimoine.lamayenne.fr\/jublains\/wp-json\/wp\/v2\/types\/page"}],"author":[{"embeddable":true,"href":"https:\/\/patrimoine.lamayenne.fr\/jublains\/wp-json\/wp\/v2\/users\/9"}],"replies":[{"embeddable":true,"href":"https:\/\/patrimoine.lamayenne.fr\/jublains\/wp-json\/wp\/v2\/comments?post=2281"}],"version-history":[{"count":17,"href":"https:\/\/patrimoine.lamayenne.fr\/jublains\/wp-json\/wp\/v2\/pages\/2281\/revisions"}],"predecessor-version":[{"id":2682,"href":"https:\/\/patrimoine.lamayenne.fr\/jublains\/wp-json\/wp\/v2\/pages\/2281\/revisions\/2682"}],"wp:attachment":[{"href":"https:\/\/patrimoine.lamayenne.fr\/jublains\/wp-json\/wp\/v2\/media?parent=2281"}],"curies":[{"name":"wp","href":"https:\/\/api.w.org\/{rel}","templated":true}]}}