{"id":2323,"date":"2023-03-20T11:23:49","date_gmt":"2023-03-20T10:23:49","guid":{"rendered":"https:\/\/patrimoine.lamayenne.fr\/jublains\/?page_id=2323"},"modified":"2023-06-12T17:18:15","modified_gmt":"2023-06-12T15:18:15","slug":"accessibility","status":"publish","type":"page","link":"https:\/\/patrimoine.lamayenne.fr\/jublains\/en\/prepare-my-visit\/accessibility\/","title":{"rendered":"Accessibility"},"content":{"rendered":"<nav aria-label=\"Fil d'Ariane\" class=\"ariane\">\n  <ol>\n    <li>\n      <a href=\"https:\/\/patrimoine.lamayenne.fr\/jublains\">Jublains<\/a>\n    <\/li>\n    <li>\n      <a href=\"https:\/\/patrimoine.lamayenne.fr\/jublains\/en\/prepare-my-visit\/accessibility\/\" aria-current=\"page\">Accessibility<\/a>\n    <\/li>\n  <\/ol>\n<\/nav>\n\n<header class=\"hero flex\">\n  <h1>Accessibility<\/h1>\n  <figure class=\"hero__image\">\n    <img decoding=\"async\" data-src=\"https:\/\/patrimoine.lamayenne.fr\/jublains\/wp-content\/uploads\/2022\/06\/Jublains__ville_romaine-Jublains-CP-Les_droners_Claire_et_Arthur_-_Mayenne_Tourisme-1920px1.jpg\" alt=\"\" src=\"data:image\/svg+xml;base64,PHN2ZyB3aWR0aD0iMSIgaGVpZ2h0PSIxIiB4bWxucz0iaHR0cDovL3d3dy53My5vcmcvMjAwMC9zdmciPjwvc3ZnPg==\" class=\"lazyload\" style=\"--smush-placeholder-width: 1920px; --smush-placeholder-aspect-ratio: 1920\/1078;\">\n          <figcaption class=\"screen-reader-text\">le th\u00e9\u00e2tre de Jublains en vue a\u00e9rienne<\/figcaption>\n      <\/figure>\n  <\/header>\n\n\n<h2 class=\"wp-block-heading\" id=\"sainte-suzanne-le-chateau-adapte-a-tous\">JUBLAINS, A MUSEUM ADAPTED TO ALL<\/h2>\n\n\n\n<div class=\"wp-block-columns is-layout-flex wp-container-core-columns-is-layout-9d6595d7 wp-block-columns-is-layout-flex\">\n<div class=\"wp-block-column is-layout-flow wp-block-column-is-layout-flow\"><div class=\"wp-block-image\">\n<figure class=\"aligncenter size-full\"><img decoding=\"async\" width=\"557\" height=\"393\" data-src=\"https:\/\/patrimoine.lamayenne.fr\/jublains\/wp-content\/uploads\/2022\/07\/Tourisme-et-handicap.jpg\" alt=\"\" class=\"wp-image-1630 lazyload\" data-srcset=\"https:\/\/patrimoine.lamayenne.fr\/jublains\/wp-content\/uploads\/2022\/07\/Tourisme-et-handicap.jpg 557w, https:\/\/patrimoine.lamayenne.fr\/jublains\/wp-content\/uploads\/2022\/07\/Tourisme-et-handicap-300x212.jpg 300w\" data-sizes=\"(max-width: 557px) 100vw, 557px\" src=\"data:image\/svg+xml;base64,PHN2ZyB3aWR0aD0iMSIgaGVpZ2h0PSIxIiB4bWxucz0iaHR0cDovL3d3dy53My5vcmcvMjAwMC9zdmciPjwvc3ZnPg==\" style=\"--smush-placeholder-width: 557px; --smush-placeholder-aspect-ratio: 557\/393;\" \/><\/figure>\n<\/div><\/div>\n\n\n\n<div class=\"wp-block-column is-layout-flow wp-block-column-is-layout-flow\">\n<p>On reservation, at least three weeks in advance. <\/p>\n\n\n\n<p>The museum and the fortress have received the national label \u00ab\u00a0Tourism &amp; Handicap\u00a0\u00bb for the four disabilities: hearing, mental, motor and visual. <\/p>\n\n\n\n<p>Adapted mediations are proposed: tactile visit, or visit in LSF<strong> <\/strong>on request. <\/p>\n\n\n\n<p>For more comfort and tranquility, we advise you to visit the museum on Wednesdays, or in the afternoon from 3:30 pm<\/p>\n\n\n<ul class=\"links flex\">\n  \t  <li>\n\t\t<a href=\"https:\/\/patrimoine.lamayenne.fr\/jublains\/wp-content\/uploads\/2022\/06\/jublains-outils-aide-visite.pdf\" target=\"_blank\" class=\"link\">TOOLS TO HELP YOU VISIT (PDF FILE) (FRENCH)<\/a>\n\t  <\/li>\n\t  <\/ul>\n<\/div>\n<\/div>\n\n\n\n<section class=\"wp-block-group grey_full_bg has-gris-background-color has-background\"><div class=\"wp-block-group__inner-container is-layout-flow wp-block-group-is-layout-flow\">\n<h2 class=\"wp-block-heading\">THE MUSEUM ADAPTS TO WELCOME YOU<\/h2>\n\n\n\n<div class=\"wp-block-columns is-layout-flex wp-container-core-columns-is-layout-9d6595d7 wp-block-columns-is-layout-flex\">\n<div class=\"wp-block-column is-layout-flow wp-block-column-is-layout-flow\">\n<h3 class=\"wp-block-heading has-rouge-color has-text-color\">Visual Disability<\/h3>\n\n\n\n<figure class=\"wp-block-image size-full is-resized\"><img decoding=\"async\" data-src=\"https:\/\/patrimoine.lamayenne.fr\/jublains\/wp-content\/uploads\/2022\/02\/handicap-visuel.png\" alt=\"\" class=\"wp-image-336 lazyload\" width=\"54\" height=\"48\" src=\"data:image\/svg+xml;base64,PHN2ZyB3aWR0aD0iMSIgaGVpZ2h0PSIxIiB4bWxucz0iaHR0cDovL3d3dy53My5vcmcvMjAwMC9zdmciPjwvc3ZnPg==\" style=\"--smush-placeholder-width: 54px; --smush-placeholder-aspect-ratio: 54\/48;\" \/><\/figure>\n\n\n\n<p>Tactile visits are regularly organized in the program and can be requested by reservation for specific groups, associations, etc.<\/p>\n\n\n\n<p><strong>On the archaeological site, <\/strong>the entire route through the village is accessible to visually impaired and blind visitors. The fortress, the baths and the temple have models or plans in relief to touch.<\/p>\n\n\n\n<p><strong>Tactile elements are freely accessible: <\/strong>a reproduction of a grain mill to produce a wheat mill, a miniature restitution of a Gallic house to understand its constitution, a Gallic lock device with a key to be manipulated, and a section of wall made of cob in life size.<\/p>\n<\/div>\n\n\n\n<div class=\"wp-block-column is-layout-flow wp-block-column-is-layout-flow\">\n<h3 class=\"wp-block-heading has-rouge-color has-text-color\">Hearing impairment<\/h3>\n\n\n\n<figure class=\"wp-block-image size-full is-resized\"><img decoding=\"async\" data-src=\"https:\/\/patrimoine.lamayenne.fr\/jublains\/wp-content\/uploads\/2022\/02\/handicap-auditif.png\" alt=\"\" class=\"wp-image-334 lazyload\" width=\"57\" height=\"46\" src=\"data:image\/svg+xml;base64,PHN2ZyB3aWR0aD0iMSIgaGVpZ2h0PSIxIiB4bWxucz0iaHR0cDovL3d3dy53My5vcmcvMjAwMC9zdmciPjwvc3ZnPg==\" style=\"--smush-placeholder-width: 57px; --smush-placeholder-aspect-ratio: 57\/46;\" \/><\/figure>\n\n\n\n<p>Visitors are welcomed by an agent trained in LSF (French sign language), the reception is equipped with a magnetic loop allowing the sound to be amplified in the visitor&rsquo;s hearing aid. <\/p>\n\n\n\n<p><strong>In the thermal baths<\/strong>, located in the church, an oral description accompanied by a targeted lighting of the remains allows to understand the functioning of the ancient baths. In the absence of subtitles, the reading of the panel placed at the entrance of the monument serves as a compensatory element. The latter includes a plan (print of the archaeological traces, outline of the church) and a drawing of restitution of the monument with the function of each room of the baths. <\/p>\n\n\n\n<p><strong>During the animations and adapted visits,<\/strong> visits translated into LSF are regularly scheduled, for example during the European Heritage Days or the National Tourism &amp; Handicap Days. Schools with deaf or hard-of-hearing students can request an accompaniment for the visit of the site and the museum.<\/p>\n<\/div>\n<\/div>\n\n\n\n<div class=\"wp-block-columns is-layout-flex wp-container-core-columns-is-layout-9d6595d7 wp-block-columns-is-layout-flex\">\n<div class=\"wp-block-column is-layout-flow wp-block-column-is-layout-flow\">\n<h3 class=\"wp-block-heading has-rouge-color has-text-color\">Motor disability<\/h3>\n\n\n\n<figure class=\"wp-block-image size-full is-resized\"><img decoding=\"async\" data-src=\"https:\/\/patrimoine.lamayenne.fr\/jublains\/wp-content\/uploads\/2022\/02\/logo-handicap-moteur.jpg\" alt=\"\" class=\"wp-image-316 lazyload\" width=\"56\" height=\"51\" src=\"data:image\/svg+xml;base64,PHN2ZyB3aWR0aD0iMSIgaGVpZ2h0PSIxIiB4bWxucz0iaHR0cDovL3d3dy53My5vcmcvMjAwMC9zdmciPjwvc3ZnPg==\" style=\"--smush-placeholder-width: 56px; --smush-placeholder-aspect-ratio: 56\/51;\" \/><\/figure>\n\n\n\n<p><strong>During the activities, <\/strong>places are systematically reserved for people with reduced mobility. For visits, the guides adapt the itinerary, especially outdoors, to facilitate movement.<\/p>\n\n\n\n<p><strong>On the archaeological site, <\/strong>the premises are partially accessible to people in wheelchairs or with reduced mobility. It is advisable to drive from one monument to another, as the site offers little space for rest. Much of the route is on sandy paths and in some places has a steep incline.<\/p>\n\n\n\n<p><strong>At the theater,<\/strong> a specific parking space has been set up to get as close as possible to the monument and to the information terminal.<\/p>\n\n\n\n<p><strong>The baths<\/strong> are accessible on the same level from the left side of the church.<\/p>\n\n\n\n<p><strong>In the fortress and in the temple, <\/strong>compensatory elements allow to have information on the monuments because they are partially accessible with a wheelchair.<\/p>\n<\/div>\n\n\n\n<div class=\"wp-block-column is-layout-flow wp-block-column-is-layout-flow\">\n<h3 class=\"wp-block-heading has-rouge-color has-text-color\">Mental disability<\/h3>\n\n\n\n<figure class=\"wp-block-image size-full is-resized\"><img decoding=\"async\" data-src=\"https:\/\/patrimoine.lamayenne.fr\/jublains\/wp-content\/uploads\/2022\/02\/handicap-mental.png\" alt=\"\" class=\"wp-image-335 lazyload\" width=\"54\" height=\"52\" src=\"data:image\/svg+xml;base64,PHN2ZyB3aWR0aD0iMSIgaGVpZ2h0PSIxIiB4bWxucz0iaHR0cDovL3d3dy53My5vcmcvMjAwMC9zdmciPjwvc3ZnPg==\" style=\"--smush-placeholder-width: 54px; --smush-placeholder-aspect-ratio: 54\/52;\" \/><\/figure>\n\n\n\n<p><strong>L\u2019ensemble du mus\u00e9e est accessible<\/strong> : les espaces sont signal\u00e9s par des pictogrammes, le film d\u2019introduction est ais\u00e9 \u00e0 comprendre, les panneaux des vitrines comportent de nombreuses photos et des fiches en FALC (Facile \u00e0 Lire et \u00e0 Comprendre) sont mises \u00e0 disposition durant les expositions temporaires.<\/p>\n\n\n\n<p><strong>Sur le site arch\u00e9ologique<\/strong>, les panneaux d&rsquo;information qui jalonnent le parcours comportent de nombreux visuels (photos et dessins). Des modules ludiques, type rouleaux tib\u00e9tains, des \u00ab\u00a0viseurs\u00a0\u00bb et des mat\u00e9riauth\u00e8ques sont en libre-acc\u00e8s sur le parcours, en plus des maquettes \u00e0 d\u00e9couvrir.<\/p>\n\n\n\n<p><strong>Lors des animations et des visites adapt\u00e9es<\/strong>, des reproductions d&rsquo;objets sont pr\u00e9sent\u00e9es pour \u00e9voquer des th\u00e9matiques concr\u00e8tes, comme la vaisselle et le repas. <\/p>\n\n\n\n<p><strong>Au th\u00e9\u00e2tre<\/strong>, il est possible de prendre des masques et de jouer avec l&rsquo;acoustique du lieu, pour rendre les visites ludiques. En pr\u00e9sence d&rsquo;un m\u00e9diateur du mus\u00e9e.<\/p>\n<\/div>\n<\/div>\n\n\n<ul class=\"blocButtons flex center\">\n     \t  <li>\n        <a href=\"https:\/\/fr.calameo.com\/read\/00200548486f4acf06545\" class=\"button\" target=\"_blank\">The tour in pictures (French)<\/a>\n      <\/li>\n\t  <\/ul>\n<\/div><\/section>\n\n\n\n<section class=\"wp-block-group\"><div class=\"wp-block-group__inner-container is-layout-flow wp-block-group-is-layout-flow\">\n<h2 class=\"wp-block-heading\">A DEDICATED REFERENT<\/h2>\n\n\n\n<p>You have a referent dedicated to accessibility: Val\u00e9rie S\u00c9CHET. You can contact <a href=\"mailto:valerie.sechet@lamayenne.fr?subject=Message%20depuis%20le%20site%20Internet%20-%20page%20accessibilite\">her by email<\/a> or call her on <a href=\"tel:+33243581319\">her direct line (+33 2 43 58 13 19)<\/a>.<\/p>\n<\/div><\/section>\n","protected":false},"excerpt":{"rendered":"<p>JUBLAINS, A MUSEUM ADAPTED TO ALL On reservation, at least three weeks in advance. The museum and the fortress have received the national label \u00ab\u00a0Tourism &amp; Handicap\u00a0\u00bb for the four disabilities: hearing, mental, motor and visual. Adapted mediations are proposed: tactile visit, or visit in LSF on request. For more comfort and tranquility, we advise [&hellip;]<\/p>\n","protected":false},"author":9,"featured_media":0,"parent":2302,"menu_order":0,"comment_status":"closed","ping_status":"closed","template":"","meta":{"_acf_changed":false,"footnotes":""},"class_list":["post-2323","page","type-page","status-publish","hentry"],"acf":[],"yoast_head":"<!-- This site is optimized with the Yoast SEO plugin v25.8 - https:\/\/yoast.com\/wordpress\/plugins\/seo\/ -->\n<title>Accessibility - Jublains<\/title>\n<meta name=\"description\" content=\"Le mus\u00e9e de Jublains est adapt\u00e9 \u00e0 tous. Trouvez toutes les informations et ressources sur l&#039;accessibilit\u00e9 du mus\u00e9e.\" \/>\n<meta name=\"robots\" content=\"index, follow, max-snippet:-1, max-image-preview:large, max-video-preview:-1\" \/>\n<link rel=\"canonical\" href=\"https:\/\/patrimoine.lamayenne.fr\/jublains\/en\/prepare-my-visit\/accessibility\/\" \/>\n<meta name=\"twitter:card\" content=\"summary_large_image\" \/>\n<meta name=\"twitter:title\" content=\"Accessibility - Jublains\" \/>\n<meta name=\"twitter:description\" content=\"Le mus\u00e9e de Jublains est adapt\u00e9 \u00e0 tous. Trouvez toutes les informations et ressources sur l&#039;accessibilit\u00e9 du mus\u00e9e.\" \/>\n<meta name=\"twitter:image\" content=\"https:\/\/patrimoine.lamayenne.fr\/jublains\/wp-content\/uploads\/2022\/07\/Tourisme-et-handicap.jpg\" \/>\n<meta name=\"twitter:site\" content=\"@lamayenne\" \/>\n<meta name=\"twitter:label1\" content=\"Dur\u00e9e de lecture estim\u00e9e\" \/>\n\t<meta name=\"twitter:data1\" content=\"5 minutes\" \/>\n<script type=\"application\/ld+json\" class=\"yoast-schema-graph\">{\"@context\":\"https:\/\/schema.org\",\"@graph\":[{\"@type\":\"WebPage\",\"@id\":\"https:\/\/patrimoine.lamayenne.fr\/jublains\/en\/prepare-my-visit\/accessibility\/\",\"url\":\"https:\/\/patrimoine.lamayenne.fr\/jublains\/en\/prepare-my-visit\/accessibility\/\",\"name\":\"Accessibility - Jublains\",\"isPartOf\":{\"@id\":\"https:\/\/patrimoine.lamayenne.fr\/jublains\/#website\"},\"primaryImageOfPage\":{\"@id\":\"https:\/\/patrimoine.lamayenne.fr\/jublains\/en\/prepare-my-visit\/accessibility\/#primaryimage\"},\"image\":{\"@id\":\"https:\/\/patrimoine.lamayenne.fr\/jublains\/en\/prepare-my-visit\/accessibility\/#primaryimage\"},\"thumbnailUrl\":\"https:\/\/patrimoine.lamayenne.fr\/jublains\/wp-content\/uploads\/2022\/07\/Tourisme-et-handicap.jpg\",\"datePublished\":\"2023-03-20T10:23:49+00:00\",\"dateModified\":\"2023-06-12T15:18:15+00:00\",\"description\":\"Le mus\u00e9e de Jublains est adapt\u00e9 \u00e0 tous. Trouvez toutes les informations et ressources sur l'accessibilit\u00e9 du mus\u00e9e.\",\"breadcrumb\":{\"@id\":\"https:\/\/patrimoine.lamayenne.fr\/jublains\/en\/prepare-my-visit\/accessibility\/#breadcrumb\"},\"inLanguage\":\"fr-FR\",\"potentialAction\":[{\"@type\":\"ReadAction\",\"target\":[\"https:\/\/patrimoine.lamayenne.fr\/jublains\/en\/prepare-my-visit\/accessibility\/\"]}]},{\"@type\":\"ImageObject\",\"inLanguage\":\"fr-FR\",\"@id\":\"https:\/\/patrimoine.lamayenne.fr\/jublains\/en\/prepare-my-visit\/accessibility\/#primaryimage\",\"url\":\"https:\/\/patrimoine.lamayenne.fr\/jublains\/wp-content\/uploads\/2022\/07\/Tourisme-et-handicap.jpg\",\"contentUrl\":\"https:\/\/patrimoine.lamayenne.fr\/jublains\/wp-content\/uploads\/2022\/07\/Tourisme-et-handicap.jpg\",\"width\":557,\"height\":393,\"caption\":\"logo Tourisme et handicap\"},{\"@type\":\"BreadcrumbList\",\"@id\":\"https:\/\/patrimoine.lamayenne.fr\/jublains\/en\/prepare-my-visit\/accessibility\/#breadcrumb\",\"itemListElement\":[{\"@type\":\"ListItem\",\"position\":1,\"name\":\"Accueil\",\"item\":\"https:\/\/patrimoine.lamayenne.fr\/jublains\/\"},{\"@type\":\"ListItem\",\"position\":2,\"name\":\"Plan my visit\",\"item\":\"https:\/\/patrimoine.lamayenne.fr\/jublains\/en\/prepare-my-visit\/\"},{\"@type\":\"ListItem\",\"position\":3,\"name\":\"Accessibility\"}]},{\"@type\":\"WebSite\",\"@id\":\"https:\/\/patrimoine.lamayenne.fr\/jublains\/#website\",\"url\":\"https:\/\/patrimoine.lamayenne.fr\/jublains\/\",\"name\":\"Jublains\",\"description\":\"\",\"publisher\":{\"@id\":\"https:\/\/patrimoine.lamayenne.fr\/jublains\/#organization\"},\"potentialAction\":[{\"@type\":\"SearchAction\",\"target\":{\"@type\":\"EntryPoint\",\"urlTemplate\":\"https:\/\/patrimoine.lamayenne.fr\/jublains\/?s={search_term_string}\"},\"query-input\":{\"@type\":\"PropertyValueSpecification\",\"valueRequired\":true,\"valueName\":\"search_term_string\"}}],\"inLanguage\":\"fr-FR\"},{\"@type\":\"Organization\",\"@id\":\"https:\/\/patrimoine.lamayenne.fr\/jublains\/#organization\",\"name\":\"Jublains\",\"url\":\"https:\/\/patrimoine.lamayenne.fr\/jublains\/\",\"logo\":{\"@type\":\"ImageObject\",\"inLanguage\":\"fr-FR\",\"@id\":\"https:\/\/patrimoine.lamayenne.fr\/jublains\/#\/schema\/logo\/image\/\",\"url\":\"https:\/\/patrimoine.lamayenne.fr\/jublains\/wp-content\/uploads\/2022\/04\/logos_jublains_quadri.svg\",\"contentUrl\":\"https:\/\/patrimoine.lamayenne.fr\/jublains\/wp-content\/uploads\/2022\/04\/logos_jublains_quadri.svg\",\"width\":1,\"height\":1,\"caption\":\"Jublains\"},\"image\":{\"@id\":\"https:\/\/patrimoine.lamayenne.fr\/jublains\/#\/schema\/logo\/image\/\"},\"sameAs\":[\"https:\/\/www.facebook.com\/departement.lamayenne\",\"https:\/\/x.com\/lamayenne\",\"https:\/\/www.instagram.com\/la.mayenne\/\",\"https:\/\/www.youtube.com\/user\/LaMayenneTV\"]}]}<\/script>\n<!-- \/ Yoast SEO plugin. -->","yoast_head_json":{"title":"Accessibility - Jublains","description":"Le mus\u00e9e de Jublains est adapt\u00e9 \u00e0 tous. Trouvez toutes les informations et ressources sur l'accessibilit\u00e9 du mus\u00e9e.","robots":{"index":"index","follow":"follow","max-snippet":"max-snippet:-1","max-image-preview":"max-image-preview:large","max-video-preview":"max-video-preview:-1"},"canonical":"https:\/\/patrimoine.lamayenne.fr\/jublains\/en\/prepare-my-visit\/accessibility\/","twitter_card":"summary_large_image","twitter_title":"Accessibility - Jublains","twitter_description":"Le mus\u00e9e de Jublains est adapt\u00e9 \u00e0 tous. Trouvez toutes les informations et ressources sur l'accessibilit\u00e9 du mus\u00e9e.","twitter_image":"https:\/\/patrimoine.lamayenne.fr\/jublains\/wp-content\/uploads\/2022\/07\/Tourisme-et-handicap.jpg","twitter_site":"@lamayenne","twitter_misc":{"Dur\u00e9e de lecture estim\u00e9e":"5 minutes"},"schema":{"@context":"https:\/\/schema.org","@graph":[{"@type":"WebPage","@id":"https:\/\/patrimoine.lamayenne.fr\/jublains\/en\/prepare-my-visit\/accessibility\/","url":"https:\/\/patrimoine.lamayenne.fr\/jublains\/en\/prepare-my-visit\/accessibility\/","name":"Accessibility - Jublains","isPartOf":{"@id":"https:\/\/patrimoine.lamayenne.fr\/jublains\/#website"},"primaryImageOfPage":{"@id":"https:\/\/patrimoine.lamayenne.fr\/jublains\/en\/prepare-my-visit\/accessibility\/#primaryimage"},"image":{"@id":"https:\/\/patrimoine.lamayenne.fr\/jublains\/en\/prepare-my-visit\/accessibility\/#primaryimage"},"thumbnailUrl":"https:\/\/patrimoine.lamayenne.fr\/jublains\/wp-content\/uploads\/2022\/07\/Tourisme-et-handicap.jpg","datePublished":"2023-03-20T10:23:49+00:00","dateModified":"2023-06-12T15:18:15+00:00","description":"Le mus\u00e9e de Jublains est adapt\u00e9 \u00e0 tous. Trouvez toutes les informations et ressources sur l'accessibilit\u00e9 du mus\u00e9e.","breadcrumb":{"@id":"https:\/\/patrimoine.lamayenne.fr\/jublains\/en\/prepare-my-visit\/accessibility\/#breadcrumb"},"inLanguage":"fr-FR","potentialAction":[{"@type":"ReadAction","target":["https:\/\/patrimoine.lamayenne.fr\/jublains\/en\/prepare-my-visit\/accessibility\/"]}]},{"@type":"ImageObject","inLanguage":"fr-FR","@id":"https:\/\/patrimoine.lamayenne.fr\/jublains\/en\/prepare-my-visit\/accessibility\/#primaryimage","url":"https:\/\/patrimoine.lamayenne.fr\/jublains\/wp-content\/uploads\/2022\/07\/Tourisme-et-handicap.jpg","contentUrl":"https:\/\/patrimoine.lamayenne.fr\/jublains\/wp-content\/uploads\/2022\/07\/Tourisme-et-handicap.jpg","width":557,"height":393,"caption":"logo Tourisme et handicap"},{"@type":"BreadcrumbList","@id":"https:\/\/patrimoine.lamayenne.fr\/jublains\/en\/prepare-my-visit\/accessibility\/#breadcrumb","itemListElement":[{"@type":"ListItem","position":1,"name":"Accueil","item":"https:\/\/patrimoine.lamayenne.fr\/jublains\/"},{"@type":"ListItem","position":2,"name":"Plan my visit","item":"https:\/\/patrimoine.lamayenne.fr\/jublains\/en\/prepare-my-visit\/"},{"@type":"ListItem","position":3,"name":"Accessibility"}]},{"@type":"WebSite","@id":"https:\/\/patrimoine.lamayenne.fr\/jublains\/#website","url":"https:\/\/patrimoine.lamayenne.fr\/jublains\/","name":"Jublains","description":"","publisher":{"@id":"https:\/\/patrimoine.lamayenne.fr\/jublains\/#organization"},"potentialAction":[{"@type":"SearchAction","target":{"@type":"EntryPoint","urlTemplate":"https:\/\/patrimoine.lamayenne.fr\/jublains\/?s={search_term_string}"},"query-input":{"@type":"PropertyValueSpecification","valueRequired":true,"valueName":"search_term_string"}}],"inLanguage":"fr-FR"},{"@type":"Organization","@id":"https:\/\/patrimoine.lamayenne.fr\/jublains\/#organization","name":"Jublains","url":"https:\/\/patrimoine.lamayenne.fr\/jublains\/","logo":{"@type":"ImageObject","inLanguage":"fr-FR","@id":"https:\/\/patrimoine.lamayenne.fr\/jublains\/#\/schema\/logo\/image\/","url":"https:\/\/patrimoine.lamayenne.fr\/jublains\/wp-content\/uploads\/2022\/04\/logos_jublains_quadri.svg","contentUrl":"https:\/\/patrimoine.lamayenne.fr\/jublains\/wp-content\/uploads\/2022\/04\/logos_jublains_quadri.svg","width":1,"height":1,"caption":"Jublains"},"image":{"@id":"https:\/\/patrimoine.lamayenne.fr\/jublains\/#\/schema\/logo\/image\/"},"sameAs":["https:\/\/www.facebook.com\/departement.lamayenne","https:\/\/x.com\/lamayenne","https:\/\/www.instagram.com\/la.mayenne\/","https:\/\/www.youtube.com\/user\/LaMayenneTV"]}]}},"lang":"en","translations":{"en":2323,"fr":1334},"pll_sync_post":[],"_links":{"self":[{"href":"https:\/\/patrimoine.lamayenne.fr\/jublains\/wp-json\/wp\/v2\/pages\/2323","targetHints":{"allow":["GET"]}}],"collection":[{"href":"https:\/\/patrimoine.lamayenne.fr\/jublains\/wp-json\/wp\/v2\/pages"}],"about":[{"href":"https:\/\/patrimoine.lamayenne.fr\/jublains\/wp-json\/wp\/v2\/types\/page"}],"author":[{"embeddable":true,"href":"https:\/\/patrimoine.lamayenne.fr\/jublains\/wp-json\/wp\/v2\/users\/9"}],"replies":[{"embeddable":true,"href":"https:\/\/patrimoine.lamayenne.fr\/jublains\/wp-json\/wp\/v2\/comments?post=2323"}],"version-history":[{"count":8,"href":"https:\/\/patrimoine.lamayenne.fr\/jublains\/wp-json\/wp\/v2\/pages\/2323\/revisions"}],"predecessor-version":[{"id":2396,"href":"https:\/\/patrimoine.lamayenne.fr\/jublains\/wp-json\/wp\/v2\/pages\/2323\/revisions\/2396"}],"up":[{"embeddable":true,"href":"https:\/\/patrimoine.lamayenne.fr\/jublains\/wp-json\/wp\/v2\/pages\/2302"}],"wp:attachment":[{"href":"https:\/\/patrimoine.lamayenne.fr\/jublains\/wp-json\/wp\/v2\/media?parent=2323"}],"curies":[{"name":"wp","href":"https:\/\/api.w.org\/{rel}","templated":true}]}}