{"id":703,"date":"2022-04-19T22:27:32","date_gmt":"2022-04-19T20:27:32","guid":{"rendered":"https:\/\/patrimoine.lamayenne.fr\/jublains\/?page_id=703"},"modified":"2025-09-07T11:38:49","modified_gmt":"2025-09-07T09:38:49","slug":"decouvrir","status":"publish","type":"page","link":"https:\/\/patrimoine.lamayenne.fr\/jublains\/decouvrir\/","title":{"rendered":"D\u00e9couvrir"},"content":{"rendered":"<nav aria-label=\"Fil d'Ariane\" class=\"ariane\">\n  <ol>\n    <li>\n      <a href=\"https:\/\/patrimoine.lamayenne.fr\/jublains\">Jublains<\/a>\n    <\/li>\n    <li>\n      <a href=\"https:\/\/patrimoine.lamayenne.fr\/jublains\/decouvrir\/\" aria-current=\"page\">D\u00e9couvrir<\/a>\n    <\/li>\n  <\/ol>\n<\/nav>\n\n<header class=\"hero flex\">\n  <h1>D\u00e9couvrir la <br\/>cit\u00e9 antique<\/h1>\n  <figure class=\"hero__image\">\n    <img decoding=\"async\" data-src=\"https:\/\/patrimoine.lamayenne.fr\/jublains\/wp-content\/uploads\/2022\/04\/forteresse-Cre\u0301dit-Emilie-DELETANG.jpg\" alt=\"\" src=\"data:image\/svg+xml;base64,PHN2ZyB3aWR0aD0iMSIgaGVpZ2h0PSIxIiB4bWxucz0iaHR0cDovL3d3dy53My5vcmcvMjAwMC9zdmciPjwvc3ZnPg==\" class=\"lazyload\" style=\"--smush-placeholder-width: 1000px; --smush-placeholder-aspect-ratio: 1000\/563;\">\n      <\/figure>\n  <\/header>\n\n\n<div class=\"wp-block-buttons is-content-justification-center is-layout-flex wp-container-core-buttons-is-layout-16018d1d wp-block-buttons-is-layout-flex\">\n<div class=\"wp-block-button\"><a class=\"wp-block-button__link has-rouge-background-color has-background wp-element-button\" href=\"#popup-consulter-le-depliant-de-visite\"><strong>Consulter le d\u00e9pliant de visite<\/strong><\/a><\/div>\n<\/div>\n\n\n\n<p>Consid\u00e9r\u00e9 comme le plus grand et le meilleur t\u00e9moignage&nbsp;de l\u2019\u00e9poque gallo-romaine du grand Ouest,&nbsp;Jublains vous invite \u00e0 ouvrir le grand livre de l\u2019histoire antique.<br>Un vaste territoire, presque \u00e9quivalent \u00e0 celui de la Mayenne, est occup\u00e9 par le peuple gaulois des Diablintes. Au cours du 1er si\u00e8cle apr\u00e8s J.-C., est \u00e9difi\u00e9e sur le site de Jublains une \u00ab ville nouvelle \u00bb, <em>Noviodunum<\/em>, qui devient la capitale romaine du territoire diablinte.<br>Pr\u00e9serv\u00e9s par le temps, les vestiges du sanctuaire monumental, des thermes, du th\u00e9\u00e2tre et du grand complexe fortifi\u00e9 en marge de la ville antique s&rsquo;offrent au regard et \u00e0 la curiosit\u00e9 du visiteur\u2026 c\u2019est un site arch\u00e9ologique exceptionnel \u00e0 d\u00e9couvrir.<\/p>\n\n\n<div class=\"bloc__popup\" id=\"popup-consulter-le-depliant-de-visite\" data-popup=\"calameo\">\n  <div class=\"bloc__popup__bg\"><\/div>\n  <div tabindex=\"0\" role=\"dialog\" aria-labelledby=\"bloc__popup-block_a858f2a3c8c1cdaea5dbbfac564fc912-title\" aria-modal=\"true\">\n    <div tabindex=\"0\" data-tabtrap=\"before\"><\/div>\n    <h2 id=\"bloc__popup-block_a858f2a3c8c1cdaea5dbbfac564fc912-title\">D\u00e9pliant de visite\u00a0<\/h2>\n          <div>\n        <h3>Consulter le d\u00e9pliant de visite\u00a0<\/h3>\n                  <ul>\n                          <li><a class=\"button\" href=\"https:\/\/fr.calameo.com\/read\/002005484ccb687505f66\" target=\"_blank\">Consulter le d\u00e9pliant de visite\u00a0<\/a><\/li>\n                      <\/ul>\n              <\/div>\n        <button>\n      <span class=\"screen-reader-text\">Fermer la popup<\/span>\n    <\/button>\n    <div tabindex=\"0\" data-tabtrap=\"after\"><\/div>\n  <\/div>\n  <\/div>\n\n<section class=\"display1 flex\">\n  <div class=\"display1__content flex__col\">\n    <h3>Parcours arch\u00e9ologique <\/h3>\n    <p>D\u00e9ambulez librement au sein des monuments situ\u00e9s dans le village. Douze \u00e9tapes jalonn\u00e9es par des disques de bronze ins\u00e9r\u00e9s dans le sol et des bornes d\u2019informations vous permettent de d\u00e9couvrir le th\u00e9\u00e2tre, les thermes, le temple et les terrains arch\u00e9ologiques r\u00e9serv\u00e9s aux fouilles. <\/p>\n    <img decoding=\"async\" aria-hidden=\"true\" draggable=\"false\" data-src=\"https:\/\/patrimoine.lamayenne.fr\/jublains\/wp-content\/uploads\/2022\/04\/jublain-logo-signe-blanc.svg\" alt=\"\" src=\"data:image\/svg+xml;base64,PHN2ZyB3aWR0aD0iMSIgaGVpZ2h0PSIxIiB4bWxucz0iaHR0cDovL3d3dy53My5vcmcvMjAwMC9zdmciPjwvc3ZnPg==\" class=\"lazyload\">\n  <\/div>\n  <figure class=\"display1__image\">\n    <img decoding=\"async\" data-src=\"https:\/\/patrimoine.lamayenne.fr\/jublains\/wp-content\/uploads\/2025\/02\/006_part.jpg\" alt=\"\" src=\"data:image\/svg+xml;base64,PHN2ZyB3aWR0aD0iMSIgaGVpZ2h0PSIxIiB4bWxucz0iaHR0cDovL3d3dy53My5vcmcvMjAwMC9zdmciPjwvc3ZnPg==\" class=\"lazyload\" style=\"--smush-placeholder-width: 425px; --smush-placeholder-aspect-ratio: 425\/283;\">\n        <figcaption class=\"screen-reader-text\">Cr\u00e9dit Gilles Leroux<\/figcaption>\n      <\/figure>\n<\/section>\n\n<section class=\"display1 flex\">\n  <div class=\"display1__content flex__col\">\n    <h3>FORTERESSE \u00c9PIQUE<\/h3>\n    <p>Questionnez-vous avec nous ! D\u00e9couvrez le complexe fortifi\u00e9 de Jublains, \u00e9difice le plus spectaculaire du site. Une forteresse gallo-romaine impressionnante qui n\u2019a pas fini de livrer ses secrets. <br \/>\r\n<br \/>\r\nATTENTION CHANTIER! <br \/>\r\nLes travaux de restauration de la muraille sont toujours en cours. <br \/>\r\nApr\u00e8s la restauration de la courtine ouest, un \u00e9chafaudage est actuellement pos\u00e9 au niveau de la moiti\u00e9 de la  courtine nord (c&rsquo;est-\u00e0-dire le long de la route de Monts\u00fbrs) et  de la courtine est (septembre 2025).<br \/>\r\nLes visites, libres ou guid\u00e9es, sont toujours possibles. Le b\u00e2timent central reste accessible, ainsi que les b\u00e2timents de bains qui le jouxtent. <\/p>\n    <img decoding=\"async\" aria-hidden=\"true\" draggable=\"false\" data-src=\"https:\/\/patrimoine.lamayenne.fr\/jublains\/wp-content\/uploads\/2022\/04\/jublain-logo-signe-blanc.svg\" alt=\"\" src=\"data:image\/svg+xml;base64,PHN2ZyB3aWR0aD0iMSIgaGVpZ2h0PSIxIiB4bWxucz0iaHR0cDovL3d3dy53My5vcmcvMjAwMC9zdmciPjwvc3ZnPg==\" class=\"lazyload\">\n  <\/div>\n  <figure class=\"display1__image\">\n    <img decoding=\"async\" data-src=\"https:\/\/patrimoine.lamayenne.fr\/jublains\/wp-content\/uploads\/2022\/04\/jublains-forteresse.jpg\" alt=\"\" src=\"data:image\/svg+xml;base64,PHN2ZyB3aWR0aD0iMSIgaGVpZ2h0PSIxIiB4bWxucz0iaHR0cDovL3d3dy53My5vcmcvMjAwMC9zdmciPjwvc3ZnPg==\" class=\"lazyload\" style=\"--smush-placeholder-width: 726px; --smush-placeholder-aspect-ratio: 726\/511;\">\n      <\/figure>\n<\/section>\n\n\n<h2 class=\"wp-block-heading\">Recherches arch\u00e9ologiques<\/h2>\n\n\n\n<p><strong>Chantier de fouille programm\u00e9e<\/strong>.<\/p>\n\n\n\n<p>D\u00e8s la fin du 18e si\u00e8cle, le site de Jublains a fait l&rsquo;objet de recherches arch\u00e9ologiques, d&rsquo;abord men\u00e9es par des amateurs passionn\u00e9s d\u2019histoire et d\u2019antiquit\u00e9s puis r\u00e9alis\u00e9es par des arch\u00e9ologues professionnels. Jusqu&rsquo;en 1995, l\u2019essentiel des recherches porte sur les monuments publics de l&rsquo;ancienne <em>Noviodunum<\/em>.<br>Depuis la fin des ann\u00e9es 1990, les fouilles programm\u00e9es conduites par <strong>les arch\u00e9ologues du D\u00e9partement<\/strong> dans plusieurs quartiers d&rsquo;habitation permettent de d\u00e9couvrir davantage qui \u00e9taient les habitants de <em>Noviodunum<\/em> et comment ils y vivaient. De nouvelles m\u00e9thodes de d\u00e9tection (g\u00e9oradar) mises en \u0153uvre en 2018 montrent que le site de Jublains n\u2019a pas encore livr\u00e9 tous ses secrets\u2026 l&rsquo;histoire continue de s&rsquo;\u00e9crire !<br>Le chantier, qui avait d\u00e9but\u00e9 en 2010 sous la conduite d&rsquo;Anne Bocquet, arch\u00e9ologue d\u00e9partementale, s&rsquo;est achev\u00e9 fin octobre 2023 sur le site du Bourg.<\/p>\n\n\n<figure role=\"group\" aria-labelledby=\"diapo2-block_0cbe08d74387d1a94137a8051987e56b_title\" class=\"diapo2\">\n  <figcaption id=\"diapo2-block_0cbe08d74387d1a94137a8051987e56b_title\" class=\"screen-reader-text\"><\/figcaption>\n      <figure role=\"group\" aria-labelledby=\"diapo2-block_0cbe08d74387d1a94137a8051987e56b_diapo_1\" class=\"diapo2__slide active\">\n      <img decoding=\"async\" data-src=\"https:\/\/patrimoine.lamayenne.fr\/jublains\/wp-content\/uploads\/2023\/11\/batiment-residentiel-debut-juin-2023.jpg\" alt=\"\" src=\"data:image\/svg+xml;base64,PHN2ZyB3aWR0aD0iMSIgaGVpZ2h0PSIxIiB4bWxucz0iaHR0cDovL3d3dy53My5vcmcvMjAwMC9zdmciPjwvc3ZnPg==\" class=\"lazyload\" style=\"--smush-placeholder-width: 1640px; --smush-placeholder-aspect-ratio: 1640\/923;\">\n              <figcaption id=\"diapo2-block_0cbe08d74387d1a94137a8051987e56b_diapo_1\">\n          <h3>B\u00e2timent r\u00e9sidentiel, d\u00e9but juin 2023<\/h3>\n          <p><\/p>\n        <\/figcaption>\n          <\/figure>\n      <figure role=\"group\" aria-labelledby=\"diapo2-block_0cbe08d74387d1a94137a8051987e56b_diapo_2\" class=\"diapo2__slide\">\n      <img decoding=\"async\" data-src=\"https:\/\/patrimoine.lamayenne.fr\/jublains\/wp-content\/uploads\/2023\/11\/batiment-residentiel-fin-juin-2023.jpg\" alt=\"\" src=\"data:image\/svg+xml;base64,PHN2ZyB3aWR0aD0iMSIgaGVpZ2h0PSIxIiB4bWxucz0iaHR0cDovL3d3dy53My5vcmcvMjAwMC9zdmciPjwvc3ZnPg==\" class=\"lazyload\" style=\"--smush-placeholder-width: 1640px; --smush-placeholder-aspect-ratio: 1640\/923;\">\n              <figcaption id=\"diapo2-block_0cbe08d74387d1a94137a8051987e56b_diapo_2\">\n          <h3>B\u00e2timent r\u00e9sidentiel, fin juin 2023<\/h3>\n          <p><\/p>\n        <\/figcaption>\n          <\/figure>\n      <figure role=\"group\" aria-labelledby=\"diapo2-block_0cbe08d74387d1a94137a8051987e56b_diapo_3\" class=\"diapo2__slide\">\n      <img decoding=\"async\" data-src=\"https:\/\/patrimoine.lamayenne.fr\/jublains\/wp-content\/uploads\/2023\/11\/batiment-residentiel-mi-juillet-2023.jpg\" alt=\"\" src=\"data:image\/svg+xml;base64,PHN2ZyB3aWR0aD0iMSIgaGVpZ2h0PSIxIiB4bWxucz0iaHR0cDovL3d3dy53My5vcmcvMjAwMC9zdmciPjwvc3ZnPg==\" class=\"lazyload\" style=\"--smush-placeholder-width: 1640px; --smush-placeholder-aspect-ratio: 1640\/923;\">\n              <figcaption id=\"diapo2-block_0cbe08d74387d1a94137a8051987e56b_diapo_3\">\n          <h3>B\u00e2timent r\u00e9sidentiel, mi-juillet 2023<\/h3>\n          <p><\/p>\n        <\/figcaption>\n          <\/figure>\n      <figure role=\"group\" aria-labelledby=\"diapo2-block_0cbe08d74387d1a94137a8051987e56b_diapo_4\" class=\"diapo2__slide\">\n      <img decoding=\"async\" data-src=\"https:\/\/patrimoine.lamayenne.fr\/jublains\/wp-content\/uploads\/2023\/11\/tessons-apres-lavage.jpg\" alt=\"\" src=\"data:image\/svg+xml;base64,PHN2ZyB3aWR0aD0iMSIgaGVpZ2h0PSIxIiB4bWxucz0iaHR0cDovL3d3dy53My5vcmcvMjAwMC9zdmciPjwvc3ZnPg==\" class=\"lazyload\" style=\"--smush-placeholder-width: 1640px; --smush-placeholder-aspect-ratio: 1640\/923;\">\n              <figcaption id=\"diapo2-block_0cbe08d74387d1a94137a8051987e56b_diapo_4\">\n          <h3>Tessons apr\u00e8s lavage<\/h3>\n          <p><\/p>\n        <\/figcaption>\n          <\/figure>\n      <figure role=\"group\" aria-labelledby=\"diapo2-block_0cbe08d74387d1a94137a8051987e56b_diapo_5\" class=\"diapo2__slide\">\n      <img decoding=\"async\" data-src=\"https:\/\/patrimoine.lamayenne.fr\/jublains\/wp-content\/uploads\/2023\/11\/fragment-ceramique-sigillee.jpg\" alt=\"\" src=\"data:image\/svg+xml;base64,PHN2ZyB3aWR0aD0iMSIgaGVpZ2h0PSIxIiB4bWxucz0iaHR0cDovL3d3dy53My5vcmcvMjAwMC9zdmciPjwvc3ZnPg==\" class=\"lazyload\" style=\"--smush-placeholder-width: 1640px; --smush-placeholder-aspect-ratio: 1640\/923;\">\n              <figcaption id=\"diapo2-block_0cbe08d74387d1a94137a8051987e56b_diapo_5\">\n          <h3>Fragment de c\u00e9ramique sigill\u00e9e<\/h3>\n          <p><\/p>\n        <\/figcaption>\n          <\/figure>\n  <\/figure>\n\n<section class=\"redbloc flex__col\">\n  <h2>VISITE VIRTUELLE DU SANCTUAIRE ANTIQUE<\/h2>\n<p>Lanc\u00e9 en 2020, un partenariat entre le D\u00e9partement et le laboratoire IStoAR, sp\u00e9cialis\u00e9 dans la recherche en technologies de r\u00e9alit\u00e9 virtuelle et augment\u00e9e (EESAB &#8211; Rennes), a conduit \u00e0 la restitution en 3D du sanctuaire antique de Jublains. C\u2019est un travail consid\u00e9rable d\u2019exploitation des donn\u00e9es de fouilles arch\u00e9ologiques et de dialogue entre scientifiques, arch\u00e9ologues sp\u00e9cialistes de mod\u00e9lisation num\u00e9rique, chercheurs en design num\u00e9rique, infographistes, etc. qui a \u00e9t\u00e9 men\u00e9. La restitution en r\u00e9alit\u00e9 augment\u00e9e permet d\u00e9sormais de donner \u00e0 voir le lieu de culte principal des Diablintes dans toute sa splendeur. Chaque \u00e9l\u00e9ment de d\u00e9cor, chaque colonne et chapiteau a \u00e9t\u00e9 mod\u00e9lis\u00e9 et \u00ab textur\u00e9 \u00bb pour un rendu plus vrai que nature !<\/p>\n        <ul class=\"redbloc__buttons redbloc__buttons__left flex\">\n              <li>\n          <a target=\"\" class=\"button button__white\" href=\"https:\/\/www.istoar.eu\/Jublains\/index.htm\">FAIRE LA VISITE VIRTUELLE<\/a>\n        <\/li>\n            <\/ul>\n      <img decoding=\"async\" draggable=\"false\" aria-hidden=\"true\" class=\"redbloc__bg lazyload\" data-src=\"https:\/\/patrimoine.lamayenne.fr\/jublains\/wp-content\/uploads\/2022\/04\/jublain-logo-signe-blanc.svg\" alt=\"https:\/\/patrimoine.lamayenne.fr\/jublains\/wp-content\/uploads\/2022\/04\/jublain-logo-signe-blanc.svg\" src=\"data:image\/svg+xml;base64,PHN2ZyB3aWR0aD0iMSIgaGVpZ2h0PSIxIiB4bWxucz0iaHR0cDovL3d3dy53My5vcmcvMjAwMC9zdmciPjwvc3ZnPg==\">\n<\/section>\n\n\n<h2 class=\"wp-block-heading\">En savoir encore plus sur Jublains !<\/h2>\n\n\n\n<div class=\"wp-block-columns is-layout-flex wp-container-core-columns-is-layout-9d6595d7 wp-block-columns-is-layout-flex\">\n<div class=\"wp-block-column is-layout-flow wp-block-column-is-layout-flow\"><div class=\"wp-block-image is-resized\">\n<figure class=\"aligncenter size-full\"><img decoding=\"async\" width=\"625\" height=\"883\" data-src=\"https:\/\/patrimoine.lamayenne.fr\/jublains\/wp-content\/uploads\/2022\/06\/Livret-PAH.png\" alt=\"\" class=\"wp-image-1504 lazyload\" data-srcset=\"https:\/\/patrimoine.lamayenne.fr\/jublains\/wp-content\/uploads\/2022\/06\/Livret-PAH.png 625w, https:\/\/patrimoine.lamayenne.fr\/jublains\/wp-content\/uploads\/2022\/06\/Livret-PAH-212x300.png 212w\" data-sizes=\"(max-width: 625px) 100vw, 625px\" src=\"data:image\/svg+xml;base64,PHN2ZyB3aWR0aD0iMSIgaGVpZ2h0PSIxIiB4bWxucz0iaHR0cDovL3d3dy53My5vcmcvMjAwMC9zdmciPjwvc3ZnPg==\" style=\"--smush-placeholder-width: 625px; --smush-placeholder-aspect-ratio: 625\/883;\" \/><\/figure>\n<\/div><\/div>\n\n\n\n<div class=\"wp-block-column is-vertically-aligned-center is-layout-flow wp-block-column-is-layout-flow\">\n<p>Le patrimoine de Jublains en fait un lieu important du Pays d\u2019art et d\u2019histoire Co\u00ebvrons-Mayenne. Pour d\u00e9couvrir davantage le village et le site, laissez-vous conter son histoire \u00e0 travers le livret \u00e0 consulter.<\/p>\n\n\n\n<div class=\"wp-block-buttons is-layout-flex wp-block-buttons-is-layout-flex\">\n<div class=\"wp-block-button is-style-fill\"><a class=\"wp-block-button__link has-rouge-background-color has-background has-medium-font-size has-custom-font-size wp-element-button\" href=\"https:\/\/fr.calameo.com\/read\/002005484b285e76fc6a1\" style=\"border-radius:0px\"><strong>VOIR LE LIVRET<\/strong><\/a><\/div>\n<\/div>\n<\/div>\n<\/div>\n","protected":false},"excerpt":{"rendered":"<p>Consid\u00e9r\u00e9 comme le plus grand et le meilleur t\u00e9moignage&nbsp;de l\u2019\u00e9poque gallo-romaine du grand Ouest,&nbsp;Jublains vous invite \u00e0 ouvrir le grand livre de l\u2019histoire antique.Un vaste territoire, presque \u00e9quivalent \u00e0 celui de la Mayenne, est occup\u00e9 par le peuple gaulois des Diablintes. Au cours du 1er si\u00e8cle apr\u00e8s J.-C., est \u00e9difi\u00e9e sur le site de Jublains [&hellip;]<\/p>\n","protected":false},"author":9,"featured_media":0,"parent":0,"menu_order":0,"comment_status":"closed","ping_status":"closed","template":"","meta":{"_acf_changed":false,"footnotes":""},"class_list":["post-703","page","type-page","status-publish","hentry"],"acf":[],"yoast_head":"<!-- This site is optimized with the Yoast SEO plugin v25.8 - https:\/\/yoast.com\/wordpress\/plugins\/seo\/ -->\n<title>D\u00e9couvrir - Jublains<\/title>\n<meta name=\"description\" content=\"Pr\u00e9serv\u00e9s par le temps, les vestiges s&#039;offrent au regard et \u00e0 la curiosit\u00e9 du visiteur. C\u2019est un site arch\u00e9ologique exceptionnel \u00e0 d\u00e9couvrir.\" \/>\n<meta name=\"robots\" content=\"index, follow, max-snippet:-1, max-image-preview:large, max-video-preview:-1\" \/>\n<link rel=\"canonical\" href=\"https:\/\/patrimoine.lamayenne.fr\/jublains\/decouvrir\/\" \/>\n<meta name=\"twitter:card\" content=\"summary_large_image\" \/>\n<meta name=\"twitter:title\" content=\"D\u00e9couvrir - Jublains\" \/>\n<meta name=\"twitter:description\" content=\"Pr\u00e9serv\u00e9s par le temps, les vestiges s&#039;offrent au regard et \u00e0 la curiosit\u00e9 du visiteur. C\u2019est un site arch\u00e9ologique exceptionnel \u00e0 d\u00e9couvrir.\" \/>\n<meta name=\"twitter:image\" content=\"https:\/\/patrimoine.lamayenne.fr\/jublains\/wp-content\/uploads\/2022\/06\/Livret-PAH.png\" \/>\n<meta name=\"twitter:site\" content=\"@lamayenne\" \/>\n<meta name=\"twitter:label1\" content=\"Dur\u00e9e de lecture estim\u00e9e\" \/>\n\t<meta name=\"twitter:data1\" content=\"2 minutes\" \/>\n<script type=\"application\/ld+json\" class=\"yoast-schema-graph\">{\"@context\":\"https:\/\/schema.org\",\"@graph\":[{\"@type\":\"WebPage\",\"@id\":\"https:\/\/patrimoine.lamayenne.fr\/jublains\/decouvrir\/\",\"url\":\"https:\/\/patrimoine.lamayenne.fr\/jublains\/decouvrir\/\",\"name\":\"D\u00e9couvrir - Jublains\",\"isPartOf\":{\"@id\":\"https:\/\/patrimoine.lamayenne.fr\/jublains\/#website\"},\"primaryImageOfPage\":{\"@id\":\"https:\/\/patrimoine.lamayenne.fr\/jublains\/decouvrir\/#primaryimage\"},\"image\":{\"@id\":\"https:\/\/patrimoine.lamayenne.fr\/jublains\/decouvrir\/#primaryimage\"},\"thumbnailUrl\":\"https:\/\/patrimoine.lamayenne.fr\/jublains\/wp-content\/uploads\/2022\/06\/Livret-PAH.png\",\"datePublished\":\"2022-04-19T20:27:32+00:00\",\"dateModified\":\"2025-09-07T09:38:49+00:00\",\"description\":\"Pr\u00e9serv\u00e9s par le temps, les vestiges s'offrent au regard et \u00e0 la curiosit\u00e9 du visiteur. C\u2019est un site arch\u00e9ologique exceptionnel \u00e0 d\u00e9couvrir.\",\"breadcrumb\":{\"@id\":\"https:\/\/patrimoine.lamayenne.fr\/jublains\/decouvrir\/#breadcrumb\"},\"inLanguage\":\"fr-FR\",\"potentialAction\":[{\"@type\":\"ReadAction\",\"target\":[\"https:\/\/patrimoine.lamayenne.fr\/jublains\/decouvrir\/\"]}]},{\"@type\":\"ImageObject\",\"inLanguage\":\"fr-FR\",\"@id\":\"https:\/\/patrimoine.lamayenne.fr\/jublains\/decouvrir\/#primaryimage\",\"url\":\"https:\/\/patrimoine.lamayenne.fr\/jublains\/wp-content\/uploads\/2022\/06\/Livret-PAH.png\",\"contentUrl\":\"https:\/\/patrimoine.lamayenne.fr\/jublains\/wp-content\/uploads\/2022\/06\/Livret-PAH.png\",\"width\":625,\"height\":883},{\"@type\":\"BreadcrumbList\",\"@id\":\"https:\/\/patrimoine.lamayenne.fr\/jublains\/decouvrir\/#breadcrumb\",\"itemListElement\":[{\"@type\":\"ListItem\",\"position\":1,\"name\":\"Accueil\",\"item\":\"https:\/\/patrimoine.lamayenne.fr\/jublains\/\"},{\"@type\":\"ListItem\",\"position\":2,\"name\":\"D\u00e9couvrir\"}]},{\"@type\":\"WebSite\",\"@id\":\"https:\/\/patrimoine.lamayenne.fr\/jublains\/#website\",\"url\":\"https:\/\/patrimoine.lamayenne.fr\/jublains\/\",\"name\":\"Jublains\",\"description\":\"\",\"publisher\":{\"@id\":\"https:\/\/patrimoine.lamayenne.fr\/jublains\/#organization\"},\"potentialAction\":[{\"@type\":\"SearchAction\",\"target\":{\"@type\":\"EntryPoint\",\"urlTemplate\":\"https:\/\/patrimoine.lamayenne.fr\/jublains\/?s={search_term_string}\"},\"query-input\":{\"@type\":\"PropertyValueSpecification\",\"valueRequired\":true,\"valueName\":\"search_term_string\"}}],\"inLanguage\":\"fr-FR\"},{\"@type\":\"Organization\",\"@id\":\"https:\/\/patrimoine.lamayenne.fr\/jublains\/#organization\",\"name\":\"Jublains\",\"url\":\"https:\/\/patrimoine.lamayenne.fr\/jublains\/\",\"logo\":{\"@type\":\"ImageObject\",\"inLanguage\":\"fr-FR\",\"@id\":\"https:\/\/patrimoine.lamayenne.fr\/jublains\/#\/schema\/logo\/image\/\",\"url\":\"https:\/\/patrimoine.lamayenne.fr\/jublains\/wp-content\/uploads\/2022\/04\/logos_jublains_quadri.svg\",\"contentUrl\":\"https:\/\/patrimoine.lamayenne.fr\/jublains\/wp-content\/uploads\/2022\/04\/logos_jublains_quadri.svg\",\"width\":1,\"height\":1,\"caption\":\"Jublains\"},\"image\":{\"@id\":\"https:\/\/patrimoine.lamayenne.fr\/jublains\/#\/schema\/logo\/image\/\"},\"sameAs\":[\"https:\/\/www.facebook.com\/departement.lamayenne\",\"https:\/\/x.com\/lamayenne\",\"https:\/\/www.instagram.com\/la.mayenne\/\",\"https:\/\/www.youtube.com\/user\/LaMayenneTV\"]}]}<\/script>\n<!-- \/ Yoast SEO plugin. -->","yoast_head_json":{"title":"D\u00e9couvrir - Jublains","description":"Pr\u00e9serv\u00e9s par le temps, les vestiges s'offrent au regard et \u00e0 la curiosit\u00e9 du visiteur. C\u2019est un site arch\u00e9ologique exceptionnel \u00e0 d\u00e9couvrir.","robots":{"index":"index","follow":"follow","max-snippet":"max-snippet:-1","max-image-preview":"max-image-preview:large","max-video-preview":"max-video-preview:-1"},"canonical":"https:\/\/patrimoine.lamayenne.fr\/jublains\/decouvrir\/","twitter_card":"summary_large_image","twitter_title":"D\u00e9couvrir - Jublains","twitter_description":"Pr\u00e9serv\u00e9s par le temps, les vestiges s'offrent au regard et \u00e0 la curiosit\u00e9 du visiteur. C\u2019est un site arch\u00e9ologique exceptionnel \u00e0 d\u00e9couvrir.","twitter_image":"https:\/\/patrimoine.lamayenne.fr\/jublains\/wp-content\/uploads\/2022\/06\/Livret-PAH.png","twitter_site":"@lamayenne","twitter_misc":{"Dur\u00e9e de lecture estim\u00e9e":"2 minutes"},"schema":{"@context":"https:\/\/schema.org","@graph":[{"@type":"WebPage","@id":"https:\/\/patrimoine.lamayenne.fr\/jublains\/decouvrir\/","url":"https:\/\/patrimoine.lamayenne.fr\/jublains\/decouvrir\/","name":"D\u00e9couvrir - Jublains","isPartOf":{"@id":"https:\/\/patrimoine.lamayenne.fr\/jublains\/#website"},"primaryImageOfPage":{"@id":"https:\/\/patrimoine.lamayenne.fr\/jublains\/decouvrir\/#primaryimage"},"image":{"@id":"https:\/\/patrimoine.lamayenne.fr\/jublains\/decouvrir\/#primaryimage"},"thumbnailUrl":"https:\/\/patrimoine.lamayenne.fr\/jublains\/wp-content\/uploads\/2022\/06\/Livret-PAH.png","datePublished":"2022-04-19T20:27:32+00:00","dateModified":"2025-09-07T09:38:49+00:00","description":"Pr\u00e9serv\u00e9s par le temps, les vestiges s'offrent au regard et \u00e0 la curiosit\u00e9 du visiteur. C\u2019est un site arch\u00e9ologique exceptionnel \u00e0 d\u00e9couvrir.","breadcrumb":{"@id":"https:\/\/patrimoine.lamayenne.fr\/jublains\/decouvrir\/#breadcrumb"},"inLanguage":"fr-FR","potentialAction":[{"@type":"ReadAction","target":["https:\/\/patrimoine.lamayenne.fr\/jublains\/decouvrir\/"]}]},{"@type":"ImageObject","inLanguage":"fr-FR","@id":"https:\/\/patrimoine.lamayenne.fr\/jublains\/decouvrir\/#primaryimage","url":"https:\/\/patrimoine.lamayenne.fr\/jublains\/wp-content\/uploads\/2022\/06\/Livret-PAH.png","contentUrl":"https:\/\/patrimoine.lamayenne.fr\/jublains\/wp-content\/uploads\/2022\/06\/Livret-PAH.png","width":625,"height":883},{"@type":"BreadcrumbList","@id":"https:\/\/patrimoine.lamayenne.fr\/jublains\/decouvrir\/#breadcrumb","itemListElement":[{"@type":"ListItem","position":1,"name":"Accueil","item":"https:\/\/patrimoine.lamayenne.fr\/jublains\/"},{"@type":"ListItem","position":2,"name":"D\u00e9couvrir"}]},{"@type":"WebSite","@id":"https:\/\/patrimoine.lamayenne.fr\/jublains\/#website","url":"https:\/\/patrimoine.lamayenne.fr\/jublains\/","name":"Jublains","description":"","publisher":{"@id":"https:\/\/patrimoine.lamayenne.fr\/jublains\/#organization"},"potentialAction":[{"@type":"SearchAction","target":{"@type":"EntryPoint","urlTemplate":"https:\/\/patrimoine.lamayenne.fr\/jublains\/?s={search_term_string}"},"query-input":{"@type":"PropertyValueSpecification","valueRequired":true,"valueName":"search_term_string"}}],"inLanguage":"fr-FR"},{"@type":"Organization","@id":"https:\/\/patrimoine.lamayenne.fr\/jublains\/#organization","name":"Jublains","url":"https:\/\/patrimoine.lamayenne.fr\/jublains\/","logo":{"@type":"ImageObject","inLanguage":"fr-FR","@id":"https:\/\/patrimoine.lamayenne.fr\/jublains\/#\/schema\/logo\/image\/","url":"https:\/\/patrimoine.lamayenne.fr\/jublains\/wp-content\/uploads\/2022\/04\/logos_jublains_quadri.svg","contentUrl":"https:\/\/patrimoine.lamayenne.fr\/jublains\/wp-content\/uploads\/2022\/04\/logos_jublains_quadri.svg","width":1,"height":1,"caption":"Jublains"},"image":{"@id":"https:\/\/patrimoine.lamayenne.fr\/jublains\/#\/schema\/logo\/image\/"},"sameAs":["https:\/\/www.facebook.com\/departement.lamayenne","https:\/\/x.com\/lamayenne","https:\/\/www.instagram.com\/la.mayenne\/","https:\/\/www.youtube.com\/user\/LaMayenneTV"]}]}},"lang":"fr","translations":{"fr":703,"en":2288},"pll_sync_post":[],"_links":{"self":[{"href":"https:\/\/patrimoine.lamayenne.fr\/jublains\/wp-json\/wp\/v2\/pages\/703","targetHints":{"allow":["GET"]}}],"collection":[{"href":"https:\/\/patrimoine.lamayenne.fr\/jublains\/wp-json\/wp\/v2\/pages"}],"about":[{"href":"https:\/\/patrimoine.lamayenne.fr\/jublains\/wp-json\/wp\/v2\/types\/page"}],"author":[{"embeddable":true,"href":"https:\/\/patrimoine.lamayenne.fr\/jublains\/wp-json\/wp\/v2\/users\/9"}],"replies":[{"embeddable":true,"href":"https:\/\/patrimoine.lamayenne.fr\/jublains\/wp-json\/wp\/v2\/comments?post=703"}],"version-history":[{"count":45,"href":"https:\/\/patrimoine.lamayenne.fr\/jublains\/wp-json\/wp\/v2\/pages\/703\/revisions"}],"predecessor-version":[{"id":3859,"href":"https:\/\/patrimoine.lamayenne.fr\/jublains\/wp-json\/wp\/v2\/pages\/703\/revisions\/3859"}],"wp:attachment":[{"href":"https:\/\/patrimoine.lamayenne.fr\/jublains\/wp-json\/wp\/v2\/media?parent=703"}],"curies":[{"name":"wp","href":"https:\/\/api.w.org\/{rel}","templated":true}]}}