{"id":785,"date":"2022-04-20T15:40:30","date_gmt":"2022-04-20T13:40:30","guid":{"rendered":"https:\/\/patrimoine.lamayenne.fr\/robert-tatin\/?post_type=expositions&#038;p=785"},"modified":"2022-07-04T10:21:51","modified_gmt":"2022-07-04T08:21:51","slug":"lexotique","status":"publish","type":"expositions","link":"https:\/\/patrimoine.lamayenne.fr\/robert-tatin\/expositions\/lexotique\/","title":{"rendered":"Robert Tatin &#8211; L\u2019Exotique"},"content":{"rendered":"\n<p>Pour Robert Tatin, la qu\u00eate de l\u2019exotique peut \u00eatre qualifi\u00e9e de manifeste esth\u00e9tique. C\u2019est une lutte contre la vision st\u00e9r\u00e9otyp\u00e9e du monde et pour sa po\u00e9tisation, c\u2019est une porte ouverte au f\u00e9erique, au fantastique, \u00e0 des ailleurs. Robert Tatin d\u00e9finit l\u2019artiste comme \u00ab lib\u00e9r\u00e9 de ce mur des illusions \u00bb et ajoute : \u00ab Que de lampes \u00e0 installer et \u00e0 r\u00e9-allumer dans certains fronts afin que d\u2019aucuns ne se m\u00e9langent les ailes et les pieds parmi tellement de chaos ! \u00bb L\u2019art accueille ainsi tous les \u00e9l\u00e9ments disponibles : arbres, herbes des champs, pierres et eau, m\u00eame les oiseaux et les poissons concourent \u00e0 composer son autoportrait.<\/p>\n","protected":false},"featured_media":796,"template":"","meta":{"_acf_changed":false,"footnotes":""},"class_list":["post-785","expositions","type-expositions","status-publish","has-post-thumbnail","hentry"],"acf":{"titre":"Robert Tatin - L'Exotique","date_debut":"20220226","date_fin":"20220612","heure_debut":"","minutes_debut":"","heure_fin":"","minutes_fin":"","tarifs":"Gratuit","lieu":"Salle La Grange","affichage":"true"},"yoast_head":"<!-- This site is optimized with the Yoast SEO plugin v25.8 - https:\/\/yoast.com\/wordpress\/plugins\/seo\/ -->\n<title>Robert Tatin - L\u2019Exotique - Robert Tatin<\/title>\n<meta name=\"robots\" content=\"index, follow, max-snippet:-1, max-image-preview:large, max-video-preview:-1\" \/>\n<link rel=\"canonical\" href=\"https:\/\/patrimoine.lamayenne.fr\/robert-tatin\/expositions\/lexotique\/\" \/>\n<meta name=\"twitter:card\" content=\"summary_large_image\" \/>\n<meta name=\"twitter:title\" content=\"Robert Tatin - L\u2019Exotique - Robert Tatin\" \/>\n<meta name=\"twitter:description\" content=\"Pour Robert Tatin, la qu\u00eate de l\u2019exotique peut \u00eatre qualifi\u00e9e de manifeste esth\u00e9tique. C\u2019est une lutte contre la vision st\u00e9r\u00e9otyp\u00e9e du monde et pour sa po\u00e9tisation, c\u2019est une porte ouverte au f\u00e9erique, au fantastique, \u00e0 des ailleurs. Robert Tatin d\u00e9finit l\u2019artiste comme \u00ab lib\u00e9r\u00e9 de ce mur des illusions \u00bb et ajoute : \u00ab Que [&hellip;]\" \/>\n<meta name=\"twitter:image\" content=\"https:\/\/patrimoine.lamayenne.fr\/robert-tatin\/wp-content\/uploads\/2022\/04\/exposition-Robert-Tatin-exotique.jpg\" \/>\n<meta name=\"twitter:site\" content=\"@lamayenne\" \/>\n<meta name=\"twitter:label1\" content=\"Dur\u00e9e de lecture estim\u00e9e\" \/>\n\t<meta name=\"twitter:data1\" content=\"1 minute\" \/>\n<script type=\"application\/ld+json\" class=\"yoast-schema-graph\">{\"@context\":\"https:\/\/schema.org\",\"@graph\":[{\"@type\":\"WebPage\",\"@id\":\"https:\/\/patrimoine.lamayenne.fr\/robert-tatin\/expositions\/lexotique\/\",\"url\":\"https:\/\/patrimoine.lamayenne.fr\/robert-tatin\/expositions\/lexotique\/\",\"name\":\"Robert Tatin - L\u2019Exotique - Robert Tatin\",\"isPartOf\":{\"@id\":\"https:\/\/patrimoine.lamayenne.fr\/robert-tatin\/#website\"},\"primaryImageOfPage\":{\"@id\":\"https:\/\/patrimoine.lamayenne.fr\/robert-tatin\/expositions\/lexotique\/#primaryimage\"},\"image\":{\"@id\":\"https:\/\/patrimoine.lamayenne.fr\/robert-tatin\/expositions\/lexotique\/#primaryimage\"},\"thumbnailUrl\":\"https:\/\/patrimoine.lamayenne.fr\/robert-tatin\/wp-content\/uploads\/2022\/04\/exposition-Robert-Tatin-exotique.jpg\",\"datePublished\":\"2022-04-20T13:40:30+00:00\",\"dateModified\":\"2022-07-04T08:21:51+00:00\",\"breadcrumb\":{\"@id\":\"https:\/\/patrimoine.lamayenne.fr\/robert-tatin\/expositions\/lexotique\/#breadcrumb\"},\"inLanguage\":\"fr-FR\",\"potentialAction\":[{\"@type\":\"ReadAction\",\"target\":[\"https:\/\/patrimoine.lamayenne.fr\/robert-tatin\/expositions\/lexotique\/\"]}]},{\"@type\":\"ImageObject\",\"inLanguage\":\"fr-FR\",\"@id\":\"https:\/\/patrimoine.lamayenne.fr\/robert-tatin\/expositions\/lexotique\/#primaryimage\",\"url\":\"https:\/\/patrimoine.lamayenne.fr\/robert-tatin\/wp-content\/uploads\/2022\/04\/exposition-Robert-Tatin-exotique.jpg\",\"contentUrl\":\"https:\/\/patrimoine.lamayenne.fr\/robert-tatin\/wp-content\/uploads\/2022\/04\/exposition-Robert-Tatin-exotique.jpg\",\"width\":1428,\"height\":1037},{\"@type\":\"BreadcrumbList\",\"@id\":\"https:\/\/patrimoine.lamayenne.fr\/robert-tatin\/expositions\/lexotique\/#breadcrumb\",\"itemListElement\":[{\"@type\":\"ListItem\",\"position\":1,\"name\":\"Accueil\",\"item\":\"https:\/\/patrimoine.lamayenne.fr\/robert-tatin\/\"},{\"@type\":\"ListItem\",\"position\":2,\"name\":\"Expositions\",\"item\":\"https:\/\/patrimoine.lamayenne.fr\/robert-tatin\/expositions\/\"},{\"@type\":\"ListItem\",\"position\":3,\"name\":\"Robert Tatin &#8211; L\u2019Exotique\"}]},{\"@type\":\"WebSite\",\"@id\":\"https:\/\/patrimoine.lamayenne.fr\/robert-tatin\/#website\",\"url\":\"https:\/\/patrimoine.lamayenne.fr\/robert-tatin\/\",\"name\":\"Robert Tatin\",\"description\":\"\",\"publisher\":{\"@id\":\"https:\/\/patrimoine.lamayenne.fr\/robert-tatin\/#organization\"},\"potentialAction\":[{\"@type\":\"SearchAction\",\"target\":{\"@type\":\"EntryPoint\",\"urlTemplate\":\"https:\/\/patrimoine.lamayenne.fr\/robert-tatin\/?s={search_term_string}\"},\"query-input\":{\"@type\":\"PropertyValueSpecification\",\"valueRequired\":true,\"valueName\":\"search_term_string\"}}],\"inLanguage\":\"fr-FR\"},{\"@type\":\"Organization\",\"@id\":\"https:\/\/patrimoine.lamayenne.fr\/robert-tatin\/#organization\",\"name\":\"Robert Tatin\",\"url\":\"https:\/\/patrimoine.lamayenne.fr\/robert-tatin\/\",\"logo\":{\"@type\":\"ImageObject\",\"inLanguage\":\"fr-FR\",\"@id\":\"https:\/\/patrimoine.lamayenne.fr\/robert-tatin\/#\/schema\/logo\/image\/\",\"url\":\"https:\/\/patrimoine.lamayenne.fr\/robert-tatin\/wp-content\/uploads\/2022\/04\/Tatin_logo.svg\",\"contentUrl\":\"https:\/\/patrimoine.lamayenne.fr\/robert-tatin\/wp-content\/uploads\/2022\/04\/Tatin_logo.svg\",\"width\":1,\"height\":1,\"caption\":\"Robert Tatin\"},\"image\":{\"@id\":\"https:\/\/patrimoine.lamayenne.fr\/robert-tatin\/#\/schema\/logo\/image\/\"},\"sameAs\":[\"https:\/\/www.facebook.com\/departement.lamayenne\",\"https:\/\/x.com\/lamayenne\",\"https:\/\/www.instagram.com\/la.mayenne\/\",\"https:\/\/www.youtube.com\/user\/LaMayenneTV\"]}]}<\/script>\n<!-- \/ Yoast SEO plugin. -->","yoast_head_json":{"title":"Robert Tatin - L\u2019Exotique - Robert Tatin","robots":{"index":"index","follow":"follow","max-snippet":"max-snippet:-1","max-image-preview":"max-image-preview:large","max-video-preview":"max-video-preview:-1"},"canonical":"https:\/\/patrimoine.lamayenne.fr\/robert-tatin\/expositions\/lexotique\/","twitter_card":"summary_large_image","twitter_title":"Robert Tatin - L\u2019Exotique - Robert Tatin","twitter_description":"Pour Robert Tatin, la qu\u00eate de l\u2019exotique peut \u00eatre qualifi\u00e9e de manifeste esth\u00e9tique. C\u2019est une lutte contre la vision st\u00e9r\u00e9otyp\u00e9e du monde et pour sa po\u00e9tisation, c\u2019est une porte ouverte au f\u00e9erique, au fantastique, \u00e0 des ailleurs. Robert Tatin d\u00e9finit l\u2019artiste comme \u00ab lib\u00e9r\u00e9 de ce mur des illusions \u00bb et ajoute : \u00ab Que [&hellip;]","twitter_image":"https:\/\/patrimoine.lamayenne.fr\/robert-tatin\/wp-content\/uploads\/2022\/04\/exposition-Robert-Tatin-exotique.jpg","twitter_site":"@lamayenne","twitter_misc":{"Dur\u00e9e de lecture estim\u00e9e":"1 minute"},"schema":{"@context":"https:\/\/schema.org","@graph":[{"@type":"WebPage","@id":"https:\/\/patrimoine.lamayenne.fr\/robert-tatin\/expositions\/lexotique\/","url":"https:\/\/patrimoine.lamayenne.fr\/robert-tatin\/expositions\/lexotique\/","name":"Robert Tatin - L\u2019Exotique - Robert Tatin","isPartOf":{"@id":"https:\/\/patrimoine.lamayenne.fr\/robert-tatin\/#website"},"primaryImageOfPage":{"@id":"https:\/\/patrimoine.lamayenne.fr\/robert-tatin\/expositions\/lexotique\/#primaryimage"},"image":{"@id":"https:\/\/patrimoine.lamayenne.fr\/robert-tatin\/expositions\/lexotique\/#primaryimage"},"thumbnailUrl":"https:\/\/patrimoine.lamayenne.fr\/robert-tatin\/wp-content\/uploads\/2022\/04\/exposition-Robert-Tatin-exotique.jpg","datePublished":"2022-04-20T13:40:30+00:00","dateModified":"2022-07-04T08:21:51+00:00","breadcrumb":{"@id":"https:\/\/patrimoine.lamayenne.fr\/robert-tatin\/expositions\/lexotique\/#breadcrumb"},"inLanguage":"fr-FR","potentialAction":[{"@type":"ReadAction","target":["https:\/\/patrimoine.lamayenne.fr\/robert-tatin\/expositions\/lexotique\/"]}]},{"@type":"ImageObject","inLanguage":"fr-FR","@id":"https:\/\/patrimoine.lamayenne.fr\/robert-tatin\/expositions\/lexotique\/#primaryimage","url":"https:\/\/patrimoine.lamayenne.fr\/robert-tatin\/wp-content\/uploads\/2022\/04\/exposition-Robert-Tatin-exotique.jpg","contentUrl":"https:\/\/patrimoine.lamayenne.fr\/robert-tatin\/wp-content\/uploads\/2022\/04\/exposition-Robert-Tatin-exotique.jpg","width":1428,"height":1037},{"@type":"BreadcrumbList","@id":"https:\/\/patrimoine.lamayenne.fr\/robert-tatin\/expositions\/lexotique\/#breadcrumb","itemListElement":[{"@type":"ListItem","position":1,"name":"Accueil","item":"https:\/\/patrimoine.lamayenne.fr\/robert-tatin\/"},{"@type":"ListItem","position":2,"name":"Expositions","item":"https:\/\/patrimoine.lamayenne.fr\/robert-tatin\/expositions\/"},{"@type":"ListItem","position":3,"name":"Robert Tatin &#8211; L\u2019Exotique"}]},{"@type":"WebSite","@id":"https:\/\/patrimoine.lamayenne.fr\/robert-tatin\/#website","url":"https:\/\/patrimoine.lamayenne.fr\/robert-tatin\/","name":"Robert Tatin","description":"","publisher":{"@id":"https:\/\/patrimoine.lamayenne.fr\/robert-tatin\/#organization"},"potentialAction":[{"@type":"SearchAction","target":{"@type":"EntryPoint","urlTemplate":"https:\/\/patrimoine.lamayenne.fr\/robert-tatin\/?s={search_term_string}"},"query-input":{"@type":"PropertyValueSpecification","valueRequired":true,"valueName":"search_term_string"}}],"inLanguage":"fr-FR"},{"@type":"Organization","@id":"https:\/\/patrimoine.lamayenne.fr\/robert-tatin\/#organization","name":"Robert Tatin","url":"https:\/\/patrimoine.lamayenne.fr\/robert-tatin\/","logo":{"@type":"ImageObject","inLanguage":"fr-FR","@id":"https:\/\/patrimoine.lamayenne.fr\/robert-tatin\/#\/schema\/logo\/image\/","url":"https:\/\/patrimoine.lamayenne.fr\/robert-tatin\/wp-content\/uploads\/2022\/04\/Tatin_logo.svg","contentUrl":"https:\/\/patrimoine.lamayenne.fr\/robert-tatin\/wp-content\/uploads\/2022\/04\/Tatin_logo.svg","width":1,"height":1,"caption":"Robert Tatin"},"image":{"@id":"https:\/\/patrimoine.lamayenne.fr\/robert-tatin\/#\/schema\/logo\/image\/"},"sameAs":["https:\/\/www.facebook.com\/departement.lamayenne","https:\/\/x.com\/lamayenne","https:\/\/www.instagram.com\/la.mayenne\/","https:\/\/www.youtube.com\/user\/LaMayenneTV"]}]}},"_links":{"self":[{"href":"https:\/\/patrimoine.lamayenne.fr\/robert-tatin\/wp-json\/wp\/v2\/expositions\/785","targetHints":{"allow":["GET"]}}],"collection":[{"href":"https:\/\/patrimoine.lamayenne.fr\/robert-tatin\/wp-json\/wp\/v2\/expositions"}],"about":[{"href":"https:\/\/patrimoine.lamayenne.fr\/robert-tatin\/wp-json\/wp\/v2\/types\/expositions"}],"version-history":[{"count":11,"href":"https:\/\/patrimoine.lamayenne.fr\/robert-tatin\/wp-json\/wp\/v2\/expositions\/785\/revisions"}],"predecessor-version":[{"id":1122,"href":"https:\/\/patrimoine.lamayenne.fr\/robert-tatin\/wp-json\/wp\/v2\/expositions\/785\/revisions\/1122"}],"wp:featuredmedia":[{"embeddable":true,"href":"https:\/\/patrimoine.lamayenne.fr\/robert-tatin\/wp-json\/wp\/v2\/media\/796"}],"wp:attachment":[{"href":"https:\/\/patrimoine.lamayenne.fr\/robert-tatin\/wp-json\/wp\/v2\/media?parent=785"}],"curies":[{"name":"wp","href":"https:\/\/api.w.org\/{rel}","templated":true}]}}

<p>Pour Robert Tatin, la quête de l’exotique peut être qualifiée de manifeste esthétique. C’est une lutte contre la vision stéréotypée du monde et pour sa poétisation, c’est une porte ouverte au féerique, au fantastique, à des ailleurs. Robert Tatin définit l’artiste comme « libéré de ce mur des illusions » et ajoute : « Que de lampes à installer et à ré-allumer dans certains fronts afin que d’aucuns ne se mélangent les ailes et les pieds parmi tellement de chaos ! » L’art accueille ainsi tous les éléments disponibles : arbres, herbes des champs, pierres et eau, même les oiseaux et les poissons concourent à composer son autoportrait.</p>

<!-- This site is optimized with the Yoast SEO plugin v25.8 - https://yoast.com/wordpress/plugins/seo/ -->
<title>Robert Tatin - L’Exotique - Robert Tatin</title>
<meta name="robots" content="index, follow, max-snippet:-1, max-image-preview:large, max-video-preview:-1" />
<link rel="canonical" href="https://patrimoine.lamayenne.fr/robert-tatin/expositions/lexotique/" />
<meta name="twitter:card" content="summary_large_image" />
<meta name="twitter:title" content="Robert Tatin - L’Exotique - Robert Tatin" />
<meta name="twitter:description" content="Pour Robert Tatin, la quête de l’exotique peut être qualifiée de manifeste esthétique. C’est une lutte contre la vision stéréotypée du monde et pour sa poétisation, c’est une porte ouverte au féerique, au fantastique, à des ailleurs. Robert Tatin définit l’artiste comme « libéré de ce mur des illusions » et ajoute : « Que [&hellip;]" />
<meta name="twitter:image" content="https://patrimoine.lamayenne.fr/robert-tatin/wp-content/uploads/2022/04/exposition-Robert-Tatin-exotique.jpg" />
<meta name="twitter:site" content="@lamayenne" />
<meta name="twitter:label1" content="Durée de lecture estimée" />
	<meta name="twitter:data1" content="1 minute" />
<script type="application/ld+json" class="yoast-schema-graph">{"@context":"https://schema.org","@graph":[{"@type":"WebPage","@id":"https://patrimoine.lamayenne.fr/robert-tatin/expositions/lexotique/","url":"https://patrimoine.lamayenne.fr/robert-tatin/expositions/lexotique/","name":"Robert Tatin - L’Exotique - Robert Tatin","isPartOf":{"@id":"https://patrimoine.lamayenne.fr/robert-tatin/#website"},"primaryImageOfPage":{"@id":"https://patrimoine.lamayenne.fr/robert-tatin/expositions/lexotique/#primaryimage"},"image":{"@id":"https://patrimoine.lamayenne.fr/robert-tatin/expositions/lexotique/#primaryimage"},"thumbnailUrl":"https://patrimoine.lamayenne.fr/robert-tatin/wp-content/uploads/2022/04/exposition-Robert-Tatin-exotique.jpg","datePublished":"2022-04-20T13:40:30+00:00","dateModified":"2022-07-04T08:21:51+00:00","breadcrumb":{"@id":"https://patrimoine.lamayenne.fr/robert-tatin/expositions/lexotique/#breadcrumb"},"inLanguage":"fr-FR","potentialAction":[{"@type":"ReadAction","target":["https://patrimoine.lamayenne.fr/robert-tatin/expositions/lexotique/"]}]},{"@type":"ImageObject","inLanguage":"fr-FR","@id":"https://patrimoine.lamayenne.fr/robert-tatin/expositions/lexotique/#primaryimage","url":"https://patrimoine.lamayenne.fr/robert-tatin/wp-content/uploads/2022/04/exposition-Robert-Tatin-exotique.jpg","contentUrl":"https://patrimoine.lamayenne.fr/robert-tatin/wp-content/uploads/2022/04/exposition-Robert-Tatin-exotique.jpg","width":1428,"height":1037},{"@type":"BreadcrumbList","@id":"https://patrimoine.lamayenne.fr/robert-tatin/expositions/lexotique/#breadcrumb","itemListElement":[{"@type":"ListItem","position":1,"name":"Accueil","item":"https://patrimoine.lamayenne.fr/robert-tatin/"},{"@type":"ListItem","position":2,"name":"Expositions","item":"https://patrimoine.lamayenne.fr/robert-tatin/expositions/"},{"@type":"ListItem","position":3,"name":"Robert Tatin &#8211; L’Exotique"}]},{"@type":"WebSite","@id":"https://patrimoine.lamayenne.fr/robert-tatin/#website","url":"https://patrimoine.lamayenne.fr/robert-tatin/","name":"Robert Tatin","description":"","publisher":{"@id":"https://patrimoine.lamayenne.fr/robert-tatin/#organization"},"potentialAction":[{"@type":"SearchAction","target":{"@type":"EntryPoint","urlTemplate":"https://patrimoine.lamayenne.fr/robert-tatin/?s={search_term_string}"},"query-input":{"@type":"PropertyValueSpecification","valueRequired":true,"valueName":"search_term_string"}}],"inLanguage":"fr-FR"},{"@type":"Organization","@id":"https://patrimoine.lamayenne.fr/robert-tatin/#organization","name":"Robert Tatin","url":"https://patrimoine.lamayenne.fr/robert-tatin/","logo":{"@type":"ImageObject","inLanguage":"fr-FR","@id":"https://patrimoine.lamayenne.fr/robert-tatin/#/schema/logo/image/","url":"https://patrimoine.lamayenne.fr/robert-tatin/wp-content/uploads/2022/04/Tatin_logo.svg","contentUrl":"https://patrimoine.lamayenne.fr/robert-tatin/wp-content/uploads/2022/04/Tatin_logo.svg","width":1,"height":1,"caption":"Robert Tatin"},"image":{"@id":"https://patrimoine.lamayenne.fr/robert-tatin/#/schema/logo/image/"},"sameAs":["https://www.facebook.com/departement.lamayenne","https://x.com/lamayenne","https://www.instagram.com/la.mayenne/","https://www.youtube.com/user/LaMayenneTV"]}]}</script>
<!-- / Yoast SEO plugin. -->

Pour Robert Tatin, la quête de l’exotique peut être qualifiée de manifeste esthétique. C’est une lutte contre la vision stéréotypée du monde et pour sa poétisation, c’est une porte ouverte au féerique, au fantastique, à des ailleurs. Robert Tatin définit l’artiste comme « libéré de ce mur des illusions » et ajoute : « Que [&hellip;]
