{"id":703,"date":"2022-04-19T22:27:32","date_gmt":"2022-04-19T20:27:32","guid":{"rendered":"https:\/\/patrimoine.lamayenne.fr\/robert-tatin\/?page_id=703"},"modified":"2022-09-15T14:06:39","modified_gmt":"2022-09-15T12:06:39","slug":"lartiste","status":"publish","type":"page","link":"https:\/\/patrimoine.lamayenne.fr\/robert-tatin\/lartiste\/","title":{"rendered":"L&rsquo;artiste"},"content":{"rendered":"<nav aria-label=\"Fil d'Ariane\" class=\"ariane\">\n  <ol>\n    <li>\n      <a href=\"https:\/\/patrimoine.lamayenne.fr\/robert-tatin\">Robert Tatin<\/a>\n    <\/li>\n    <li>\n      <a href=\"https:\/\/patrimoine.lamayenne.fr\/robert-tatin\/lartiste\/\" aria-current=\"page\">L&rsquo;artiste<\/a>\n    <\/li>\n  <\/ol>\n<\/nav>\n\n<header class=\"hero flex\">\n  <h1>L\u2019artiste<\/h1>\n  <figure class=\"hero__image\">\n    <img decoding=\"async\" data-src=\"https:\/\/patrimoine.lamayenne.fr\/robert-tatin\/wp-content\/uploads\/2022\/04\/Robert-Tatin-1975.jpg\" alt=\"\" src=\"data:image\/svg+xml;base64,PHN2ZyB3aWR0aD0iMSIgaGVpZ2h0PSIxIiB4bWxucz0iaHR0cDovL3d3dy53My5vcmcvMjAwMC9zdmciPjwvc3ZnPg==\" class=\"lazyload\" style=\"--smush-placeholder-width: 1920px; --smush-placeholder-aspect-ratio: 1920\/760;\">\n      <\/figure>\n  <\/header>\n\n\n<h2 class=\"wp-block-heading\">Robert Tatin<\/h2>\n\n\n<section class=\"display1 flex\">\n  <div class=\"display1__content flex__col\">\n    <h3>L\u2019INSAISISSABLE<\/h3>\n    <p>Artiste b\u00e2tisseur aux talents pluriels\u00a0: c\u00e9ramiste, peintre, lithographe, cr\u00e9ateur de v\u00eatements, sculpteur, architecte\u2026 Robert Tatin mod\u00e8le les espaces et les mati\u00e8res pour tenter de donner forme au monde et de r\u00e9pondre aux grandes questions qui l\u2019habitent.<\/p>\n    <img decoding=\"async\" aria-hidden=\"true\" draggable=\"false\" data-src=\"https:\/\/patrimoine.lamayenne.fr\/robert-tatin\/wp-content\/uploads\/2022\/04\/logo-robert-tatin-signe-blanc.svg\" alt=\"\" src=\"data:image\/svg+xml;base64,PHN2ZyB3aWR0aD0iMSIgaGVpZ2h0PSIxIiB4bWxucz0iaHR0cDovL3d3dy53My5vcmcvMjAwMC9zdmciPjwvc3ZnPg==\" class=\"lazyload\">\n  <\/div>\n  <figure class=\"display1__image\">\n    <img decoding=\"async\" data-src=\"https:\/\/patrimoine.lamayenne.fr\/robert-tatin\/wp-content\/uploads\/2022\/04\/Robert-Tatin-atelier-devant-tableau-la-fenetre.jpg\" alt=\"\" src=\"data:image\/svg+xml;base64,PHN2ZyB3aWR0aD0iMSIgaGVpZ2h0PSIxIiB4bWxucz0iaHR0cDovL3d3dy53My5vcmcvMjAwMC9zdmciPjwvc3ZnPg==\" class=\"lazyload\" style=\"--smush-placeholder-width: 711px; --smush-placeholder-aspect-ratio: 711\/511;\">\n      <\/figure>\n<\/section>\n\n<section class=\"display1 flex\">\n  <div class=\"display1__content flex__col\">\n    <h3>LE QU\u00caTEUR INSATIABLE <\/h3>\n    <p>Robert Tatin cherche, questionne. Ses statues g\u00e9antes tendent vers le ciel, sa maison semble enchant\u00e9e, son jardin dans le paysage rural mayennais ouvre le champ du r\u00eave, de la r\u00e9flexion et de la m\u00e9ditation. <\/p>\n    <img decoding=\"async\" aria-hidden=\"true\" draggable=\"false\" data-src=\"https:\/\/patrimoine.lamayenne.fr\/robert-tatin\/wp-content\/uploads\/2022\/04\/logo-robert-tatin-signe-blanc.svg\" alt=\"\" src=\"data:image\/svg+xml;base64,PHN2ZyB3aWR0aD0iMSIgaGVpZ2h0PSIxIiB4bWxucz0iaHR0cDovL3d3dy53My5vcmcvMjAwMC9zdmciPjwvc3ZnPg==\" class=\"lazyload\">\n  <\/div>\n  <figure class=\"display1__image\">\n    <img decoding=\"async\" data-src=\"https:\/\/patrimoine.lamayenne.fr\/robert-tatin\/wp-content\/uploads\/2022\/04\/Robert-Tatin-1954.jpg\" alt=\"\" src=\"data:image\/svg+xml;base64,PHN2ZyB3aWR0aD0iMSIgaGVpZ2h0PSIxIiB4bWxucz0iaHR0cDovL3d3dy53My5vcmcvMjAwMC9zdmciPjwvc3ZnPg==\" class=\"lazyload\" style=\"--smush-placeholder-width: 726px; --smush-placeholder-aspect-ratio: 726\/511;\">\n      <\/figure>\n<\/section>\n\n<section class=\"display1 flex\">\n  <div class=\"display1__content flex__col\">\n    <h3>L\u2019IND\u00c9TR\u00d4NABLE MAYENNE <\/h3>\n    <p>N\u00e9 \u00e0 Laval, Robert Tatin voyage \u00e0 travers le monde sans jamais oublier sa source mayennaise. <br \/>\r\nIl passe les 21 derni\u00e8res ann\u00e9es de sa vie dans sa maison de Coss\u00e9-le-Vivien, autour de laquelle il construit son \u00ab\u00a0\u00c9trange mus\u00e9e\u00a0\u00bb, avec l\u2019aide de son \u00e9pouse Lise Tatin.<\/p>\n    <img decoding=\"async\" aria-hidden=\"true\" draggable=\"false\" data-src=\"https:\/\/patrimoine.lamayenne.fr\/robert-tatin\/wp-content\/uploads\/2022\/04\/logo-robert-tatin-signe-blanc.svg\" alt=\"\" src=\"data:image\/svg+xml;base64,PHN2ZyB3aWR0aD0iMSIgaGVpZ2h0PSIxIiB4bWxucz0iaHR0cDovL3d3dy53My5vcmcvMjAwMC9zdmciPjwvc3ZnPg==\" class=\"lazyload\">\n  <\/div>\n  <figure class=\"display1__image\">\n    <img decoding=\"async\" data-src=\"https:\/\/patrimoine.lamayenne.fr\/robert-tatin\/wp-content\/uploads\/2022\/04\/Robert-Tatin-1976.jpg\" alt=\"\" src=\"data:image\/svg+xml;base64,PHN2ZyB3aWR0aD0iMSIgaGVpZ2h0PSIxIiB4bWxucz0iaHR0cDovL3d3dy53My5vcmcvMjAwMC9zdmciPjwvc3ZnPg==\" class=\"lazyload\" style=\"--smush-placeholder-width: 726px; --smush-placeholder-aspect-ratio: 726\/511;\">\n      <\/figure>\n<\/section>\n\n<section class=\"redbloc flex__col\">\n  <h2>QUI EST ROBERT TATIN ?<\/h2>\n<p>Tout au long de sa vie, Robert Tatin (1902-1983) a accumul\u00e9 exp\u00e9riences et connaissances qui font de lui un artiste b\u00e2tisseur \u00e0 la cr\u00e9ativit\u00e9 exceptionnelle.<\/p>\n<p>Tr\u00e8s jeune, il suit un apprentissage de peintre d\u00e9corateur puis de charpentier au trait avant d\u2019\u00eatre adopt\u00e9 par les Compagnons charpentiers du Devoir de Libert\u00e9 de la ville de Tours en 1933. \u00c0 la t\u00eate de son entreprise en b\u00e2timent \u00e0 Laval d\u00e8s 1930, il m\u00e8ne une carri\u00e8re florissante et poursuit des activit\u00e9s d\u2019artiste amateur et \u00e9clair\u00e9.<\/p>\n<p>Au lendemain de la Seconde Guerre mondiale, install\u00e9 \u00e0 Paris, il participe activement \u00e0 la reconstruction de la vie culturelle de la capitale en compagnie de Jacques Pr\u00e9vert, Andr\u00e9 Breton ou Jean Dubuffet.<\/p>\n<p>Au cours de l\u2019\u00e9t\u00e9 1950, il embarque pour une travers\u00e9e de l\u2019Am\u00e9rique du Sud qu\u2019il explore jusqu\u2019aux terres australes pendant cinq ans. Au Br\u00e9sil, il poursuit avec des scientifiques ses recherches dans le domaine de la c\u00e9ramique. Le premier prix \u00e0 la biennale de S\u00e3o Paulo en 1951 lui offre une notori\u00e9t\u00e9 internationale. C\u2019est \u00e9galement \u00e0 Belo Horizonte avec les pr\u00e9paratifs de la construction de Brasilia que Robert Tatin d\u00e9couvre la souplesse des voiles de ciment. Du Br\u00e9sil \u00e0 la Terre de Feu, il fr\u00e9quente aussi bien les salons intellectuels et fortun\u00e9s des grandes capitales en plein d\u00e9veloppement que l\u2019exub\u00e9rance populaire des favelas.<\/p>\n<p>De retour en France en 1955, il s\u2019installe quelques ann\u00e9es sur la c\u00f4te d\u2019Azur et renoue avec les milieux artistiques de l\u2019\u00e9poque.<\/p>\n<p>En 1962, \u00e0 l\u2019\u00e2ge de soixante ans, il revient d\u00e9finitivement en Mayenne, \u00e0 Coss\u00e9-le-Vivien, o\u00f9 il \u00e9rige la plus spectaculaire de ses \u0153uvres. Pendant un peu plus de vingt ans, tout en poursuivant sa carri\u00e8re de peintre, il mod\u00e8le autour de sa maison une sculpture polychrome monumentale en harmonie avec le paysage qui l\u2019accueille.<\/p>\n<p>Souvent associ\u00e9 \u00e0 l\u2019art na\u00eff, au surr\u00e9alisme ou \u00e0 l\u2019art brut, Robert Tatin a toujours refus\u00e9 d\u2019appartenir \u00e0 un mouvement artistique et a conserv\u00e9 sa libert\u00e9 cr\u00e9atrice tout au long de sa vie, gardant de sa formation le go\u00fbt et le savoir-faire des artistes du pass\u00e9 mais s\u2019impr\u00e9gnant \u00e9galement des grands bouleversements du si\u00e8cle qu\u2019il a travers\u00e9.<\/p>\n<p>Loin d\u2019\u00eatre un artiste isol\u00e9, il demeure inclassable et reste, jusqu\u2019\u00e0 son dernier jour en 1983, un acteur de la cr\u00e9ation de son \u00e9poque, associant une esth\u00e9tique r\u00e9solument moderne \u00e0 une pens\u00e9e tourn\u00e9e vers l\u2019avenir.<\/p>\n      <img decoding=\"async\" draggable=\"false\" aria-hidden=\"true\" class=\"redbloc__bg lazyload\" data-src=\"https:\/\/patrimoine.lamayenne.fr\/robert-tatin\/wp-content\/uploads\/2022\/04\/logo-robert-tatin-signe-blanc.svg\" alt=\"https:\/\/patrimoine.lamayenne.fr\/robert-tatin\/wp-content\/uploads\/2022\/04\/logo-robert-tatin-signe-blanc.svg\" src=\"data:image\/svg+xml;base64,PHN2ZyB3aWR0aD0iMSIgaGVpZ2h0PSIxIiB4bWxucz0iaHR0cDovL3d3dy53My5vcmcvMjAwMC9zdmciPjwvc3ZnPg==\">\n<\/section>","protected":false},"excerpt":{"rendered":"<p>Robert Tatin<\/p>\n","protected":false},"author":1,"featured_media":0,"parent":0,"menu_order":0,"comment_status":"closed","ping_status":"closed","template":"","meta":{"_acf_changed":false,"footnotes":""},"class_list":["post-703","page","type-page","status-publish","hentry"],"acf":[],"yoast_head":"<!-- This site is optimized with the Yoast SEO plugin v25.8 - https:\/\/yoast.com\/wordpress\/plugins\/seo\/ -->\n<title>L&#039;artiste - Robert Tatin<\/title>\n<meta name=\"description\" content=\"Qui est Robert Tatin ? Un artiste aux nombreux talents : c\u00e9ramiste, peintre, lithographe, cr\u00e9ateur de v\u00eatements, sculpteur, architecte\u2026\" \/>\n<meta name=\"robots\" content=\"index, follow, max-snippet:-1, max-image-preview:large, max-video-preview:-1\" \/>\n<link rel=\"canonical\" href=\"https:\/\/patrimoine.lamayenne.fr\/robert-tatin\/lartiste\/\" \/>\n<meta name=\"twitter:card\" content=\"summary_large_image\" \/>\n<meta name=\"twitter:title\" content=\"L&#039;artiste - Robert Tatin\" \/>\n<meta name=\"twitter:description\" content=\"Qui est Robert Tatin ? Un artiste aux nombreux talents : c\u00e9ramiste, peintre, lithographe, cr\u00e9ateur de v\u00eatements, sculpteur, architecte\u2026\" \/>\n<meta name=\"twitter:site\" content=\"@lamayenne\" \/>\n<meta name=\"twitter:label1\" content=\"Dur\u00e9e de lecture estim\u00e9e\" \/>\n\t<meta name=\"twitter:data1\" content=\"1 minute\" \/>\n<script type=\"application\/ld+json\" class=\"yoast-schema-graph\">{\"@context\":\"https:\/\/schema.org\",\"@graph\":[{\"@type\":\"WebPage\",\"@id\":\"https:\/\/patrimoine.lamayenne.fr\/robert-tatin\/lartiste\/\",\"url\":\"https:\/\/patrimoine.lamayenne.fr\/robert-tatin\/lartiste\/\",\"name\":\"L'artiste - Robert Tatin\",\"isPartOf\":{\"@id\":\"https:\/\/patrimoine.lamayenne.fr\/robert-tatin\/#website\"},\"datePublished\":\"2022-04-19T20:27:32+00:00\",\"dateModified\":\"2022-09-15T12:06:39+00:00\",\"description\":\"Qui est Robert Tatin ? Un artiste aux nombreux talents : c\u00e9ramiste, peintre, lithographe, cr\u00e9ateur de v\u00eatements, sculpteur, architecte\u2026\",\"breadcrumb\":{\"@id\":\"https:\/\/patrimoine.lamayenne.fr\/robert-tatin\/lartiste\/#breadcrumb\"},\"inLanguage\":\"fr-FR\",\"potentialAction\":[{\"@type\":\"ReadAction\",\"target\":[\"https:\/\/patrimoine.lamayenne.fr\/robert-tatin\/lartiste\/\"]}]},{\"@type\":\"BreadcrumbList\",\"@id\":\"https:\/\/patrimoine.lamayenne.fr\/robert-tatin\/lartiste\/#breadcrumb\",\"itemListElement\":[{\"@type\":\"ListItem\",\"position\":1,\"name\":\"Accueil\",\"item\":\"https:\/\/patrimoine.lamayenne.fr\/robert-tatin\/\"},{\"@type\":\"ListItem\",\"position\":2,\"name\":\"L&rsquo;artiste\"}]},{\"@type\":\"WebSite\",\"@id\":\"https:\/\/patrimoine.lamayenne.fr\/robert-tatin\/#website\",\"url\":\"https:\/\/patrimoine.lamayenne.fr\/robert-tatin\/\",\"name\":\"Robert Tatin\",\"description\":\"\",\"publisher\":{\"@id\":\"https:\/\/patrimoine.lamayenne.fr\/robert-tatin\/#organization\"},\"potentialAction\":[{\"@type\":\"SearchAction\",\"target\":{\"@type\":\"EntryPoint\",\"urlTemplate\":\"https:\/\/patrimoine.lamayenne.fr\/robert-tatin\/?s={search_term_string}\"},\"query-input\":{\"@type\":\"PropertyValueSpecification\",\"valueRequired\":true,\"valueName\":\"search_term_string\"}}],\"inLanguage\":\"fr-FR\"},{\"@type\":\"Organization\",\"@id\":\"https:\/\/patrimoine.lamayenne.fr\/robert-tatin\/#organization\",\"name\":\"Robert Tatin\",\"url\":\"https:\/\/patrimoine.lamayenne.fr\/robert-tatin\/\",\"logo\":{\"@type\":\"ImageObject\",\"inLanguage\":\"fr-FR\",\"@id\":\"https:\/\/patrimoine.lamayenne.fr\/robert-tatin\/#\/schema\/logo\/image\/\",\"url\":\"https:\/\/patrimoine.lamayenne.fr\/robert-tatin\/wp-content\/uploads\/2022\/04\/Tatin_logo.svg\",\"contentUrl\":\"https:\/\/patrimoine.lamayenne.fr\/robert-tatin\/wp-content\/uploads\/2022\/04\/Tatin_logo.svg\",\"width\":1,\"height\":1,\"caption\":\"Robert Tatin\"},\"image\":{\"@id\":\"https:\/\/patrimoine.lamayenne.fr\/robert-tatin\/#\/schema\/logo\/image\/\"},\"sameAs\":[\"https:\/\/www.facebook.com\/departement.lamayenne\",\"https:\/\/x.com\/lamayenne\",\"https:\/\/www.instagram.com\/la.mayenne\/\",\"https:\/\/www.youtube.com\/user\/LaMayenneTV\"]}]}<\/script>\n<!-- \/ Yoast SEO plugin. -->","yoast_head_json":{"title":"L'artiste - Robert Tatin","description":"Qui est Robert Tatin ? Un artiste aux nombreux talents : c\u00e9ramiste, peintre, lithographe, cr\u00e9ateur de v\u00eatements, sculpteur, architecte\u2026","robots":{"index":"index","follow":"follow","max-snippet":"max-snippet:-1","max-image-preview":"max-image-preview:large","max-video-preview":"max-video-preview:-1"},"canonical":"https:\/\/patrimoine.lamayenne.fr\/robert-tatin\/lartiste\/","twitter_card":"summary_large_image","twitter_title":"L'artiste - Robert Tatin","twitter_description":"Qui est Robert Tatin ? Un artiste aux nombreux talents : c\u00e9ramiste, peintre, lithographe, cr\u00e9ateur de v\u00eatements, sculpteur, architecte\u2026","twitter_site":"@lamayenne","twitter_misc":{"Dur\u00e9e de lecture estim\u00e9e":"1 minute"},"schema":{"@context":"https:\/\/schema.org","@graph":[{"@type":"WebPage","@id":"https:\/\/patrimoine.lamayenne.fr\/robert-tatin\/lartiste\/","url":"https:\/\/patrimoine.lamayenne.fr\/robert-tatin\/lartiste\/","name":"L'artiste - Robert Tatin","isPartOf":{"@id":"https:\/\/patrimoine.lamayenne.fr\/robert-tatin\/#website"},"datePublished":"2022-04-19T20:27:32+00:00","dateModified":"2022-09-15T12:06:39+00:00","description":"Qui est Robert Tatin ? Un artiste aux nombreux talents : c\u00e9ramiste, peintre, lithographe, cr\u00e9ateur de v\u00eatements, sculpteur, architecte\u2026","breadcrumb":{"@id":"https:\/\/patrimoine.lamayenne.fr\/robert-tatin\/lartiste\/#breadcrumb"},"inLanguage":"fr-FR","potentialAction":[{"@type":"ReadAction","target":["https:\/\/patrimoine.lamayenne.fr\/robert-tatin\/lartiste\/"]}]},{"@type":"BreadcrumbList","@id":"https:\/\/patrimoine.lamayenne.fr\/robert-tatin\/lartiste\/#breadcrumb","itemListElement":[{"@type":"ListItem","position":1,"name":"Accueil","item":"https:\/\/patrimoine.lamayenne.fr\/robert-tatin\/"},{"@type":"ListItem","position":2,"name":"L&rsquo;artiste"}]},{"@type":"WebSite","@id":"https:\/\/patrimoine.lamayenne.fr\/robert-tatin\/#website","url":"https:\/\/patrimoine.lamayenne.fr\/robert-tatin\/","name":"Robert Tatin","description":"","publisher":{"@id":"https:\/\/patrimoine.lamayenne.fr\/robert-tatin\/#organization"},"potentialAction":[{"@type":"SearchAction","target":{"@type":"EntryPoint","urlTemplate":"https:\/\/patrimoine.lamayenne.fr\/robert-tatin\/?s={search_term_string}"},"query-input":{"@type":"PropertyValueSpecification","valueRequired":true,"valueName":"search_term_string"}}],"inLanguage":"fr-FR"},{"@type":"Organization","@id":"https:\/\/patrimoine.lamayenne.fr\/robert-tatin\/#organization","name":"Robert Tatin","url":"https:\/\/patrimoine.lamayenne.fr\/robert-tatin\/","logo":{"@type":"ImageObject","inLanguage":"fr-FR","@id":"https:\/\/patrimoine.lamayenne.fr\/robert-tatin\/#\/schema\/logo\/image\/","url":"https:\/\/patrimoine.lamayenne.fr\/robert-tatin\/wp-content\/uploads\/2022\/04\/Tatin_logo.svg","contentUrl":"https:\/\/patrimoine.lamayenne.fr\/robert-tatin\/wp-content\/uploads\/2022\/04\/Tatin_logo.svg","width":1,"height":1,"caption":"Robert Tatin"},"image":{"@id":"https:\/\/patrimoine.lamayenne.fr\/robert-tatin\/#\/schema\/logo\/image\/"},"sameAs":["https:\/\/www.facebook.com\/departement.lamayenne","https:\/\/x.com\/lamayenne","https:\/\/www.instagram.com\/la.mayenne\/","https:\/\/www.youtube.com\/user\/LaMayenneTV"]}]}},"lang":"fr","translations":{"fr":703,"en":1687},"pll_sync_post":[],"_links":{"self":[{"href":"https:\/\/patrimoine.lamayenne.fr\/robert-tatin\/wp-json\/wp\/v2\/pages\/703","targetHints":{"allow":["GET"]}}],"collection":[{"href":"https:\/\/patrimoine.lamayenne.fr\/robert-tatin\/wp-json\/wp\/v2\/pages"}],"about":[{"href":"https:\/\/patrimoine.lamayenne.fr\/robert-tatin\/wp-json\/wp\/v2\/types\/page"}],"author":[{"embeddable":true,"href":"https:\/\/patrimoine.lamayenne.fr\/robert-tatin\/wp-json\/wp\/v2\/users\/1"}],"replies":[{"embeddable":true,"href":"https:\/\/patrimoine.lamayenne.fr\/robert-tatin\/wp-json\/wp\/v2\/comments?post=703"}],"version-history":[{"count":10,"href":"https:\/\/patrimoine.lamayenne.fr\/robert-tatin\/wp-json\/wp\/v2\/pages\/703\/revisions"}],"predecessor-version":[{"id":1271,"href":"https:\/\/patrimoine.lamayenne.fr\/robert-tatin\/wp-json\/wp\/v2\/pages\/703\/revisions\/1271"}],"wp:attachment":[{"href":"https:\/\/patrimoine.lamayenne.fr\/robert-tatin\/wp-json\/wp\/v2\/media?parent=703"}],"curies":[{"name":"wp","href":"https:\/\/api.w.org\/{rel}","templated":true}]}}