{"id":3378,"date":"2024-09-24T17:17:17","date_gmt":"2024-09-24T15:17:17","guid":{"rendered":"https:\/\/patrimoine.lamayenne.fr\/sainte-suzanne\/?post_type=evenements&#038;p=3378"},"modified":"2024-09-24T17:44:34","modified_gmt":"2024-09-24T15:44:34","slug":"chateau-un-peu-hante","status":"publish","type":"evenements","link":"https:\/\/patrimoine.lamayenne.fr\/sainte-suzanne\/evenements\/chateau-un-peu-hante\/","title":{"rendered":"Ch\u00e2teau (un peu) hant\u00e9\u00a0!"},"content":{"rendered":"\n<p>Ancienne domestique au logis de Sainte-Suzanne, Marie Barr\u00e9 t\u00e9moigne dans ses lettres de sa peur lorsqu\u2019elle entend, par mauvais temps, le vent s\u2019engouffrer dans le b\u00e2timent ou les bruits du parquet qui craque&#8230; Les enfants les plus courageux pourront se d\u00e9placer de salle en salle pour affronter les dangers r\u00e9els ou imaginaires rencontr\u00e9s par Marie (semi-obscurit\u00e9, araign\u00e9es, monstres\u2026). Ils fabriqueront ensuite leur propre ch\u00e2teau horrifique.<\/p>\n\n\n\n<p><\/p>\n","protected":false},"featured_media":3384,"template":"","meta":{"_acf_changed":false,"footnotes":""},"evt_type":[],"class_list":["post-3378","evenements","type-evenements","status-publish","has-post-thumbnail","hentry"],"acf":{"titre":"Ch\u00e2teau (un peu) hant\u00e9 ! ","sous_titre":"atelier 5-7 ans ","mention":"","date_debut":"20241022","date_fin":"20241022","heure_debut":10,"minutes_debut":30,"heure_fin":12,"minutes_fin":0,"tarifs":"Tarif : 3 \u20ac \r\nR\u00e9servation au 02 43 58 13 00","public":"enfants","lieu":"Centre d'Interpr\u00e9tation de l'Architecture et du patrimoine","handicap":"none"},"yoast_head":"<!-- This site is optimized with the Yoast SEO plugin v25.8 - https:\/\/yoast.com\/wordpress\/plugins\/seo\/ -->\n<title>Ch\u00e2teau (un peu) hant\u00e9\u00a0! - Sainte-Suzanne<\/title>\n<meta name=\"robots\" content=\"index, follow, max-snippet:-1, max-image-preview:large, max-video-preview:-1\" \/>\n<link rel=\"canonical\" href=\"https:\/\/patrimoine.lamayenne.fr\/sainte-suzanne\/evenements\/chateau-un-peu-hante\/\" \/>\n<meta name=\"twitter:card\" content=\"summary_large_image\" \/>\n<meta name=\"twitter:title\" content=\"Ch\u00e2teau (un peu) hant\u00e9\u00a0! - Sainte-Suzanne\" \/>\n<meta name=\"twitter:description\" content=\"Ancienne domestique au logis de Sainte-Suzanne, Marie Barr\u00e9 t\u00e9moigne dans ses lettres de sa peur lorsqu\u2019elle entend, par mauvais temps, le vent s\u2019engouffrer dans le b\u00e2timent ou les bruits du parquet qui craque&#8230; Les enfants les plus courageux pourront se d\u00e9placer de salle en salle pour affronter les dangers r\u00e9els ou imaginaires rencontr\u00e9s par Marie [&hellip;]\" \/>\n<meta name=\"twitter:image\" content=\"https:\/\/patrimoine.lamayenne.fr\/sainte-suzanne\/wp-content\/uploads\/2024\/09\/chateau_un_peu_hante_carre_web.jpg\" \/>\n<meta name=\"twitter:site\" content=\"@lamayenne\" \/>\n<meta name=\"twitter:label1\" content=\"Dur\u00e9e de lecture estim\u00e9e\" \/>\n\t<meta name=\"twitter:data1\" content=\"1 minute\" \/>\n<script type=\"application\/ld+json\" class=\"yoast-schema-graph\">{\"@context\":\"https:\/\/schema.org\",\"@graph\":[{\"@type\":\"WebPage\",\"@id\":\"https:\/\/patrimoine.lamayenne.fr\/sainte-suzanne\/evenements\/chateau-un-peu-hante\/\",\"url\":\"https:\/\/patrimoine.lamayenne.fr\/sainte-suzanne\/evenements\/chateau-un-peu-hante\/\",\"name\":\"Ch\u00e2teau (un peu) hant\u00e9\u00a0! - Sainte-Suzanne\",\"isPartOf\":{\"@id\":\"https:\/\/patrimoine.lamayenne.fr\/sainte-suzanne\/#website\"},\"primaryImageOfPage\":{\"@id\":\"https:\/\/patrimoine.lamayenne.fr\/sainte-suzanne\/evenements\/chateau-un-peu-hante\/#primaryimage\"},\"image\":{\"@id\":\"https:\/\/patrimoine.lamayenne.fr\/sainte-suzanne\/evenements\/chateau-un-peu-hante\/#primaryimage\"},\"thumbnailUrl\":\"https:\/\/patrimoine.lamayenne.fr\/sainte-suzanne\/wp-content\/uploads\/2024\/09\/chateau_un_peu_hante_carre_web.jpg\",\"datePublished\":\"2024-09-24T15:17:17+00:00\",\"dateModified\":\"2024-09-24T15:44:34+00:00\",\"breadcrumb\":{\"@id\":\"https:\/\/patrimoine.lamayenne.fr\/sainte-suzanne\/evenements\/chateau-un-peu-hante\/#breadcrumb\"},\"inLanguage\":\"fr-FR\",\"potentialAction\":[{\"@type\":\"ReadAction\",\"target\":[\"https:\/\/patrimoine.lamayenne.fr\/sainte-suzanne\/evenements\/chateau-un-peu-hante\/\"]}]},{\"@type\":\"ImageObject\",\"inLanguage\":\"fr-FR\",\"@id\":\"https:\/\/patrimoine.lamayenne.fr\/sainte-suzanne\/evenements\/chateau-un-peu-hante\/#primaryimage\",\"url\":\"https:\/\/patrimoine.lamayenne.fr\/sainte-suzanne\/wp-content\/uploads\/2024\/09\/chateau_un_peu_hante_carre_web.jpg\",\"contentUrl\":\"https:\/\/patrimoine.lamayenne.fr\/sainte-suzanne\/wp-content\/uploads\/2024\/09\/chateau_un_peu_hante_carre_web.jpg\",\"width\":560,\"height\":542},{\"@type\":\"BreadcrumbList\",\"@id\":\"https:\/\/patrimoine.lamayenne.fr\/sainte-suzanne\/evenements\/chateau-un-peu-hante\/#breadcrumb\",\"itemListElement\":[{\"@type\":\"ListItem\",\"position\":1,\"name\":\"Accueil\",\"item\":\"https:\/\/patrimoine.lamayenne.fr\/sainte-suzanne\/\"},{\"@type\":\"ListItem\",\"position\":2,\"name\":\"Ch\u00e2teau (un peu) hant\u00e9\u00a0!\"}]},{\"@type\":\"WebSite\",\"@id\":\"https:\/\/patrimoine.lamayenne.fr\/sainte-suzanne\/#website\",\"url\":\"https:\/\/patrimoine.lamayenne.fr\/sainte-suzanne\/\",\"name\":\"Sainte-Suzanne\",\"description\":\"\",\"publisher\":{\"@id\":\"https:\/\/patrimoine.lamayenne.fr\/sainte-suzanne\/#organization\"},\"potentialAction\":[{\"@type\":\"SearchAction\",\"target\":{\"@type\":\"EntryPoint\",\"urlTemplate\":\"https:\/\/patrimoine.lamayenne.fr\/sainte-suzanne\/?s={search_term_string}\"},\"query-input\":{\"@type\":\"PropertyValueSpecification\",\"valueRequired\":true,\"valueName\":\"search_term_string\"}}],\"inLanguage\":\"fr-FR\"},{\"@type\":\"Organization\",\"@id\":\"https:\/\/patrimoine.lamayenne.fr\/sainte-suzanne\/#organization\",\"name\":\"Sainte-Suzanne\",\"url\":\"https:\/\/patrimoine.lamayenne.fr\/sainte-suzanne\/\",\"logo\":{\"@type\":\"ImageObject\",\"inLanguage\":\"fr-FR\",\"@id\":\"https:\/\/patrimoine.lamayenne.fr\/sainte-suzanne\/#\/schema\/logo\/image\/\",\"url\":\"https:\/\/patrimoine.lamayenne.fr\/sainte-suzanne\/wp-content\/uploads\/2022\/04\/SteSuz_logo.svg\",\"contentUrl\":\"https:\/\/patrimoine.lamayenne.fr\/sainte-suzanne\/wp-content\/uploads\/2022\/04\/SteSuz_logo.svg\",\"width\":1,\"height\":1,\"caption\":\"Sainte-Suzanne\"},\"image\":{\"@id\":\"https:\/\/patrimoine.lamayenne.fr\/sainte-suzanne\/#\/schema\/logo\/image\/\"},\"sameAs\":[\"https:\/\/www.facebook.com\/departement.lamayenne\",\"https:\/\/x.com\/lamayenne\",\"https:\/\/www.instagram.com\/la.mayenne\/\",\"https:\/\/www.youtube.com\/user\/LaMayenneTV\"]}]}<\/script>\n<!-- \/ Yoast SEO plugin. -->","yoast_head_json":{"title":"Ch\u00e2teau (un peu) hant\u00e9\u00a0! - Sainte-Suzanne","robots":{"index":"index","follow":"follow","max-snippet":"max-snippet:-1","max-image-preview":"max-image-preview:large","max-video-preview":"max-video-preview:-1"},"canonical":"https:\/\/patrimoine.lamayenne.fr\/sainte-suzanne\/evenements\/chateau-un-peu-hante\/","twitter_card":"summary_large_image","twitter_title":"Ch\u00e2teau (un peu) hant\u00e9\u00a0! - Sainte-Suzanne","twitter_description":"Ancienne domestique au logis de Sainte-Suzanne, Marie Barr\u00e9 t\u00e9moigne dans ses lettres de sa peur lorsqu\u2019elle entend, par mauvais temps, le vent s\u2019engouffrer dans le b\u00e2timent ou les bruits du parquet qui craque&#8230; Les enfants les plus courageux pourront se d\u00e9placer de salle en salle pour affronter les dangers r\u00e9els ou imaginaires rencontr\u00e9s par Marie [&hellip;]","twitter_image":"https:\/\/patrimoine.lamayenne.fr\/sainte-suzanne\/wp-content\/uploads\/2024\/09\/chateau_un_peu_hante_carre_web.jpg","twitter_site":"@lamayenne","twitter_misc":{"Dur\u00e9e de lecture estim\u00e9e":"1 minute"},"schema":{"@context":"https:\/\/schema.org","@graph":[{"@type":"WebPage","@id":"https:\/\/patrimoine.lamayenne.fr\/sainte-suzanne\/evenements\/chateau-un-peu-hante\/","url":"https:\/\/patrimoine.lamayenne.fr\/sainte-suzanne\/evenements\/chateau-un-peu-hante\/","name":"Ch\u00e2teau (un peu) hant\u00e9\u00a0! - Sainte-Suzanne","isPartOf":{"@id":"https:\/\/patrimoine.lamayenne.fr\/sainte-suzanne\/#website"},"primaryImageOfPage":{"@id":"https:\/\/patrimoine.lamayenne.fr\/sainte-suzanne\/evenements\/chateau-un-peu-hante\/#primaryimage"},"image":{"@id":"https:\/\/patrimoine.lamayenne.fr\/sainte-suzanne\/evenements\/chateau-un-peu-hante\/#primaryimage"},"thumbnailUrl":"https:\/\/patrimoine.lamayenne.fr\/sainte-suzanne\/wp-content\/uploads\/2024\/09\/chateau_un_peu_hante_carre_web.jpg","datePublished":"2024-09-24T15:17:17+00:00","dateModified":"2024-09-24T15:44:34+00:00","breadcrumb":{"@id":"https:\/\/patrimoine.lamayenne.fr\/sainte-suzanne\/evenements\/chateau-un-peu-hante\/#breadcrumb"},"inLanguage":"fr-FR","potentialAction":[{"@type":"ReadAction","target":["https:\/\/patrimoine.lamayenne.fr\/sainte-suzanne\/evenements\/chateau-un-peu-hante\/"]}]},{"@type":"ImageObject","inLanguage":"fr-FR","@id":"https:\/\/patrimoine.lamayenne.fr\/sainte-suzanne\/evenements\/chateau-un-peu-hante\/#primaryimage","url":"https:\/\/patrimoine.lamayenne.fr\/sainte-suzanne\/wp-content\/uploads\/2024\/09\/chateau_un_peu_hante_carre_web.jpg","contentUrl":"https:\/\/patrimoine.lamayenne.fr\/sainte-suzanne\/wp-content\/uploads\/2024\/09\/chateau_un_peu_hante_carre_web.jpg","width":560,"height":542},{"@type":"BreadcrumbList","@id":"https:\/\/patrimoine.lamayenne.fr\/sainte-suzanne\/evenements\/chateau-un-peu-hante\/#breadcrumb","itemListElement":[{"@type":"ListItem","position":1,"name":"Accueil","item":"https:\/\/patrimoine.lamayenne.fr\/sainte-suzanne\/"},{"@type":"ListItem","position":2,"name":"Ch\u00e2teau (un peu) hant\u00e9\u00a0!"}]},{"@type":"WebSite","@id":"https:\/\/patrimoine.lamayenne.fr\/sainte-suzanne\/#website","url":"https:\/\/patrimoine.lamayenne.fr\/sainte-suzanne\/","name":"Sainte-Suzanne","description":"","publisher":{"@id":"https:\/\/patrimoine.lamayenne.fr\/sainte-suzanne\/#organization"},"potentialAction":[{"@type":"SearchAction","target":{"@type":"EntryPoint","urlTemplate":"https:\/\/patrimoine.lamayenne.fr\/sainte-suzanne\/?s={search_term_string}"},"query-input":{"@type":"PropertyValueSpecification","valueRequired":true,"valueName":"search_term_string"}}],"inLanguage":"fr-FR"},{"@type":"Organization","@id":"https:\/\/patrimoine.lamayenne.fr\/sainte-suzanne\/#organization","name":"Sainte-Suzanne","url":"https:\/\/patrimoine.lamayenne.fr\/sainte-suzanne\/","logo":{"@type":"ImageObject","inLanguage":"fr-FR","@id":"https:\/\/patrimoine.lamayenne.fr\/sainte-suzanne\/#\/schema\/logo\/image\/","url":"https:\/\/patrimoine.lamayenne.fr\/sainte-suzanne\/wp-content\/uploads\/2022\/04\/SteSuz_logo.svg","contentUrl":"https:\/\/patrimoine.lamayenne.fr\/sainte-suzanne\/wp-content\/uploads\/2022\/04\/SteSuz_logo.svg","width":1,"height":1,"caption":"Sainte-Suzanne"},"image":{"@id":"https:\/\/patrimoine.lamayenne.fr\/sainte-suzanne\/#\/schema\/logo\/image\/"},"sameAs":["https:\/\/www.facebook.com\/departement.lamayenne","https:\/\/x.com\/lamayenne","https:\/\/www.instagram.com\/la.mayenne\/","https:\/\/www.youtube.com\/user\/LaMayenneTV"]}]}},"_links":{"self":[{"href":"https:\/\/patrimoine.lamayenne.fr\/sainte-suzanne\/wp-json\/wp\/v2\/evenements\/3378","targetHints":{"allow":["GET"]}}],"collection":[{"href":"https:\/\/patrimoine.lamayenne.fr\/sainte-suzanne\/wp-json\/wp\/v2\/evenements"}],"about":[{"href":"https:\/\/patrimoine.lamayenne.fr\/sainte-suzanne\/wp-json\/wp\/v2\/types\/evenements"}],"version-history":[{"count":1,"href":"https:\/\/patrimoine.lamayenne.fr\/sainte-suzanne\/wp-json\/wp\/v2\/evenements\/3378\/revisions"}],"predecessor-version":[{"id":3379,"href":"https:\/\/patrimoine.lamayenne.fr\/sainte-suzanne\/wp-json\/wp\/v2\/evenements\/3378\/revisions\/3379"}],"wp:featuredmedia":[{"embeddable":true,"href":"https:\/\/patrimoine.lamayenne.fr\/sainte-suzanne\/wp-json\/wp\/v2\/media\/3384"}],"wp:attachment":[{"href":"https:\/\/patrimoine.lamayenne.fr\/sainte-suzanne\/wp-json\/wp\/v2\/media?parent=3378"}],"wp:term":[{"taxonomy":"evt_type","embeddable":true,"href":"https:\/\/patrimoine.lamayenne.fr\/sainte-suzanne\/wp-json\/wp\/v2\/evt_type?post=3378"}],"curies":[{"name":"wp","href":"https:\/\/api.w.org\/{rel}","templated":true}]}}

Château (un peu) hanté !

<p>Ancienne domestique au logis de Sainte-Suzanne, Marie Barré témoigne dans ses lettres de sa peur lorsqu’elle entend, par mauvais temps, le vent s’engouffrer dans le bâtiment ou les bruits du parquet qui craque&#8230; Les enfants les plus courageux pourront se déplacer de salle en salle pour affronter les dangers réels ou imaginaires rencontrés par Marie (semi-obscurité, araignées, monstres…). Ils fabriqueront ensuite leur propre château horrifique.</p>



<p></p>

Château (un peu) hanté !

Tarif : 3 € 
Réservation au 02 43 58 13 00

Centre d'Interprétation de l'Architecture et du patrimoine

<!-- This site is optimized with the Yoast SEO plugin v25.8 - https://yoast.com/wordpress/plugins/seo/ -->
<title>Château (un peu) hanté ! - Sainte-Suzanne</title>
<meta name="robots" content="index, follow, max-snippet:-1, max-image-preview:large, max-video-preview:-1" />
<link rel="canonical" href="https://patrimoine.lamayenne.fr/sainte-suzanne/evenements/chateau-un-peu-hante/" />
<meta name="twitter:card" content="summary_large_image" />
<meta name="twitter:title" content="Château (un peu) hanté ! - Sainte-Suzanne" />
<meta name="twitter:description" content="Ancienne domestique au logis de Sainte-Suzanne, Marie Barré témoigne dans ses lettres de sa peur lorsqu’elle entend, par mauvais temps, le vent s’engouffrer dans le bâtiment ou les bruits du parquet qui craque&#8230; Les enfants les plus courageux pourront se déplacer de salle en salle pour affronter les dangers réels ou imaginaires rencontrés par Marie [&hellip;]" />
<meta name="twitter:image" content="https://patrimoine.lamayenne.fr/sainte-suzanne/wp-content/uploads/2024/09/chateau_un_peu_hante_carre_web.jpg" />
<meta name="twitter:site" content="@lamayenne" />
<meta name="twitter:label1" content="Durée de lecture estimée" />
	<meta name="twitter:data1" content="1 minute" />
<script type="application/ld+json" class="yoast-schema-graph">{"@context":"https://schema.org","@graph":[{"@type":"WebPage","@id":"https://patrimoine.lamayenne.fr/sainte-suzanne/evenements/chateau-un-peu-hante/","url":"https://patrimoine.lamayenne.fr/sainte-suzanne/evenements/chateau-un-peu-hante/","name":"Château (un peu) hanté ! - Sainte-Suzanne","isPartOf":{"@id":"https://patrimoine.lamayenne.fr/sainte-suzanne/#website"},"primaryImageOfPage":{"@id":"https://patrimoine.lamayenne.fr/sainte-suzanne/evenements/chateau-un-peu-hante/#primaryimage"},"image":{"@id":"https://patrimoine.lamayenne.fr/sainte-suzanne/evenements/chateau-un-peu-hante/#primaryimage"},"thumbnailUrl":"https://patrimoine.lamayenne.fr/sainte-suzanne/wp-content/uploads/2024/09/chateau_un_peu_hante_carre_web.jpg","datePublished":"2024-09-24T15:17:17+00:00","dateModified":"2024-09-24T15:44:34+00:00","breadcrumb":{"@id":"https://patrimoine.lamayenne.fr/sainte-suzanne/evenements/chateau-un-peu-hante/#breadcrumb"},"inLanguage":"fr-FR","potentialAction":[{"@type":"ReadAction","target":["https://patrimoine.lamayenne.fr/sainte-suzanne/evenements/chateau-un-peu-hante/"]}]},{"@type":"ImageObject","inLanguage":"fr-FR","@id":"https://patrimoine.lamayenne.fr/sainte-suzanne/evenements/chateau-un-peu-hante/#primaryimage","url":"https://patrimoine.lamayenne.fr/sainte-suzanne/wp-content/uploads/2024/09/chateau_un_peu_hante_carre_web.jpg","contentUrl":"https://patrimoine.lamayenne.fr/sainte-suzanne/wp-content/uploads/2024/09/chateau_un_peu_hante_carre_web.jpg","width":560,"height":542},{"@type":"BreadcrumbList","@id":"https://patrimoine.lamayenne.fr/sainte-suzanne/evenements/chateau-un-peu-hante/#breadcrumb","itemListElement":[{"@type":"ListItem","position":1,"name":"Accueil","item":"https://patrimoine.lamayenne.fr/sainte-suzanne/"},{"@type":"ListItem","position":2,"name":"Château (un peu) hanté !"}]},{"@type":"WebSite","@id":"https://patrimoine.lamayenne.fr/sainte-suzanne/#website","url":"https://patrimoine.lamayenne.fr/sainte-suzanne/","name":"Sainte-Suzanne","description":"","publisher":{"@id":"https://patrimoine.lamayenne.fr/sainte-suzanne/#organization"},"potentialAction":[{"@type":"SearchAction","target":{"@type":"EntryPoint","urlTemplate":"https://patrimoine.lamayenne.fr/sainte-suzanne/?s={search_term_string}"},"query-input":{"@type":"PropertyValueSpecification","valueRequired":true,"valueName":"search_term_string"}}],"inLanguage":"fr-FR"},{"@type":"Organization","@id":"https://patrimoine.lamayenne.fr/sainte-suzanne/#organization","name":"Sainte-Suzanne","url":"https://patrimoine.lamayenne.fr/sainte-suzanne/","logo":{"@type":"ImageObject","inLanguage":"fr-FR","@id":"https://patrimoine.lamayenne.fr/sainte-suzanne/#/schema/logo/image/","url":"https://patrimoine.lamayenne.fr/sainte-suzanne/wp-content/uploads/2022/04/SteSuz_logo.svg","contentUrl":"https://patrimoine.lamayenne.fr/sainte-suzanne/wp-content/uploads/2022/04/SteSuz_logo.svg","width":1,"height":1,"caption":"Sainte-Suzanne"},"image":{"@id":"https://patrimoine.lamayenne.fr/sainte-suzanne/#/schema/logo/image/"},"sameAs":["https://www.facebook.com/departement.lamayenne","https://x.com/lamayenne","https://www.instagram.com/la.mayenne/","https://www.youtube.com/user/LaMayenneTV"]}]}</script>
<!-- / Yoast SEO plugin. -->

Château (un peu) hanté ! - Sainte-Suzanne

Ancienne domestique au logis de Sainte-Suzanne, Marie Barré témoigne dans ses lettres de sa peur lorsqu’elle entend, par mauvais temps, le vent s’engouffrer dans le bâtiment ou les bruits du parquet qui craque&#8230; Les enfants les plus courageux pourront se déplacer de salle en salle pour affronter les dangers réels ou imaginaires rencontrés par Marie [&hellip;]
