{"id":4034,"date":"2025-05-29T16:19:14","date_gmt":"2025-05-29T14:19:14","guid":{"rendered":"https:\/\/patrimoine.lamayenne.fr\/sainte-suzanne\/?post_type=evenements&#038;p=4034"},"modified":"2025-06-03T17:01:05","modified_gmt":"2025-06-03T15:01:05","slug":"les-epreuves-du-chevalier-18","status":"publish","type":"evenements","link":"https:\/\/patrimoine.lamayenne.fr\/sainte-suzanne\/evenements\/les-epreuves-du-chevalier-18\/","title":{"rendered":"Les \u00e9preuves du chevalier"},"content":{"rendered":"\n<p><\/p>\n\n\n\n<p>Capitaine de Sainte-Suzanne \u00e0 la fin du Moyen \u00c2ge, Sire de Lor\u00e9 revient en son ch\u00e2teau pour enseigner aux enfants d\u2019aujourd\u2019hui les rudiments du m\u00e9tier de chevalier. Il a pr\u00e9par\u00e9 \u00e0 leur intention de nombreuses \u00e9preuves pour valider leur adresse et leur loyaut\u00e9 : apprendre les gestes d\u2019escrime m\u00e9di\u00e9vale, passer par le champ clos, conna\u00eetre l\u2019\u00e9quipement militaire\u2026 Un adoubement collectif cl\u00f4t avec solennit\u00e9 la s\u00e9ance.<\/p>\n\n\n\n<p><\/p>\n\n\n\n<p><\/p>\n","protected":false},"featured_media":2972,"template":"","meta":{"_acf_changed":false,"footnotes":""},"evt_type":[9],"class_list":["post-4034","evenements","type-evenements","status-publish","has-post-thumbnail","hentry","evt_type-animations"],"acf":{"titre":"Les \u00e9preuves du chevalier","sous_titre":"Animation jeune public","mention":"","date_debut":"20250819","date_fin":"20250819","heure_debut":15,"minutes_debut":0,"heure_fin":16,"minutes_fin":30,"tarifs":"\u00c0 partir de 6 ans\r\nTarif\u00a0: 3 \u20ac\r\nPlaces limit\u00e9es\r\nR\u00e9servations au 02 43 58 13 00","public":"enfants","lieu":"Cour de la forteresse ","handicap":"none"},"yoast_head":"<!-- This site is optimized with the Yoast SEO plugin v25.8 - https:\/\/yoast.com\/wordpress\/plugins\/seo\/ -->\n<title>Les \u00e9preuves du chevalier - Sainte-Suzanne<\/title>\n<meta name=\"robots\" content=\"index, follow, max-snippet:-1, max-image-preview:large, max-video-preview:-1\" \/>\n<link rel=\"canonical\" href=\"https:\/\/patrimoine.lamayenne.fr\/sainte-suzanne\/evenements\/les-epreuves-du-chevalier-18\/\" \/>\n<meta name=\"twitter:card\" content=\"summary_large_image\" \/>\n<meta name=\"twitter:title\" content=\"Les \u00e9preuves du chevalier - Sainte-Suzanne\" \/>\n<meta name=\"twitter:description\" content=\"Capitaine de Sainte-Suzanne \u00e0 la fin du Moyen \u00c2ge, Sire de Lor\u00e9 revient en son ch\u00e2teau pour enseigner aux enfants d\u2019aujourd\u2019hui les rudiments du m\u00e9tier de chevalier. Il a pr\u00e9par\u00e9 \u00e0 leur intention de nombreuses \u00e9preuves pour valider leur adresse et leur loyaut\u00e9 : apprendre les gestes d\u2019escrime m\u00e9di\u00e9vale, passer par le champ clos, conna\u00eetre [&hellip;]\" \/>\n<meta name=\"twitter:image\" content=\"https:\/\/patrimoine.lamayenne.fr\/sainte-suzanne\/wp-content\/uploads\/2024\/06\/epreuves_chevalier.jpg\" \/>\n<meta name=\"twitter:site\" content=\"@lamayenne\" \/>\n<meta name=\"twitter:label1\" content=\"Dur\u00e9e de lecture estim\u00e9e\" \/>\n\t<meta name=\"twitter:data1\" content=\"1 minute\" \/>\n<script type=\"application\/ld+json\" class=\"yoast-schema-graph\">{\"@context\":\"https:\/\/schema.org\",\"@graph\":[{\"@type\":\"WebPage\",\"@id\":\"https:\/\/patrimoine.lamayenne.fr\/sainte-suzanne\/evenements\/les-epreuves-du-chevalier-18\/\",\"url\":\"https:\/\/patrimoine.lamayenne.fr\/sainte-suzanne\/evenements\/les-epreuves-du-chevalier-18\/\",\"name\":\"Les \u00e9preuves du chevalier - Sainte-Suzanne\",\"isPartOf\":{\"@id\":\"https:\/\/patrimoine.lamayenne.fr\/sainte-suzanne\/#website\"},\"primaryImageOfPage\":{\"@id\":\"https:\/\/patrimoine.lamayenne.fr\/sainte-suzanne\/evenements\/les-epreuves-du-chevalier-18\/#primaryimage\"},\"image\":{\"@id\":\"https:\/\/patrimoine.lamayenne.fr\/sainte-suzanne\/evenements\/les-epreuves-du-chevalier-18\/#primaryimage\"},\"thumbnailUrl\":\"https:\/\/patrimoine.lamayenne.fr\/sainte-suzanne\/wp-content\/uploads\/2024\/06\/epreuves_chevalier.jpg\",\"datePublished\":\"2025-05-29T14:19:14+00:00\",\"dateModified\":\"2025-06-03T15:01:05+00:00\",\"breadcrumb\":{\"@id\":\"https:\/\/patrimoine.lamayenne.fr\/sainte-suzanne\/evenements\/les-epreuves-du-chevalier-18\/#breadcrumb\"},\"inLanguage\":\"fr-FR\",\"potentialAction\":[{\"@type\":\"ReadAction\",\"target\":[\"https:\/\/patrimoine.lamayenne.fr\/sainte-suzanne\/evenements\/les-epreuves-du-chevalier-18\/\"]}]},{\"@type\":\"ImageObject\",\"inLanguage\":\"fr-FR\",\"@id\":\"https:\/\/patrimoine.lamayenne.fr\/sainte-suzanne\/evenements\/les-epreuves-du-chevalier-18\/#primaryimage\",\"url\":\"https:\/\/patrimoine.lamayenne.fr\/sainte-suzanne\/wp-content\/uploads\/2024\/06\/epreuves_chevalier.jpg\",\"contentUrl\":\"https:\/\/patrimoine.lamayenne.fr\/sainte-suzanne\/wp-content\/uploads\/2024\/06\/epreuves_chevalier.jpg\",\"width\":500,\"height\":482},{\"@type\":\"BreadcrumbList\",\"@id\":\"https:\/\/patrimoine.lamayenne.fr\/sainte-suzanne\/evenements\/les-epreuves-du-chevalier-18\/#breadcrumb\",\"itemListElement\":[{\"@type\":\"ListItem\",\"position\":1,\"name\":\"Accueil\",\"item\":\"https:\/\/patrimoine.lamayenne.fr\/sainte-suzanne\/\"},{\"@type\":\"ListItem\",\"position\":2,\"name\":\"Les \u00e9preuves du chevalier\"}]},{\"@type\":\"WebSite\",\"@id\":\"https:\/\/patrimoine.lamayenne.fr\/sainte-suzanne\/#website\",\"url\":\"https:\/\/patrimoine.lamayenne.fr\/sainte-suzanne\/\",\"name\":\"Sainte-Suzanne\",\"description\":\"\",\"publisher\":{\"@id\":\"https:\/\/patrimoine.lamayenne.fr\/sainte-suzanne\/#organization\"},\"potentialAction\":[{\"@type\":\"SearchAction\",\"target\":{\"@type\":\"EntryPoint\",\"urlTemplate\":\"https:\/\/patrimoine.lamayenne.fr\/sainte-suzanne\/?s={search_term_string}\"},\"query-input\":{\"@type\":\"PropertyValueSpecification\",\"valueRequired\":true,\"valueName\":\"search_term_string\"}}],\"inLanguage\":\"fr-FR\"},{\"@type\":\"Organization\",\"@id\":\"https:\/\/patrimoine.lamayenne.fr\/sainte-suzanne\/#organization\",\"name\":\"Sainte-Suzanne\",\"url\":\"https:\/\/patrimoine.lamayenne.fr\/sainte-suzanne\/\",\"logo\":{\"@type\":\"ImageObject\",\"inLanguage\":\"fr-FR\",\"@id\":\"https:\/\/patrimoine.lamayenne.fr\/sainte-suzanne\/#\/schema\/logo\/image\/\",\"url\":\"https:\/\/patrimoine.lamayenne.fr\/sainte-suzanne\/wp-content\/uploads\/2022\/04\/SteSuz_logo.svg\",\"contentUrl\":\"https:\/\/patrimoine.lamayenne.fr\/sainte-suzanne\/wp-content\/uploads\/2022\/04\/SteSuz_logo.svg\",\"width\":1,\"height\":1,\"caption\":\"Sainte-Suzanne\"},\"image\":{\"@id\":\"https:\/\/patrimoine.lamayenne.fr\/sainte-suzanne\/#\/schema\/logo\/image\/\"},\"sameAs\":[\"https:\/\/www.facebook.com\/departement.lamayenne\",\"https:\/\/x.com\/lamayenne\",\"https:\/\/www.instagram.com\/la.mayenne\/\",\"https:\/\/www.youtube.com\/user\/LaMayenneTV\"]}]}<\/script>\n<!-- \/ Yoast SEO plugin. -->","yoast_head_json":{"title":"Les \u00e9preuves du chevalier - Sainte-Suzanne","robots":{"index":"index","follow":"follow","max-snippet":"max-snippet:-1","max-image-preview":"max-image-preview:large","max-video-preview":"max-video-preview:-1"},"canonical":"https:\/\/patrimoine.lamayenne.fr\/sainte-suzanne\/evenements\/les-epreuves-du-chevalier-18\/","twitter_card":"summary_large_image","twitter_title":"Les \u00e9preuves du chevalier - Sainte-Suzanne","twitter_description":"Capitaine de Sainte-Suzanne \u00e0 la fin du Moyen \u00c2ge, Sire de Lor\u00e9 revient en son ch\u00e2teau pour enseigner aux enfants d\u2019aujourd\u2019hui les rudiments du m\u00e9tier de chevalier. Il a pr\u00e9par\u00e9 \u00e0 leur intention de nombreuses \u00e9preuves pour valider leur adresse et leur loyaut\u00e9 : apprendre les gestes d\u2019escrime m\u00e9di\u00e9vale, passer par le champ clos, conna\u00eetre [&hellip;]","twitter_image":"https:\/\/patrimoine.lamayenne.fr\/sainte-suzanne\/wp-content\/uploads\/2024\/06\/epreuves_chevalier.jpg","twitter_site":"@lamayenne","twitter_misc":{"Dur\u00e9e de lecture estim\u00e9e":"1 minute"},"schema":{"@context":"https:\/\/schema.org","@graph":[{"@type":"WebPage","@id":"https:\/\/patrimoine.lamayenne.fr\/sainte-suzanne\/evenements\/les-epreuves-du-chevalier-18\/","url":"https:\/\/patrimoine.lamayenne.fr\/sainte-suzanne\/evenements\/les-epreuves-du-chevalier-18\/","name":"Les \u00e9preuves du chevalier - Sainte-Suzanne","isPartOf":{"@id":"https:\/\/patrimoine.lamayenne.fr\/sainte-suzanne\/#website"},"primaryImageOfPage":{"@id":"https:\/\/patrimoine.lamayenne.fr\/sainte-suzanne\/evenements\/les-epreuves-du-chevalier-18\/#primaryimage"},"image":{"@id":"https:\/\/patrimoine.lamayenne.fr\/sainte-suzanne\/evenements\/les-epreuves-du-chevalier-18\/#primaryimage"},"thumbnailUrl":"https:\/\/patrimoine.lamayenne.fr\/sainte-suzanne\/wp-content\/uploads\/2024\/06\/epreuves_chevalier.jpg","datePublished":"2025-05-29T14:19:14+00:00","dateModified":"2025-06-03T15:01:05+00:00","breadcrumb":{"@id":"https:\/\/patrimoine.lamayenne.fr\/sainte-suzanne\/evenements\/les-epreuves-du-chevalier-18\/#breadcrumb"},"inLanguage":"fr-FR","potentialAction":[{"@type":"ReadAction","target":["https:\/\/patrimoine.lamayenne.fr\/sainte-suzanne\/evenements\/les-epreuves-du-chevalier-18\/"]}]},{"@type":"ImageObject","inLanguage":"fr-FR","@id":"https:\/\/patrimoine.lamayenne.fr\/sainte-suzanne\/evenements\/les-epreuves-du-chevalier-18\/#primaryimage","url":"https:\/\/patrimoine.lamayenne.fr\/sainte-suzanne\/wp-content\/uploads\/2024\/06\/epreuves_chevalier.jpg","contentUrl":"https:\/\/patrimoine.lamayenne.fr\/sainte-suzanne\/wp-content\/uploads\/2024\/06\/epreuves_chevalier.jpg","width":500,"height":482},{"@type":"BreadcrumbList","@id":"https:\/\/patrimoine.lamayenne.fr\/sainte-suzanne\/evenements\/les-epreuves-du-chevalier-18\/#breadcrumb","itemListElement":[{"@type":"ListItem","position":1,"name":"Accueil","item":"https:\/\/patrimoine.lamayenne.fr\/sainte-suzanne\/"},{"@type":"ListItem","position":2,"name":"Les \u00e9preuves du chevalier"}]},{"@type":"WebSite","@id":"https:\/\/patrimoine.lamayenne.fr\/sainte-suzanne\/#website","url":"https:\/\/patrimoine.lamayenne.fr\/sainte-suzanne\/","name":"Sainte-Suzanne","description":"","publisher":{"@id":"https:\/\/patrimoine.lamayenne.fr\/sainte-suzanne\/#organization"},"potentialAction":[{"@type":"SearchAction","target":{"@type":"EntryPoint","urlTemplate":"https:\/\/patrimoine.lamayenne.fr\/sainte-suzanne\/?s={search_term_string}"},"query-input":{"@type":"PropertyValueSpecification","valueRequired":true,"valueName":"search_term_string"}}],"inLanguage":"fr-FR"},{"@type":"Organization","@id":"https:\/\/patrimoine.lamayenne.fr\/sainte-suzanne\/#organization","name":"Sainte-Suzanne","url":"https:\/\/patrimoine.lamayenne.fr\/sainte-suzanne\/","logo":{"@type":"ImageObject","inLanguage":"fr-FR","@id":"https:\/\/patrimoine.lamayenne.fr\/sainte-suzanne\/#\/schema\/logo\/image\/","url":"https:\/\/patrimoine.lamayenne.fr\/sainte-suzanne\/wp-content\/uploads\/2022\/04\/SteSuz_logo.svg","contentUrl":"https:\/\/patrimoine.lamayenne.fr\/sainte-suzanne\/wp-content\/uploads\/2022\/04\/SteSuz_logo.svg","width":1,"height":1,"caption":"Sainte-Suzanne"},"image":{"@id":"https:\/\/patrimoine.lamayenne.fr\/sainte-suzanne\/#\/schema\/logo\/image\/"},"sameAs":["https:\/\/www.facebook.com\/departement.lamayenne","https:\/\/x.com\/lamayenne","https:\/\/www.instagram.com\/la.mayenne\/","https:\/\/www.youtube.com\/user\/LaMayenneTV"]}]}},"_links":{"self":[{"href":"https:\/\/patrimoine.lamayenne.fr\/sainte-suzanne\/wp-json\/wp\/v2\/evenements\/4034","targetHints":{"allow":["GET"]}}],"collection":[{"href":"https:\/\/patrimoine.lamayenne.fr\/sainte-suzanne\/wp-json\/wp\/v2\/evenements"}],"about":[{"href":"https:\/\/patrimoine.lamayenne.fr\/sainte-suzanne\/wp-json\/wp\/v2\/types\/evenements"}],"version-history":[{"count":2,"href":"https:\/\/patrimoine.lamayenne.fr\/sainte-suzanne\/wp-json\/wp\/v2\/evenements\/4034\/revisions"}],"predecessor-version":[{"id":4145,"href":"https:\/\/patrimoine.lamayenne.fr\/sainte-suzanne\/wp-json\/wp\/v2\/evenements\/4034\/revisions\/4145"}],"wp:featuredmedia":[{"embeddable":true,"href":"https:\/\/patrimoine.lamayenne.fr\/sainte-suzanne\/wp-json\/wp\/v2\/media\/2972"}],"wp:attachment":[{"href":"https:\/\/patrimoine.lamayenne.fr\/sainte-suzanne\/wp-json\/wp\/v2\/media?parent=4034"}],"wp:term":[{"taxonomy":"evt_type","embeddable":true,"href":"https:\/\/patrimoine.lamayenne.fr\/sainte-suzanne\/wp-json\/wp\/v2\/evt_type?post=4034"}],"curies":[{"name":"wp","href":"https:\/\/api.w.org\/{rel}","templated":true}]}}

Les épreuves du chevalier

<p></p>



<p>Capitaine de Sainte-Suzanne à la fin du Moyen Âge, Sire de Loré revient en son château pour enseigner aux enfants d’aujourd’hui les rudiments du métier de chevalier. Il a préparé à leur intention de nombreuses épreuves pour valider leur adresse et leur loyauté : apprendre les gestes d’escrime médiévale, passer par le champ clos, connaître l’équipement militaire… Un adoubement collectif clôt avec solennité la séance.</p>



<p></p>



<p></p>

À partir de 6 ans
Tarif : 3 €
Places limitées
Réservations au 02 43 58 13 00

<!-- This site is optimized with the Yoast SEO plugin v25.8 - https://yoast.com/wordpress/plugins/seo/ -->
<title>Les épreuves du chevalier - Sainte-Suzanne</title>
<meta name="robots" content="index, follow, max-snippet:-1, max-image-preview:large, max-video-preview:-1" />
<link rel="canonical" href="https://patrimoine.lamayenne.fr/sainte-suzanne/evenements/les-epreuves-du-chevalier-18/" />
<meta name="twitter:card" content="summary_large_image" />
<meta name="twitter:title" content="Les épreuves du chevalier - Sainte-Suzanne" />
<meta name="twitter:description" content="Capitaine de Sainte-Suzanne à la fin du Moyen Âge, Sire de Loré revient en son château pour enseigner aux enfants d’aujourd’hui les rudiments du métier de chevalier. Il a préparé à leur intention de nombreuses épreuves pour valider leur adresse et leur loyauté : apprendre les gestes d’escrime médiévale, passer par le champ clos, connaître [&hellip;]" />
<meta name="twitter:image" content="https://patrimoine.lamayenne.fr/sainte-suzanne/wp-content/uploads/2024/06/epreuves_chevalier.jpg" />
<meta name="twitter:site" content="@lamayenne" />
<meta name="twitter:label1" content="Durée de lecture estimée" />
	<meta name="twitter:data1" content="1 minute" />
<script type="application/ld+json" class="yoast-schema-graph">{"@context":"https://schema.org","@graph":[{"@type":"WebPage","@id":"https://patrimoine.lamayenne.fr/sainte-suzanne/evenements/les-epreuves-du-chevalier-18/","url":"https://patrimoine.lamayenne.fr/sainte-suzanne/evenements/les-epreuves-du-chevalier-18/","name":"Les épreuves du chevalier - Sainte-Suzanne","isPartOf":{"@id":"https://patrimoine.lamayenne.fr/sainte-suzanne/#website"},"primaryImageOfPage":{"@id":"https://patrimoine.lamayenne.fr/sainte-suzanne/evenements/les-epreuves-du-chevalier-18/#primaryimage"},"image":{"@id":"https://patrimoine.lamayenne.fr/sainte-suzanne/evenements/les-epreuves-du-chevalier-18/#primaryimage"},"thumbnailUrl":"https://patrimoine.lamayenne.fr/sainte-suzanne/wp-content/uploads/2024/06/epreuves_chevalier.jpg","datePublished":"2025-05-29T14:19:14+00:00","dateModified":"2025-06-03T15:01:05+00:00","breadcrumb":{"@id":"https://patrimoine.lamayenne.fr/sainte-suzanne/evenements/les-epreuves-du-chevalier-18/#breadcrumb"},"inLanguage":"fr-FR","potentialAction":[{"@type":"ReadAction","target":["https://patrimoine.lamayenne.fr/sainte-suzanne/evenements/les-epreuves-du-chevalier-18/"]}]},{"@type":"ImageObject","inLanguage":"fr-FR","@id":"https://patrimoine.lamayenne.fr/sainte-suzanne/evenements/les-epreuves-du-chevalier-18/#primaryimage","url":"https://patrimoine.lamayenne.fr/sainte-suzanne/wp-content/uploads/2024/06/epreuves_chevalier.jpg","contentUrl":"https://patrimoine.lamayenne.fr/sainte-suzanne/wp-content/uploads/2024/06/epreuves_chevalier.jpg","width":500,"height":482},{"@type":"BreadcrumbList","@id":"https://patrimoine.lamayenne.fr/sainte-suzanne/evenements/les-epreuves-du-chevalier-18/#breadcrumb","itemListElement":[{"@type":"ListItem","position":1,"name":"Accueil","item":"https://patrimoine.lamayenne.fr/sainte-suzanne/"},{"@type":"ListItem","position":2,"name":"Les épreuves du chevalier"}]},{"@type":"WebSite","@id":"https://patrimoine.lamayenne.fr/sainte-suzanne/#website","url":"https://patrimoine.lamayenne.fr/sainte-suzanne/","name":"Sainte-Suzanne","description":"","publisher":{"@id":"https://patrimoine.lamayenne.fr/sainte-suzanne/#organization"},"potentialAction":[{"@type":"SearchAction","target":{"@type":"EntryPoint","urlTemplate":"https://patrimoine.lamayenne.fr/sainte-suzanne/?s={search_term_string}"},"query-input":{"@type":"PropertyValueSpecification","valueRequired":true,"valueName":"search_term_string"}}],"inLanguage":"fr-FR"},{"@type":"Organization","@id":"https://patrimoine.lamayenne.fr/sainte-suzanne/#organization","name":"Sainte-Suzanne","url":"https://patrimoine.lamayenne.fr/sainte-suzanne/","logo":{"@type":"ImageObject","inLanguage":"fr-FR","@id":"https://patrimoine.lamayenne.fr/sainte-suzanne/#/schema/logo/image/","url":"https://patrimoine.lamayenne.fr/sainte-suzanne/wp-content/uploads/2022/04/SteSuz_logo.svg","contentUrl":"https://patrimoine.lamayenne.fr/sainte-suzanne/wp-content/uploads/2022/04/SteSuz_logo.svg","width":1,"height":1,"caption":"Sainte-Suzanne"},"image":{"@id":"https://patrimoine.lamayenne.fr/sainte-suzanne/#/schema/logo/image/"},"sameAs":["https://www.facebook.com/departement.lamayenne","https://x.com/lamayenne","https://www.instagram.com/la.mayenne/","https://www.youtube.com/user/LaMayenneTV"]}]}</script>
<!-- / Yoast SEO plugin. -->

Les épreuves du chevalier - Sainte-Suzanne

Capitaine de Sainte-Suzanne à la fin du Moyen Âge, Sire de Loré revient en son château pour enseigner aux enfants d’aujourd’hui les rudiments du métier de chevalier. Il a préparé à leur intention de nombreuses épreuves pour valider leur adresse et leur loyauté : apprendre les gestes d’escrime médiévale, passer par le champ clos, connaître [&hellip;]
