{"id":5158,"date":"2026-03-06T12:17:30","date_gmt":"2026-03-06T11:17:30","guid":{"rendered":"https:\/\/patrimoine.lamayenne.fr\/sainte-suzanne\/?post_type=evenements&#038;p=5158"},"modified":"2026-03-06T12:17:30","modified_gmt":"2026-03-06T11:17:30","slug":"carte-blanche-a-lartelier-3","status":"publish","type":"evenements","link":"https:\/\/patrimoine.lamayenne.fr\/sainte-suzanne\/evenements\/carte-blanche-a-lartelier-3\/","title":{"rendered":"Carte blanche \u00e0 l&rsquo;Art&rsquo;elier"},"content":{"rendered":"\n<p>Pour cette nouvelle \u00e9dition des Journ\u00e9es Europ\u00e9ennes des M\u00e9tiers d\u2019Art (JEMA), le ch\u00e2teau ouvre les portes de la Bergerie et propose \u00e0 l\u2019Association Art\u2019elier une nouvelle carte blanche. Une dizaine d\u2019artisans d\u2019art mis \u00e0 l\u2019honneur expriment leur savoir-faire dans les mati\u00e8res les plus vari\u00e9es : terre, fer, peinture, laine\u2026 Certains d\u2019entre eux sont pr\u00e9sents lors de deux jours pour expliquer au public leurs cr\u00e9ations et assurer des d\u00e9monstrations.<\/p>\n\n\n\n<p>Pour l&rsquo;\u00e9dition 2026, retrouvez pendant deux jours, le travail de 14 artisanats d&rsquo;art : <\/p>\n\n\n\n<p>Karine Guini : Reliure<\/p>\n\n\n\n<p>Michel Gautier : Tourneur-Sculpteur sur bois<\/p>\n\n\n\n<p>Claire Maignan : Vitrail<\/p>\n\n\n\n<p>C\u00e9cile Carr\u00e9 : Laque<\/p>\n\n\n\n<p>Flora Monti : Fresque<\/p>\n\n\n\n<p>Karine Ber\u00e7on-M\u00eane : Feutre<\/p>\n\n\n\n<p>jean Halford-Thompson : Tisserande<\/p>\n\n\n\n<p>Edith Eyraud : C\u00e9ramiste Raku<\/p>\n\n\n\n<p>Roxanne Flornoy : Imagier au pochoir<\/p>\n\n\n\n<p>Pascal Grignoux : Ferronnier d&rsquo;Art<\/p>\n\n\n\n<p>Dominique et Babette Plessis : Tourneur sur Bois<\/p>\n\n\n\n<p>Sophie Albert : C\u00e9ramiste<\/p>\n\n\n\n<p>Annie Pouvreau : Bijouti\u00e8re<\/p>\n\n\n\n<p>Mich\u00e8le Gu\u00e9rard : Chapeli\u00e8re<\/p>\n\n\n\n<p><\/p>\n","protected":false},"featured_media":5159,"template":"","meta":{"_acf_changed":false,"footnotes":""},"evt_type":[11],"class_list":["post-5158","evenements","type-evenements","status-publish","has-post-thumbnail","hentry","evt_type-expositions"],"acf":{"titre":"Carte blanche \u00e0 l'Art'elier","sous_titre":"Journ\u00e9es europ\u00e9ennes des M\u00e9tiers d'Art ","mention":"","date_debut":"20260411","date_fin":"20260412","heure_debut":10,"minutes_debut":0,"heure_fin":17,"minutes_fin":30,"tarifs":"Gratuit","public":"all","lieu":"Bergerie du ch\u00e2teau ","handicap":"handicap"},"yoast_head":"<!-- This site is optimized with the Yoast SEO plugin v25.8 - https:\/\/yoast.com\/wordpress\/plugins\/seo\/ -->\n<title>Carte blanche \u00e0 l&#039;Art&#039;elier - Sainte-Suzanne<\/title>\n<meta name=\"robots\" content=\"index, follow, max-snippet:-1, max-image-preview:large, max-video-preview:-1\" \/>\n<link rel=\"canonical\" href=\"https:\/\/patrimoine.lamayenne.fr\/sainte-suzanne\/evenements\/carte-blanche-a-lartelier-3\/\" \/>\n<meta name=\"twitter:card\" content=\"summary_large_image\" \/>\n<meta name=\"twitter:title\" content=\"Carte blanche \u00e0 l&#039;Art&#039;elier - Sainte-Suzanne\" \/>\n<meta name=\"twitter:description\" content=\"Pour cette nouvelle \u00e9dition des Journ\u00e9es Europ\u00e9ennes des M\u00e9tiers d\u2019Art (JEMA), le ch\u00e2teau ouvre les portes de la Bergerie et propose \u00e0 l\u2019Association Art\u2019elier une nouvelle carte blanche. Une dizaine d\u2019artisans d\u2019art mis \u00e0 l\u2019honneur expriment leur savoir-faire dans les mati\u00e8res les plus vari\u00e9es : terre, fer, peinture, laine\u2026 Certains d\u2019entre eux sont pr\u00e9sents lors [&hellip;]\" \/>\n<meta name=\"twitter:image\" content=\"https:\/\/patrimoine.lamayenne.fr\/sainte-suzanne\/wp-content\/uploads\/2026\/03\/jema_26.jpeg\" \/>\n<meta name=\"twitter:site\" content=\"@lamayenne\" \/>\n<meta name=\"twitter:label1\" content=\"Dur\u00e9e de lecture estim\u00e9e\" \/>\n\t<meta name=\"twitter:data1\" content=\"1 minute\" \/>\n<script type=\"application\/ld+json\" class=\"yoast-schema-graph\">{\"@context\":\"https:\/\/schema.org\",\"@graph\":[{\"@type\":\"WebPage\",\"@id\":\"https:\/\/patrimoine.lamayenne.fr\/sainte-suzanne\/evenements\/carte-blanche-a-lartelier-3\/\",\"url\":\"https:\/\/patrimoine.lamayenne.fr\/sainte-suzanne\/evenements\/carte-blanche-a-lartelier-3\/\",\"name\":\"Carte blanche \u00e0 l'Art'elier - Sainte-Suzanne\",\"isPartOf\":{\"@id\":\"https:\/\/patrimoine.lamayenne.fr\/sainte-suzanne\/#website\"},\"primaryImageOfPage\":{\"@id\":\"https:\/\/patrimoine.lamayenne.fr\/sainte-suzanne\/evenements\/carte-blanche-a-lartelier-3\/#primaryimage\"},\"image\":{\"@id\":\"https:\/\/patrimoine.lamayenne.fr\/sainte-suzanne\/evenements\/carte-blanche-a-lartelier-3\/#primaryimage\"},\"thumbnailUrl\":\"https:\/\/patrimoine.lamayenne.fr\/sainte-suzanne\/wp-content\/uploads\/2026\/03\/jema_26.jpeg\",\"datePublished\":\"2026-03-06T11:17:30+00:00\",\"breadcrumb\":{\"@id\":\"https:\/\/patrimoine.lamayenne.fr\/sainte-suzanne\/evenements\/carte-blanche-a-lartelier-3\/#breadcrumb\"},\"inLanguage\":\"fr-FR\",\"potentialAction\":[{\"@type\":\"ReadAction\",\"target\":[\"https:\/\/patrimoine.lamayenne.fr\/sainte-suzanne\/evenements\/carte-blanche-a-lartelier-3\/\"]}]},{\"@type\":\"ImageObject\",\"inLanguage\":\"fr-FR\",\"@id\":\"https:\/\/patrimoine.lamayenne.fr\/sainte-suzanne\/evenements\/carte-blanche-a-lartelier-3\/#primaryimage\",\"url\":\"https:\/\/patrimoine.lamayenne.fr\/sainte-suzanne\/wp-content\/uploads\/2026\/03\/jema_26.jpeg\",\"contentUrl\":\"https:\/\/patrimoine.lamayenne.fr\/sainte-suzanne\/wp-content\/uploads\/2026\/03\/jema_26.jpeg\",\"width\":527,\"height\":516},{\"@type\":\"BreadcrumbList\",\"@id\":\"https:\/\/patrimoine.lamayenne.fr\/sainte-suzanne\/evenements\/carte-blanche-a-lartelier-3\/#breadcrumb\",\"itemListElement\":[{\"@type\":\"ListItem\",\"position\":1,\"name\":\"Accueil\",\"item\":\"https:\/\/patrimoine.lamayenne.fr\/sainte-suzanne\/\"},{\"@type\":\"ListItem\",\"position\":2,\"name\":\"Carte blanche \u00e0 l&rsquo;Art&rsquo;elier\"}]},{\"@type\":\"WebSite\",\"@id\":\"https:\/\/patrimoine.lamayenne.fr\/sainte-suzanne\/#website\",\"url\":\"https:\/\/patrimoine.lamayenne.fr\/sainte-suzanne\/\",\"name\":\"Sainte-Suzanne\",\"description\":\"\",\"publisher\":{\"@id\":\"https:\/\/patrimoine.lamayenne.fr\/sainte-suzanne\/#organization\"},\"potentialAction\":[{\"@type\":\"SearchAction\",\"target\":{\"@type\":\"EntryPoint\",\"urlTemplate\":\"https:\/\/patrimoine.lamayenne.fr\/sainte-suzanne\/?s={search_term_string}\"},\"query-input\":{\"@type\":\"PropertyValueSpecification\",\"valueRequired\":true,\"valueName\":\"search_term_string\"}}],\"inLanguage\":\"fr-FR\"},{\"@type\":\"Organization\",\"@id\":\"https:\/\/patrimoine.lamayenne.fr\/sainte-suzanne\/#organization\",\"name\":\"Sainte-Suzanne\",\"url\":\"https:\/\/patrimoine.lamayenne.fr\/sainte-suzanne\/\",\"logo\":{\"@type\":\"ImageObject\",\"inLanguage\":\"fr-FR\",\"@id\":\"https:\/\/patrimoine.lamayenne.fr\/sainte-suzanne\/#\/schema\/logo\/image\/\",\"url\":\"https:\/\/patrimoine.lamayenne.fr\/sainte-suzanne\/wp-content\/uploads\/2022\/04\/SteSuz_logo.svg\",\"contentUrl\":\"https:\/\/patrimoine.lamayenne.fr\/sainte-suzanne\/wp-content\/uploads\/2022\/04\/SteSuz_logo.svg\",\"width\":1,\"height\":1,\"caption\":\"Sainte-Suzanne\"},\"image\":{\"@id\":\"https:\/\/patrimoine.lamayenne.fr\/sainte-suzanne\/#\/schema\/logo\/image\/\"},\"sameAs\":[\"https:\/\/www.facebook.com\/departement.lamayenne\",\"https:\/\/x.com\/lamayenne\",\"https:\/\/www.instagram.com\/la.mayenne\/\",\"https:\/\/www.youtube.com\/user\/LaMayenneTV\"]}]}<\/script>\n<!-- \/ Yoast SEO plugin. -->","yoast_head_json":{"title":"Carte blanche \u00e0 l'Art'elier - Sainte-Suzanne","robots":{"index":"index","follow":"follow","max-snippet":"max-snippet:-1","max-image-preview":"max-image-preview:large","max-video-preview":"max-video-preview:-1"},"canonical":"https:\/\/patrimoine.lamayenne.fr\/sainte-suzanne\/evenements\/carte-blanche-a-lartelier-3\/","twitter_card":"summary_large_image","twitter_title":"Carte blanche \u00e0 l'Art'elier - Sainte-Suzanne","twitter_description":"Pour cette nouvelle \u00e9dition des Journ\u00e9es Europ\u00e9ennes des M\u00e9tiers d\u2019Art (JEMA), le ch\u00e2teau ouvre les portes de la Bergerie et propose \u00e0 l\u2019Association Art\u2019elier une nouvelle carte blanche. Une dizaine d\u2019artisans d\u2019art mis \u00e0 l\u2019honneur expriment leur savoir-faire dans les mati\u00e8res les plus vari\u00e9es : terre, fer, peinture, laine\u2026 Certains d\u2019entre eux sont pr\u00e9sents lors [&hellip;]","twitter_image":"https:\/\/patrimoine.lamayenne.fr\/sainte-suzanne\/wp-content\/uploads\/2026\/03\/jema_26.jpeg","twitter_site":"@lamayenne","twitter_misc":{"Dur\u00e9e de lecture estim\u00e9e":"1 minute"},"schema":{"@context":"https:\/\/schema.org","@graph":[{"@type":"WebPage","@id":"https:\/\/patrimoine.lamayenne.fr\/sainte-suzanne\/evenements\/carte-blanche-a-lartelier-3\/","url":"https:\/\/patrimoine.lamayenne.fr\/sainte-suzanne\/evenements\/carte-blanche-a-lartelier-3\/","name":"Carte blanche \u00e0 l'Art'elier - Sainte-Suzanne","isPartOf":{"@id":"https:\/\/patrimoine.lamayenne.fr\/sainte-suzanne\/#website"},"primaryImageOfPage":{"@id":"https:\/\/patrimoine.lamayenne.fr\/sainte-suzanne\/evenements\/carte-blanche-a-lartelier-3\/#primaryimage"},"image":{"@id":"https:\/\/patrimoine.lamayenne.fr\/sainte-suzanne\/evenements\/carte-blanche-a-lartelier-3\/#primaryimage"},"thumbnailUrl":"https:\/\/patrimoine.lamayenne.fr\/sainte-suzanne\/wp-content\/uploads\/2026\/03\/jema_26.jpeg","datePublished":"2026-03-06T11:17:30+00:00","breadcrumb":{"@id":"https:\/\/patrimoine.lamayenne.fr\/sainte-suzanne\/evenements\/carte-blanche-a-lartelier-3\/#breadcrumb"},"inLanguage":"fr-FR","potentialAction":[{"@type":"ReadAction","target":["https:\/\/patrimoine.lamayenne.fr\/sainte-suzanne\/evenements\/carte-blanche-a-lartelier-3\/"]}]},{"@type":"ImageObject","inLanguage":"fr-FR","@id":"https:\/\/patrimoine.lamayenne.fr\/sainte-suzanne\/evenements\/carte-blanche-a-lartelier-3\/#primaryimage","url":"https:\/\/patrimoine.lamayenne.fr\/sainte-suzanne\/wp-content\/uploads\/2026\/03\/jema_26.jpeg","contentUrl":"https:\/\/patrimoine.lamayenne.fr\/sainte-suzanne\/wp-content\/uploads\/2026\/03\/jema_26.jpeg","width":527,"height":516},{"@type":"BreadcrumbList","@id":"https:\/\/patrimoine.lamayenne.fr\/sainte-suzanne\/evenements\/carte-blanche-a-lartelier-3\/#breadcrumb","itemListElement":[{"@type":"ListItem","position":1,"name":"Accueil","item":"https:\/\/patrimoine.lamayenne.fr\/sainte-suzanne\/"},{"@type":"ListItem","position":2,"name":"Carte blanche \u00e0 l&rsquo;Art&rsquo;elier"}]},{"@type":"WebSite","@id":"https:\/\/patrimoine.lamayenne.fr\/sainte-suzanne\/#website","url":"https:\/\/patrimoine.lamayenne.fr\/sainte-suzanne\/","name":"Sainte-Suzanne","description":"","publisher":{"@id":"https:\/\/patrimoine.lamayenne.fr\/sainte-suzanne\/#organization"},"potentialAction":[{"@type":"SearchAction","target":{"@type":"EntryPoint","urlTemplate":"https:\/\/patrimoine.lamayenne.fr\/sainte-suzanne\/?s={search_term_string}"},"query-input":{"@type":"PropertyValueSpecification","valueRequired":true,"valueName":"search_term_string"}}],"inLanguage":"fr-FR"},{"@type":"Organization","@id":"https:\/\/patrimoine.lamayenne.fr\/sainte-suzanne\/#organization","name":"Sainte-Suzanne","url":"https:\/\/patrimoine.lamayenne.fr\/sainte-suzanne\/","logo":{"@type":"ImageObject","inLanguage":"fr-FR","@id":"https:\/\/patrimoine.lamayenne.fr\/sainte-suzanne\/#\/schema\/logo\/image\/","url":"https:\/\/patrimoine.lamayenne.fr\/sainte-suzanne\/wp-content\/uploads\/2022\/04\/SteSuz_logo.svg","contentUrl":"https:\/\/patrimoine.lamayenne.fr\/sainte-suzanne\/wp-content\/uploads\/2022\/04\/SteSuz_logo.svg","width":1,"height":1,"caption":"Sainte-Suzanne"},"image":{"@id":"https:\/\/patrimoine.lamayenne.fr\/sainte-suzanne\/#\/schema\/logo\/image\/"},"sameAs":["https:\/\/www.facebook.com\/departement.lamayenne","https:\/\/x.com\/lamayenne","https:\/\/www.instagram.com\/la.mayenne\/","https:\/\/www.youtube.com\/user\/LaMayenneTV"]}]}},"_links":{"self":[{"href":"https:\/\/patrimoine.lamayenne.fr\/sainte-suzanne\/wp-json\/wp\/v2\/evenements\/5158","targetHints":{"allow":["GET"]}}],"collection":[{"href":"https:\/\/patrimoine.lamayenne.fr\/sainte-suzanne\/wp-json\/wp\/v2\/evenements"}],"about":[{"href":"https:\/\/patrimoine.lamayenne.fr\/sainte-suzanne\/wp-json\/wp\/v2\/types\/evenements"}],"version-history":[{"count":1,"href":"https:\/\/patrimoine.lamayenne.fr\/sainte-suzanne\/wp-json\/wp\/v2\/evenements\/5158\/revisions"}],"predecessor-version":[{"id":5160,"href":"https:\/\/patrimoine.lamayenne.fr\/sainte-suzanne\/wp-json\/wp\/v2\/evenements\/5158\/revisions\/5160"}],"wp:featuredmedia":[{"embeddable":true,"href":"https:\/\/patrimoine.lamayenne.fr\/sainte-suzanne\/wp-json\/wp\/v2\/media\/5159"}],"wp:attachment":[{"href":"https:\/\/patrimoine.lamayenne.fr\/sainte-suzanne\/wp-json\/wp\/v2\/media?parent=5158"}],"wp:term":[{"taxonomy":"evt_type","embeddable":true,"href":"https:\/\/patrimoine.lamayenne.fr\/sainte-suzanne\/wp-json\/wp\/v2\/evt_type?post=5158"}],"curies":[{"name":"wp","href":"https:\/\/api.w.org\/{rel}","templated":true}]}}

Carte blanche à l&rsquo;Art&rsquo;elier

<p>Pour cette nouvelle édition des Journées Européennes des Métiers d’Art (JEMA), le château ouvre les portes de la Bergerie et propose à l’Association Art’elier une nouvelle carte blanche. Une dizaine d’artisans d’art mis à l’honneur expriment leur savoir-faire dans les matières les plus variées : terre, fer, peinture, laine… Certains d’entre eux sont présents lors de deux jours pour expliquer au public leurs créations et assurer des démonstrations.</p>



<p>Pour l&rsquo;édition 2026, retrouvez pendant deux jours, le travail de 14 artisanats d&rsquo;art : </p>



<p>Karine Guini : Reliure</p>



<p>Michel Gautier : Tourneur-Sculpteur sur bois</p>



<p>Claire Maignan : Vitrail</p>



<p>Cécile Carré : Laque</p>



<p>Flora Monti : Fresque</p>



<p>Karine Berçon-Mêne : Feutre</p>



<p>jean Halford-Thompson : Tisserande</p>



<p>Edith Eyraud : Céramiste Raku</p>



<p>Roxanne Flornoy : Imagier au pochoir</p>



<p>Pascal Grignoux : Ferronnier d&rsquo;Art</p>



<p>Dominique et Babette Plessis : Tourneur sur Bois</p>



<p>Sophie Albert : Céramiste</p>



<p>Annie Pouvreau : Bijoutière</p>



<p>Michèle Guérard : Chapelière</p>



<p></p>

Carte blanche à l'Art'elier

Journées européennes des Métiers d'Art

Bergerie du château

<!-- This site is optimized with the Yoast SEO plugin v25.8 - https://yoast.com/wordpress/plugins/seo/ -->
<title>Carte blanche à l&#039;Art&#039;elier - Sainte-Suzanne</title>
<meta name="robots" content="index, follow, max-snippet:-1, max-image-preview:large, max-video-preview:-1" />
<link rel="canonical" href="https://patrimoine.lamayenne.fr/sainte-suzanne/evenements/carte-blanche-a-lartelier-3/" />
<meta name="twitter:card" content="summary_large_image" />
<meta name="twitter:title" content="Carte blanche à l&#039;Art&#039;elier - Sainte-Suzanne" />
<meta name="twitter:description" content="Pour cette nouvelle édition des Journées Européennes des Métiers d’Art (JEMA), le château ouvre les portes de la Bergerie et propose à l’Association Art’elier une nouvelle carte blanche. Une dizaine d’artisans d’art mis à l’honneur expriment leur savoir-faire dans les matières les plus variées : terre, fer, peinture, laine… Certains d’entre eux sont présents lors [&hellip;]" />
<meta name="twitter:image" content="https://patrimoine.lamayenne.fr/sainte-suzanne/wp-content/uploads/2026/03/jema_26.jpeg" />
<meta name="twitter:site" content="@lamayenne" />
<meta name="twitter:label1" content="Durée de lecture estimée" />
	<meta name="twitter:data1" content="1 minute" />
<script type="application/ld+json" class="yoast-schema-graph">{"@context":"https://schema.org","@graph":[{"@type":"WebPage","@id":"https://patrimoine.lamayenne.fr/sainte-suzanne/evenements/carte-blanche-a-lartelier-3/","url":"https://patrimoine.lamayenne.fr/sainte-suzanne/evenements/carte-blanche-a-lartelier-3/","name":"Carte blanche à l'Art'elier - Sainte-Suzanne","isPartOf":{"@id":"https://patrimoine.lamayenne.fr/sainte-suzanne/#website"},"primaryImageOfPage":{"@id":"https://patrimoine.lamayenne.fr/sainte-suzanne/evenements/carte-blanche-a-lartelier-3/#primaryimage"},"image":{"@id":"https://patrimoine.lamayenne.fr/sainte-suzanne/evenements/carte-blanche-a-lartelier-3/#primaryimage"},"thumbnailUrl":"https://patrimoine.lamayenne.fr/sainte-suzanne/wp-content/uploads/2026/03/jema_26.jpeg","datePublished":"2026-03-06T11:17:30+00:00","breadcrumb":{"@id":"https://patrimoine.lamayenne.fr/sainte-suzanne/evenements/carte-blanche-a-lartelier-3/#breadcrumb"},"inLanguage":"fr-FR","potentialAction":[{"@type":"ReadAction","target":["https://patrimoine.lamayenne.fr/sainte-suzanne/evenements/carte-blanche-a-lartelier-3/"]}]},{"@type":"ImageObject","inLanguage":"fr-FR","@id":"https://patrimoine.lamayenne.fr/sainte-suzanne/evenements/carte-blanche-a-lartelier-3/#primaryimage","url":"https://patrimoine.lamayenne.fr/sainte-suzanne/wp-content/uploads/2026/03/jema_26.jpeg","contentUrl":"https://patrimoine.lamayenne.fr/sainte-suzanne/wp-content/uploads/2026/03/jema_26.jpeg","width":527,"height":516},{"@type":"BreadcrumbList","@id":"https://patrimoine.lamayenne.fr/sainte-suzanne/evenements/carte-blanche-a-lartelier-3/#breadcrumb","itemListElement":[{"@type":"ListItem","position":1,"name":"Accueil","item":"https://patrimoine.lamayenne.fr/sainte-suzanne/"},{"@type":"ListItem","position":2,"name":"Carte blanche à l&rsquo;Art&rsquo;elier"}]},{"@type":"WebSite","@id":"https://patrimoine.lamayenne.fr/sainte-suzanne/#website","url":"https://patrimoine.lamayenne.fr/sainte-suzanne/","name":"Sainte-Suzanne","description":"","publisher":{"@id":"https://patrimoine.lamayenne.fr/sainte-suzanne/#organization"},"potentialAction":[{"@type":"SearchAction","target":{"@type":"EntryPoint","urlTemplate":"https://patrimoine.lamayenne.fr/sainte-suzanne/?s={search_term_string}"},"query-input":{"@type":"PropertyValueSpecification","valueRequired":true,"valueName":"search_term_string"}}],"inLanguage":"fr-FR"},{"@type":"Organization","@id":"https://patrimoine.lamayenne.fr/sainte-suzanne/#organization","name":"Sainte-Suzanne","url":"https://patrimoine.lamayenne.fr/sainte-suzanne/","logo":{"@type":"ImageObject","inLanguage":"fr-FR","@id":"https://patrimoine.lamayenne.fr/sainte-suzanne/#/schema/logo/image/","url":"https://patrimoine.lamayenne.fr/sainte-suzanne/wp-content/uploads/2022/04/SteSuz_logo.svg","contentUrl":"https://patrimoine.lamayenne.fr/sainte-suzanne/wp-content/uploads/2022/04/SteSuz_logo.svg","width":1,"height":1,"caption":"Sainte-Suzanne"},"image":{"@id":"https://patrimoine.lamayenne.fr/sainte-suzanne/#/schema/logo/image/"},"sameAs":["https://www.facebook.com/departement.lamayenne","https://x.com/lamayenne","https://www.instagram.com/la.mayenne/","https://www.youtube.com/user/LaMayenneTV"]}]}</script>
<!-- / Yoast SEO plugin. -->

Carte blanche à l'Art'elier - Sainte-Suzanne

Pour cette nouvelle édition des Journées Européennes des Métiers d’Art (JEMA), le château ouvre les portes de la Bergerie et propose à l’Association Art’elier une nouvelle carte blanche. Une dizaine d’artisans d’art mis à l’honneur expriment leur savoir-faire dans les matières les plus variées : terre, fer, peinture, laine… Certains d’entre eux sont présents lors [&hellip;]
