{"id":5433,"date":"2026-04-29T18:16:27","date_gmt":"2026-04-29T16:16:27","guid":{"rendered":"https:\/\/patrimoine.lamayenne.fr\/sainte-suzanne\/?post_type=evenements&#038;p=5433"},"modified":"2026-04-29T18:16:27","modified_gmt":"2026-04-29T16:16:27","slug":"peins-ton-bouclier-initiation-a-lart-du-blason","status":"publish","type":"evenements","link":"https:\/\/patrimoine.lamayenne.fr\/sainte-suzanne\/evenements\/peins-ton-bouclier-initiation-a-lart-du-blason\/","title":{"rendered":"\u00a0Peins ton bouclier : initiation \u00e0 l&rsquo;art du blason"},"content":{"rendered":"\n<p>Le chevalier, personnage embl\u00e9matique du Moyen \u00c2ge, d\u00e9fend le ch\u00e2teau. V\u00eatu de son armure, il est difficile de le reconna\u00eetre. Mais c&rsquo;est sans compter sur son bouclier qui arbore les armoiries de sa famille. Une fois form\u00e9 \u00e0 l&rsquo;art du blason, les enfants cr\u00e9eront leurs armoiries en les peignant sur leur bouclier afin de montrer qu\u2019ils font officiellement partie de la fine fleur de la chevalerie.<\/p>\n\n\n\n<p><\/p>\n\n\n\n<p><\/p>\n\n\n\n<p><\/p>\n","protected":false},"featured_media":4923,"template":"","meta":{"_acf_changed":false,"footnotes":""},"evt_type":[9],"class_list":["post-5433","evenements","type-evenements","status-publish","has-post-thumbnail","hentry","evt_type-animations"],"acf":{"titre":"Peins ton bouclier : initiation \u00e0 l'art du blason","sous_titre":"Atelier \u00e0 partir de 6 ans ","mention":"","date_debut":"20260503","date_fin":"20260503","heure_debut":11,"minutes_debut":0,"heure_fin":12,"minutes_fin":0,"tarifs":"Gratuit\r\nPlaces limit\u00e9es\r\nR\u00e9servation sur place\r\nRenseignements au 02 43 58 13 00 ","public":"enfants","lieu":"La Bergerie","handicap":"none"},"yoast_head":"<!-- This site is optimized with the Yoast SEO plugin v25.8 - https:\/\/yoast.com\/wordpress\/plugins\/seo\/ -->\n<title>\u00a0Peins ton bouclier : initiation \u00e0 l&#039;art du blason - Sainte-Suzanne<\/title>\n<meta name=\"robots\" content=\"index, follow, max-snippet:-1, max-image-preview:large, max-video-preview:-1\" \/>\n<link rel=\"canonical\" href=\"https:\/\/patrimoine.lamayenne.fr\/sainte-suzanne\/evenements\/peins-ton-bouclier-initiation-a-lart-du-blason\/\" \/>\n<meta name=\"twitter:card\" content=\"summary_large_image\" \/>\n<meta name=\"twitter:title\" content=\"\u00a0Peins ton bouclier : initiation \u00e0 l&#039;art du blason - Sainte-Suzanne\" \/>\n<meta name=\"twitter:description\" content=\"Le chevalier, personnage embl\u00e9matique du Moyen \u00c2ge, d\u00e9fend le ch\u00e2teau. V\u00eatu de son armure, il est difficile de le reconna\u00eetre. Mais c&rsquo;est sans compter sur son bouclier qui arbore les armoiries de sa famille. Une fois form\u00e9 \u00e0 l&rsquo;art du blason, les enfants cr\u00e9eront leurs armoiries en les peignant sur leur bouclier afin de montrer [&hellip;]\" \/>\n<meta name=\"twitter:image\" content=\"https:\/\/patrimoine.lamayenne.fr\/sainte-suzanne\/wp-content\/uploads\/2026\/01\/Comme_un_chevalier-scaled.jpg\" \/>\n<meta name=\"twitter:site\" content=\"@lamayenne\" \/>\n<meta name=\"twitter:label1\" content=\"Dur\u00e9e de lecture estim\u00e9e\" \/>\n\t<meta name=\"twitter:data1\" content=\"1 minute\" \/>\n<script type=\"application\/ld+json\" class=\"yoast-schema-graph\">{\"@context\":\"https:\/\/schema.org\",\"@graph\":[{\"@type\":\"WebPage\",\"@id\":\"https:\/\/patrimoine.lamayenne.fr\/sainte-suzanne\/evenements\/peins-ton-bouclier-initiation-a-lart-du-blason\/\",\"url\":\"https:\/\/patrimoine.lamayenne.fr\/sainte-suzanne\/evenements\/peins-ton-bouclier-initiation-a-lart-du-blason\/\",\"name\":\"\u00a0Peins ton bouclier : initiation \u00e0 l'art du blason - Sainte-Suzanne\",\"isPartOf\":{\"@id\":\"https:\/\/patrimoine.lamayenne.fr\/sainte-suzanne\/#website\"},\"primaryImageOfPage\":{\"@id\":\"https:\/\/patrimoine.lamayenne.fr\/sainte-suzanne\/evenements\/peins-ton-bouclier-initiation-a-lart-du-blason\/#primaryimage\"},\"image\":{\"@id\":\"https:\/\/patrimoine.lamayenne.fr\/sainte-suzanne\/evenements\/peins-ton-bouclier-initiation-a-lart-du-blason\/#primaryimage\"},\"thumbnailUrl\":\"https:\/\/patrimoine.lamayenne.fr\/sainte-suzanne\/wp-content\/uploads\/2026\/01\/Comme_un_chevalier-scaled.jpg\",\"datePublished\":\"2026-04-29T16:16:27+00:00\",\"breadcrumb\":{\"@id\":\"https:\/\/patrimoine.lamayenne.fr\/sainte-suzanne\/evenements\/peins-ton-bouclier-initiation-a-lart-du-blason\/#breadcrumb\"},\"inLanguage\":\"fr-FR\",\"potentialAction\":[{\"@type\":\"ReadAction\",\"target\":[\"https:\/\/patrimoine.lamayenne.fr\/sainte-suzanne\/evenements\/peins-ton-bouclier-initiation-a-lart-du-blason\/\"]}]},{\"@type\":\"ImageObject\",\"inLanguage\":\"fr-FR\",\"@id\":\"https:\/\/patrimoine.lamayenne.fr\/sainte-suzanne\/evenements\/peins-ton-bouclier-initiation-a-lart-du-blason\/#primaryimage\",\"url\":\"https:\/\/patrimoine.lamayenne.fr\/sainte-suzanne\/wp-content\/uploads\/2026\/01\/Comme_un_chevalier-scaled.jpg\",\"contentUrl\":\"https:\/\/patrimoine.lamayenne.fr\/sainte-suzanne\/wp-content\/uploads\/2026\/01\/Comme_un_chevalier-scaled.jpg\",\"width\":1631,\"height\":1640},{\"@type\":\"BreadcrumbList\",\"@id\":\"https:\/\/patrimoine.lamayenne.fr\/sainte-suzanne\/evenements\/peins-ton-bouclier-initiation-a-lart-du-blason\/#breadcrumb\",\"itemListElement\":[{\"@type\":\"ListItem\",\"position\":1,\"name\":\"Accueil\",\"item\":\"https:\/\/patrimoine.lamayenne.fr\/sainte-suzanne\/\"},{\"@type\":\"ListItem\",\"position\":2,\"name\":\"\u00a0Peins ton bouclier : initiation \u00e0 l&rsquo;art du blason\"}]},{\"@type\":\"WebSite\",\"@id\":\"https:\/\/patrimoine.lamayenne.fr\/sainte-suzanne\/#website\",\"url\":\"https:\/\/patrimoine.lamayenne.fr\/sainte-suzanne\/\",\"name\":\"Sainte-Suzanne\",\"description\":\"\",\"publisher\":{\"@id\":\"https:\/\/patrimoine.lamayenne.fr\/sainte-suzanne\/#organization\"},\"potentialAction\":[{\"@type\":\"SearchAction\",\"target\":{\"@type\":\"EntryPoint\",\"urlTemplate\":\"https:\/\/patrimoine.lamayenne.fr\/sainte-suzanne\/?s={search_term_string}\"},\"query-input\":{\"@type\":\"PropertyValueSpecification\",\"valueRequired\":true,\"valueName\":\"search_term_string\"}}],\"inLanguage\":\"fr-FR\"},{\"@type\":\"Organization\",\"@id\":\"https:\/\/patrimoine.lamayenne.fr\/sainte-suzanne\/#organization\",\"name\":\"Sainte-Suzanne\",\"url\":\"https:\/\/patrimoine.lamayenne.fr\/sainte-suzanne\/\",\"logo\":{\"@type\":\"ImageObject\",\"inLanguage\":\"fr-FR\",\"@id\":\"https:\/\/patrimoine.lamayenne.fr\/sainte-suzanne\/#\/schema\/logo\/image\/\",\"url\":\"https:\/\/patrimoine.lamayenne.fr\/sainte-suzanne\/wp-content\/uploads\/2022\/04\/SteSuz_logo.svg\",\"contentUrl\":\"https:\/\/patrimoine.lamayenne.fr\/sainte-suzanne\/wp-content\/uploads\/2022\/04\/SteSuz_logo.svg\",\"width\":1,\"height\":1,\"caption\":\"Sainte-Suzanne\"},\"image\":{\"@id\":\"https:\/\/patrimoine.lamayenne.fr\/sainte-suzanne\/#\/schema\/logo\/image\/\"},\"sameAs\":[\"https:\/\/www.facebook.com\/departement.lamayenne\",\"https:\/\/x.com\/lamayenne\",\"https:\/\/www.instagram.com\/la.mayenne\/\",\"https:\/\/www.youtube.com\/user\/LaMayenneTV\"]}]}<\/script>\n<!-- \/ Yoast SEO plugin. -->","yoast_head_json":{"title":"\u00a0Peins ton bouclier : initiation \u00e0 l'art du blason - Sainte-Suzanne","robots":{"index":"index","follow":"follow","max-snippet":"max-snippet:-1","max-image-preview":"max-image-preview:large","max-video-preview":"max-video-preview:-1"},"canonical":"https:\/\/patrimoine.lamayenne.fr\/sainte-suzanne\/evenements\/peins-ton-bouclier-initiation-a-lart-du-blason\/","twitter_card":"summary_large_image","twitter_title":"\u00a0Peins ton bouclier : initiation \u00e0 l'art du blason - Sainte-Suzanne","twitter_description":"Le chevalier, personnage embl\u00e9matique du Moyen \u00c2ge, d\u00e9fend le ch\u00e2teau. V\u00eatu de son armure, il est difficile de le reconna\u00eetre. Mais c&rsquo;est sans compter sur son bouclier qui arbore les armoiries de sa famille. Une fois form\u00e9 \u00e0 l&rsquo;art du blason, les enfants cr\u00e9eront leurs armoiries en les peignant sur leur bouclier afin de montrer [&hellip;]","twitter_image":"https:\/\/patrimoine.lamayenne.fr\/sainte-suzanne\/wp-content\/uploads\/2026\/01\/Comme_un_chevalier-scaled.jpg","twitter_site":"@lamayenne","twitter_misc":{"Dur\u00e9e de lecture estim\u00e9e":"1 minute"},"schema":{"@context":"https:\/\/schema.org","@graph":[{"@type":"WebPage","@id":"https:\/\/patrimoine.lamayenne.fr\/sainte-suzanne\/evenements\/peins-ton-bouclier-initiation-a-lart-du-blason\/","url":"https:\/\/patrimoine.lamayenne.fr\/sainte-suzanne\/evenements\/peins-ton-bouclier-initiation-a-lart-du-blason\/","name":"\u00a0Peins ton bouclier : initiation \u00e0 l'art du blason - Sainte-Suzanne","isPartOf":{"@id":"https:\/\/patrimoine.lamayenne.fr\/sainte-suzanne\/#website"},"primaryImageOfPage":{"@id":"https:\/\/patrimoine.lamayenne.fr\/sainte-suzanne\/evenements\/peins-ton-bouclier-initiation-a-lart-du-blason\/#primaryimage"},"image":{"@id":"https:\/\/patrimoine.lamayenne.fr\/sainte-suzanne\/evenements\/peins-ton-bouclier-initiation-a-lart-du-blason\/#primaryimage"},"thumbnailUrl":"https:\/\/patrimoine.lamayenne.fr\/sainte-suzanne\/wp-content\/uploads\/2026\/01\/Comme_un_chevalier-scaled.jpg","datePublished":"2026-04-29T16:16:27+00:00","breadcrumb":{"@id":"https:\/\/patrimoine.lamayenne.fr\/sainte-suzanne\/evenements\/peins-ton-bouclier-initiation-a-lart-du-blason\/#breadcrumb"},"inLanguage":"fr-FR","potentialAction":[{"@type":"ReadAction","target":["https:\/\/patrimoine.lamayenne.fr\/sainte-suzanne\/evenements\/peins-ton-bouclier-initiation-a-lart-du-blason\/"]}]},{"@type":"ImageObject","inLanguage":"fr-FR","@id":"https:\/\/patrimoine.lamayenne.fr\/sainte-suzanne\/evenements\/peins-ton-bouclier-initiation-a-lart-du-blason\/#primaryimage","url":"https:\/\/patrimoine.lamayenne.fr\/sainte-suzanne\/wp-content\/uploads\/2026\/01\/Comme_un_chevalier-scaled.jpg","contentUrl":"https:\/\/patrimoine.lamayenne.fr\/sainte-suzanne\/wp-content\/uploads\/2026\/01\/Comme_un_chevalier-scaled.jpg","width":1631,"height":1640},{"@type":"BreadcrumbList","@id":"https:\/\/patrimoine.lamayenne.fr\/sainte-suzanne\/evenements\/peins-ton-bouclier-initiation-a-lart-du-blason\/#breadcrumb","itemListElement":[{"@type":"ListItem","position":1,"name":"Accueil","item":"https:\/\/patrimoine.lamayenne.fr\/sainte-suzanne\/"},{"@type":"ListItem","position":2,"name":"\u00a0Peins ton bouclier : initiation \u00e0 l&rsquo;art du blason"}]},{"@type":"WebSite","@id":"https:\/\/patrimoine.lamayenne.fr\/sainte-suzanne\/#website","url":"https:\/\/patrimoine.lamayenne.fr\/sainte-suzanne\/","name":"Sainte-Suzanne","description":"","publisher":{"@id":"https:\/\/patrimoine.lamayenne.fr\/sainte-suzanne\/#organization"},"potentialAction":[{"@type":"SearchAction","target":{"@type":"EntryPoint","urlTemplate":"https:\/\/patrimoine.lamayenne.fr\/sainte-suzanne\/?s={search_term_string}"},"query-input":{"@type":"PropertyValueSpecification","valueRequired":true,"valueName":"search_term_string"}}],"inLanguage":"fr-FR"},{"@type":"Organization","@id":"https:\/\/patrimoine.lamayenne.fr\/sainte-suzanne\/#organization","name":"Sainte-Suzanne","url":"https:\/\/patrimoine.lamayenne.fr\/sainte-suzanne\/","logo":{"@type":"ImageObject","inLanguage":"fr-FR","@id":"https:\/\/patrimoine.lamayenne.fr\/sainte-suzanne\/#\/schema\/logo\/image\/","url":"https:\/\/patrimoine.lamayenne.fr\/sainte-suzanne\/wp-content\/uploads\/2022\/04\/SteSuz_logo.svg","contentUrl":"https:\/\/patrimoine.lamayenne.fr\/sainte-suzanne\/wp-content\/uploads\/2022\/04\/SteSuz_logo.svg","width":1,"height":1,"caption":"Sainte-Suzanne"},"image":{"@id":"https:\/\/patrimoine.lamayenne.fr\/sainte-suzanne\/#\/schema\/logo\/image\/"},"sameAs":["https:\/\/www.facebook.com\/departement.lamayenne","https:\/\/x.com\/lamayenne","https:\/\/www.instagram.com\/la.mayenne\/","https:\/\/www.youtube.com\/user\/LaMayenneTV"]}]}},"_links":{"self":[{"href":"https:\/\/patrimoine.lamayenne.fr\/sainte-suzanne\/wp-json\/wp\/v2\/evenements\/5433","targetHints":{"allow":["GET"]}}],"collection":[{"href":"https:\/\/patrimoine.lamayenne.fr\/sainte-suzanne\/wp-json\/wp\/v2\/evenements"}],"about":[{"href":"https:\/\/patrimoine.lamayenne.fr\/sainte-suzanne\/wp-json\/wp\/v2\/types\/evenements"}],"version-history":[{"count":1,"href":"https:\/\/patrimoine.lamayenne.fr\/sainte-suzanne\/wp-json\/wp\/v2\/evenements\/5433\/revisions"}],"predecessor-version":[{"id":5434,"href":"https:\/\/patrimoine.lamayenne.fr\/sainte-suzanne\/wp-json\/wp\/v2\/evenements\/5433\/revisions\/5434"}],"wp:featuredmedia":[{"embeddable":true,"href":"https:\/\/patrimoine.lamayenne.fr\/sainte-suzanne\/wp-json\/wp\/v2\/media\/4923"}],"wp:attachment":[{"href":"https:\/\/patrimoine.lamayenne.fr\/sainte-suzanne\/wp-json\/wp\/v2\/media?parent=5433"}],"wp:term":[{"taxonomy":"evt_type","embeddable":true,"href":"https:\/\/patrimoine.lamayenne.fr\/sainte-suzanne\/wp-json\/wp\/v2\/evt_type?post=5433"}],"curies":[{"name":"wp","href":"https:\/\/api.w.org\/{rel}","templated":true}]}}

Peins ton bouclier : initiation à l&rsquo;art du blason

<p>Le chevalier, personnage emblématique du Moyen Âge, défend le château. Vêtu de son armure, il est difficile de le reconnaître. Mais c&rsquo;est sans compter sur son bouclier qui arbore les armoiries de sa famille. Une fois formé à l&rsquo;art du blason, les enfants créeront leurs armoiries en les peignant sur leur bouclier afin de montrer qu’ils font officiellement partie de la fine fleur de la chevalerie.</p>



<p></p>



<p></p>



<p></p>

Peins ton bouclier : initiation à l'art du blason

Atelier à partir de 6 ans

Gratuit
Places limitées
Réservation sur place
Renseignements au 02 43 58 13 00

<!-- This site is optimized with the Yoast SEO plugin v25.8 - https://yoast.com/wordpress/plugins/seo/ -->
<title> Peins ton bouclier : initiation à l&#039;art du blason - Sainte-Suzanne</title>
<meta name="robots" content="index, follow, max-snippet:-1, max-image-preview:large, max-video-preview:-1" />
<link rel="canonical" href="https://patrimoine.lamayenne.fr/sainte-suzanne/evenements/peins-ton-bouclier-initiation-a-lart-du-blason/" />
<meta name="twitter:card" content="summary_large_image" />
<meta name="twitter:title" content=" Peins ton bouclier : initiation à l&#039;art du blason - Sainte-Suzanne" />
<meta name="twitter:description" content="Le chevalier, personnage emblématique du Moyen Âge, défend le château. Vêtu de son armure, il est difficile de le reconnaître. Mais c&rsquo;est sans compter sur son bouclier qui arbore les armoiries de sa famille. Une fois formé à l&rsquo;art du blason, les enfants créeront leurs armoiries en les peignant sur leur bouclier afin de montrer [&hellip;]" />
<meta name="twitter:image" content="https://patrimoine.lamayenne.fr/sainte-suzanne/wp-content/uploads/2026/01/Comme_un_chevalier-scaled.jpg" />
<meta name="twitter:site" content="@lamayenne" />
<meta name="twitter:label1" content="Durée de lecture estimée" />
	<meta name="twitter:data1" content="1 minute" />
<script type="application/ld+json" class="yoast-schema-graph">{"@context":"https://schema.org","@graph":[{"@type":"WebPage","@id":"https://patrimoine.lamayenne.fr/sainte-suzanne/evenements/peins-ton-bouclier-initiation-a-lart-du-blason/","url":"https://patrimoine.lamayenne.fr/sainte-suzanne/evenements/peins-ton-bouclier-initiation-a-lart-du-blason/","name":" Peins ton bouclier : initiation à l'art du blason - Sainte-Suzanne","isPartOf":{"@id":"https://patrimoine.lamayenne.fr/sainte-suzanne/#website"},"primaryImageOfPage":{"@id":"https://patrimoine.lamayenne.fr/sainte-suzanne/evenements/peins-ton-bouclier-initiation-a-lart-du-blason/#primaryimage"},"image":{"@id":"https://patrimoine.lamayenne.fr/sainte-suzanne/evenements/peins-ton-bouclier-initiation-a-lart-du-blason/#primaryimage"},"thumbnailUrl":"https://patrimoine.lamayenne.fr/sainte-suzanne/wp-content/uploads/2026/01/Comme_un_chevalier-scaled.jpg","datePublished":"2026-04-29T16:16:27+00:00","breadcrumb":{"@id":"https://patrimoine.lamayenne.fr/sainte-suzanne/evenements/peins-ton-bouclier-initiation-a-lart-du-blason/#breadcrumb"},"inLanguage":"fr-FR","potentialAction":[{"@type":"ReadAction","target":["https://patrimoine.lamayenne.fr/sainte-suzanne/evenements/peins-ton-bouclier-initiation-a-lart-du-blason/"]}]},{"@type":"ImageObject","inLanguage":"fr-FR","@id":"https://patrimoine.lamayenne.fr/sainte-suzanne/evenements/peins-ton-bouclier-initiation-a-lart-du-blason/#primaryimage","url":"https://patrimoine.lamayenne.fr/sainte-suzanne/wp-content/uploads/2026/01/Comme_un_chevalier-scaled.jpg","contentUrl":"https://patrimoine.lamayenne.fr/sainte-suzanne/wp-content/uploads/2026/01/Comme_un_chevalier-scaled.jpg","width":1631,"height":1640},{"@type":"BreadcrumbList","@id":"https://patrimoine.lamayenne.fr/sainte-suzanne/evenements/peins-ton-bouclier-initiation-a-lart-du-blason/#breadcrumb","itemListElement":[{"@type":"ListItem","position":1,"name":"Accueil","item":"https://patrimoine.lamayenne.fr/sainte-suzanne/"},{"@type":"ListItem","position":2,"name":" Peins ton bouclier : initiation à l&rsquo;art du blason"}]},{"@type":"WebSite","@id":"https://patrimoine.lamayenne.fr/sainte-suzanne/#website","url":"https://patrimoine.lamayenne.fr/sainte-suzanne/","name":"Sainte-Suzanne","description":"","publisher":{"@id":"https://patrimoine.lamayenne.fr/sainte-suzanne/#organization"},"potentialAction":[{"@type":"SearchAction","target":{"@type":"EntryPoint","urlTemplate":"https://patrimoine.lamayenne.fr/sainte-suzanne/?s={search_term_string}"},"query-input":{"@type":"PropertyValueSpecification","valueRequired":true,"valueName":"search_term_string"}}],"inLanguage":"fr-FR"},{"@type":"Organization","@id":"https://patrimoine.lamayenne.fr/sainte-suzanne/#organization","name":"Sainte-Suzanne","url":"https://patrimoine.lamayenne.fr/sainte-suzanne/","logo":{"@type":"ImageObject","inLanguage":"fr-FR","@id":"https://patrimoine.lamayenne.fr/sainte-suzanne/#/schema/logo/image/","url":"https://patrimoine.lamayenne.fr/sainte-suzanne/wp-content/uploads/2022/04/SteSuz_logo.svg","contentUrl":"https://patrimoine.lamayenne.fr/sainte-suzanne/wp-content/uploads/2022/04/SteSuz_logo.svg","width":1,"height":1,"caption":"Sainte-Suzanne"},"image":{"@id":"https://patrimoine.lamayenne.fr/sainte-suzanne/#/schema/logo/image/"},"sameAs":["https://www.facebook.com/departement.lamayenne","https://x.com/lamayenne","https://www.instagram.com/la.mayenne/","https://www.youtube.com/user/LaMayenneTV"]}]}</script>
<!-- / Yoast SEO plugin. -->

Peins ton bouclier : initiation à l'art du blason - Sainte-Suzanne

Le chevalier, personnage emblématique du Moyen Âge, défend le château. Vêtu de son armure, il est difficile de le reconnaître. Mais c&rsquo;est sans compter sur son bouclier qui arbore les armoiries de sa famille. Une fois formé à l&rsquo;art du blason, les enfants créeront leurs armoiries en les peignant sur leur bouclier afin de montrer [&hellip;]
